{"id":345,"date":"2026-03-18T05:38:46","date_gmt":"2026-03-18T05:38:46","guid":{"rendered":"https:\/\/soydeaqui.ddns.net\/pachuca\/index.php\/producto\/apagador-inteligente-wifi-2-4-2-canales-para-apagador-doble-10a-por-canal-compatible-con-asistentes-de-voz\/"},"modified":"2026-03-18T05:38:46","modified_gmt":"2026-03-18T05:38:46","slug":"apagador-inteligente-wifi-2-4-2-canales-para-apagador-doble-10a-por-canal-compatible-con-asistentes-de-voz","status":"publish","type":"product","link":"https:\/\/soydeaqui.ddns.net\/pachuca\/index.php\/producto\/apagador-inteligente-wifi-2-4-2-canales-para-apagador-doble-10a-por-canal-compatible-con-asistentes-de-voz\/","title":{"rendered":"Apagador inteligente Wifi 2.4 \/ 2 canales  Para apagador doble \/ 10A por canal \/ Compatible con asistentes de voz"},"content":{"rendered":"<div style='width: 100%; max-width: 1200px; margin: 0 auto; font-family: sans-serif; line-height: 1.6; color: inherit; background-color: transparent;'>\n<div style='display: flex; flex-direction: column; gap: 20px;'>\n<p style='text-align: justify; margin: 0;'>Controle y monitoree remotamente dos circuitos el\u00e9ctricos diferentes&comma; persianas enrollables&comma; estores y otros motores bidireccionales desde cualquier lugar. Incluye monitorizaci\u00f3n de energ\u00eda.<\/p>\n<p style='text-align: justify; margin: 0;'>Un dispositivo&comma; diferentes posibilidades:<\/p>\n<ul style='padding-left: 20px; margin: 0;'>\n<li style='margin-bottom: 5px; text-align: justify;'>Interruptor inteligente de 2 canales.<\/li>\n<li style='margin-bottom: 5px; text-align: justify;'>Automatice sus luces y realice un seguimiento de su consumo de energ\u00eda en tiempo real.<\/li>\n<li style='margin-bottom: 5px; text-align: justify;'>Control de cubierta (rodillo).<\/li>\n<li style='margin-bottom: 5px; text-align: justify;'>Automatice y controle la posici\u00f3n de persianas&comma; cortinas&comma; persianas&comma; toldos&comma; portones&comma; cubiertas de piscinas y otros motores de CA bidireccionales.<\/li>\n<\/ul><\/div>\n<div style='display: flex; flex-wrap: wrap; gap: 30px; margin-top: 30px;'>\n<div style='flex: 1 1 300px; min-width: 280px;'>\n<div style='border-left: 5px solid #0091ff; border-radius: 5px; padding: 10px; box-shadow: 2px 2px 10px rgba(216&comma;216&comma;216&comma;0.4);'>\n<h3 style='font-size: 18px; margin-top: 0; margin-bottom: 15px; color: inherit; font-weight: bold; opacity: 0.8;'>Caracter\u00edsticas:<\/h3>\n<ul style='padding-left: 20px; margin: 0; font-size: 14px; color: inherit;'>\n<li style='margin-bottom: 8px;'>2 canales en la misma fase<\/li>\n<li style='margin-bottom: 8px;'>10 A (por canal)&comma; 16 A (total)&comma; 18 A (pico m\u00e1ximo)<\/li>\n<li style='margin-bottom: 8px;'>Medici\u00f3n de consumo en cada canal<\/li>\n<li style='margin-bottom: 8px;'>Control de cubierta (persiana) &#8211; automatiza y ajusta la posici\u00f3n de persianas enrollables&comma; cortinas&comma; puertas corredizas&comma; y otros motores bidireccionales<\/li>\n<li style='margin-bottom: 8px;'>Secuencias de comandos&comma; programaciones y webhooks<\/li>\n<li style='margin-bottom: 8px;'>Dise\u00f1ado para encajar en la mayor\u00eda de cajas y interruptores el\u00e9ctricos est\u00e1ndar<\/li>\n<li style='margin-bottom: 8px;'>Control sencillo a trav\u00e9s de la aplicaci\u00f3n Shelly&comma; diversos protocolos y plataformas&comma; as\u00ed como asistentes de voz<\/li>\n<\/ul><\/div>\n<\/p><\/div>\n<div style='flex: 1 1 300px; min-width: 280px;'>\n<div style='border-left: 5px solid #0091ff; border-radius: 5px; padding: 10px; box-shadow: 2px 2px 10px rgba(216&comma;216&comma;216&comma;0.4);'>\n<h3 style='font-size: 18px; margin-top: 0; margin-bottom: 15px; color: inherit; font-weight: bold; opacity: 0.8;'>Caracter\u00edsticas F\u00edsicas y El\u00e9ctricas:<\/h3>\n<ul style='padding-left: 20px; margin: 0; font-size: 14px; color: inherit;'>\n<li style='margin-bottom: 8px;'>Fuente de alimentaci\u00f3n: 110 &#8211; 240 VCA \/ 24 VCC \u00b110%<\/li>\n<li style='margin-bottom: 8px;'>Consumo de energ\u00eda: < 1.4 W<\/li>\n<li style='margin-bottom: 8px;'>Dimensiones: 37x42x16 \u00b10.5 mm \/ 1.46&#215;1.65&#215;0.63 \u00b10.02 pulgadas<\/li>\n<li style='margin-bottom: 8px;'>Montaje: En la pared<\/li>\n<li style='margin-bottom: 8px;'>Material de la carcasa: Pl\u00e1stico<\/li>\n<li style='margin-bottom: 8px;'>Temperatura de operaci\u00f3n: -20 \u00b0C a 40 \u00b0C \/ -5 \u00b0F a 105 \u00b0F<\/li>\n<li style='margin-bottom: 8px;'>Humedad: 30 % a 70 % HR<\/li>\n<li style='margin-bottom: 8px;'>Conectividad de configuraci\u00f3n y control Wifi 2.4GHz<\/li>\n<li style='margin-bottom: 8px;'>Bluetooth 4.2 (solo para agregar&comma; no para control)<\/li>\n<li style='margin-bottom: 8px;'>Usuarios simult\u00e1neos: 20<\/li>\n<li style='margin-bottom: 8px;'>Usuarios compartidos: a 100 cuentas<\/li>\n<\/ul><\/div>\n<\/p><\/div>\n<div style='flex: 1 1 300px; min-width: 280px;'>\n<div style='border-left: 5px solid #0091ff; border-radius: 5px; padding: 10px; box-shadow: 2px 2px 10px rgba(216&comma;216&comma;216&comma;0.4);'>\n<h3 style='font-size: 18px; margin-top: 0; margin-bottom: 15px; color: inherit; font-weight: bold; opacity: 0.8;'>Especificaciones:<\/h3>\n<h4 style='font-size: 16px; margin-top: 0; margin-bottom: 10px; color: inherit; font-weight: bold; opacity: 0.8;'>SENSORES&comma; MEDIDORES<\/h4>\n<ul style='padding-left: 20px; margin: 0; font-size: 14px; color: inherit;'>\n<li style='margin-bottom: 8px;'>Sensor de temperatura: S\u00ed<\/li>\n<li style='margin-bottom: 8px;'>Volt\u00edmetro (CA): S\u00ed<\/li>\n<li style='margin-bottom: 8px;'>Amper\u00edmetro (CA): S\u00ed<\/li>\n<\/ul>\n<h4 style='font-size: 16px; margin-top: 15px; margin-bottom: 10px; color: inherit; font-weight: bold; opacity: 0.8;'>RADIO<\/h4>\n<ul style='padding-left: 20px; margin: 0; font-size: 14px; color: inherit;'>\n<li style='margin-bottom: 8px;'>Banda de RF: 2400 &#8211; 2495 MHz<\/li>\n<li style='margin-bottom: 8px;'>Potencia m\u00e1xima de RF: <20 dBm<\/li>\n<li style='margin-bottom: 8px;'>Alcance de Wi-Fi: Hasta 30 m en interiores y 50 m en exteriores (Depende de las condiciones locales)<\/li>\n<li style='margin-bottom: 8px;'>Alcance de Bluetooth: Hasta 10 m en interiores y 30 m en exteriores (Depende de las condiciones locales)<\/li>\n<\/ul>\n<h4 style='font-size: 16px; margin-top: 15px; margin-bottom: 10px; color: inherit; font-weight: bold; opacity: 0.8;'>CAPACIDADES DEL FIRMWARE<\/h4>\n<ul style='padding-left: 20px; margin: 0; font-size: 14px; color: inherit;'>\n<li style='margin-bottom: 8px;'>Programaciones: 20<\/li>\n<li style='margin-bottom: 8px;'>Webhooks (acciones de URL): 20 con 5 URL por acci\u00f3n<\/li>\n<li style='margin-bottom: 8px;'>Secuencias de comandos: mJS<\/li>\n<li style='margin-bottom: 8px;'>MQTT: S\u00ed<\/li>\n<li style='margin-bottom: 8px;'>CoAP: No<\/li>\n<\/ul>\n<div style='margin-top: 15px; font-size: 14px;'> <a href='https:\/\/kb.shelly.cloud\/knowledge-base\/shelly-plus-2pm' style='color: inherit; text-decoration: none; font-weight: bold;'>M\u00e1s informaci\u00f3n t\u00e9cnica<\/a> <\/div>\n<div style='margin-top: 10px; font-size: 14px;'> <a href='https:\/\/soporte.syscom.mx\/es\/articles\/9390004-shelly-control-de-aire-evaporativo-de-agua' style='color: inherit; text-decoration: none; font-weight: bold;'>Ejemplo Control de Aire Evaporativo de Agua<\/a> <\/div>\n<\/p><\/div>\n<\/p><\/div>\n<\/p><\/div>\n<div style='margin-top: 30px; display: flex; flex-wrap: wrap; gap: 15px; justify-content: center;'> <img style='width: 100%; height: auto; max-width: 600px; border: 1px solid rgba(150&comma;150&comma;150&comma;0.3); border-radius: 8px;' src='https:\/\/ftp3.syscom.mx\/usuarios\/mbarrio\/shelly\/shellyplus2pm4im.JPG' alt=''> <img style='width: 100%; height: auto; max-width: 600px; border: 1px solid rgba(150&comma;150&comma;150&comma;0.3); border-radius: 8px;' src='https:\/\/ftp3.syscom.mx\/usuarios\/mbarrio\/shelly\/shellyplus2pm1im.JPG' alt=''> <img style='width: 100%; height: auto; max-width: 600px; border: 1px solid rgba(150&comma;150&comma;150&comma;0.3); border-radius: 8px;' src='https:\/\/ftp3.syscom.mx\/usuarios\/mbarrio\/shelly\/shellyplus2pm2im.JPG' alt=''> <\/div>\n<hr style='border: 0; border-top: 1px solid rgba(150&comma; 150&comma; 150&comma; 0.3); margin: 30px 0;'> <\/div>\n","protected":false},"excerpt":{"rendered":"<p>Apagador inteligente Wifi 2.4 \/ 2 canales  Para apagador doble \/ 10A por canal \/ Compatible con asistentes de voz<\/p>\n","protected":false},"featured_media":344,"comment_status":"open","ping_status":"closed","template":"","meta":[],"product_brand":[],"product_cat":[56],"product_tag":[30,57,58],"class_list":{"0":"post-345","1":"product","2":"type-product","3":"status-publish","4":"has-post-thumbnail","6":"product_cat-control-de-iluminacion","7":"product_tag-automatizacion-casa-inteligente","8":"product_tag-control-de-iluminacion","9":"product_tag-shelly","11":"first","12":"instock","13":"sale","14":"shipping-taxable","15":"purchasable","16":"product-type-simple"},"_links":{"self":[{"href":"https:\/\/soydeaqui.ddns.net\/pachuca\/index.php\/wp-json\/wp\/v2\/product\/345","targetHints":{"allow":["GET"]}}],"collection":[{"href":"https:\/\/soydeaqui.ddns.net\/pachuca\/index.php\/wp-json\/wp\/v2\/product"}],"about":[{"href":"https:\/\/soydeaqui.ddns.net\/pachuca\/index.php\/wp-json\/wp\/v2\/types\/product"}],"replies":[{"embeddable":true,"href":"https:\/\/soydeaqui.ddns.net\/pachuca\/index.php\/wp-json\/wp\/v2\/comments?post=345"}],"wp:featuredmedia":[{"embeddable":true,"href":"https:\/\/soydeaqui.ddns.net\/pachuca\/index.php\/wp-json\/wp\/v2\/media\/344"}],"wp:attachment":[{"href":"https:\/\/soydeaqui.ddns.net\/pachuca\/index.php\/wp-json\/wp\/v2\/media?parent=345"}],"wp:term":[{"taxonomy":"product_brand","embeddable":true,"href":"https:\/\/soydeaqui.ddns.net\/pachuca\/index.php\/wp-json\/wp\/v2\/product_brand?post=345"},{"taxonomy":"product_cat","embeddable":true,"href":"https:\/\/soydeaqui.ddns.net\/pachuca\/index.php\/wp-json\/wp\/v2\/product_cat?post=345"},{"taxonomy":"product_tag","embeddable":true,"href":"https:\/\/soydeaqui.ddns.net\/pachuca\/index.php\/wp-json\/wp\/v2\/product_tag?post=345"}],"curies":[{"name":"wp","href":"https:\/\/api.w.org\/{rel}","templated":true}]}}