{"id":3443,"date":"2026-03-18T06:08:11","date_gmt":"2026-03-18T06:08:11","guid":{"rendered":"https:\/\/soydeaqui.ddns.net\/pachuca\/index.php\/producto\/monitor-ip-de-temperatura-de-34-zonas-para-condiciones-criticas-y-extremas-soporta-4-cableadas-y-30-inalambricas\/"},"modified":"2026-03-18T06:08:16","modified_gmt":"2026-03-18T06:08:16","slug":"monitor-ip-de-temperatura-de-34-zonas-para-condiciones-criticas-y-extremas-soporta-4-cableadas-y-30-inalambricas","status":"publish","type":"product","link":"https:\/\/soydeaqui.ddns.net\/pachuca\/index.php\/producto\/monitor-ip-de-temperatura-de-34-zonas-para-condiciones-criticas-y-extremas-soporta-4-cableadas-y-30-inalambricas\/","title":{"rendered":"Monitor IP de temperatura de 34 zonas para condiciones cr\u00edticas y extremas, soporta 4 cableadas y 30 inal\u00e1mbricas."},"content":{"rendered":"<div style='width: 100%; max-width: 1200px; margin: 0 auto; font-family: sans-serif; line-height: 1.6; color: inherit; background-color: transparent;'>\n<div style='display: flex; flex-wrap: wrap; gap: 30px; margin-bottom: 30px;'>\n<div style='flex: 1 1 300px; min-width: 280px;'>\n<h3 style='font-size: 22px; border-bottom: 2px solid currentColor; padding-bottom: 5px; margin-top: 0; color: inherit; opacity: 0.8;'>Descripci\u00f3n<\/h3>\n<p style='font-size: 15px; color: inherit; margin-top: 0; margin-bottom: 15px;'>EnviroAlert Professional\u00ae Gateway (&#8216;EAPro\u00ae-Gateway&#8217;)&comma; una consola de supervisi\u00f3n local&comma; forma parte de la soluci\u00f3n de supervisi\u00f3n de entornos cr\u00edticos de Winland. Cuando se integra en un sistema de seguridad o se utiliza como soluci\u00f3n independiente&comma; EAPro\u00ae-Gateway proporciona supervisi\u00f3n y alerta en tiempo real de hasta 34 zonas que afectan a activos dependientes del entorno&comma; como la temperatura&comma; la humedad&comma; el agua y los gases.<\/p>\n<p style='font-size: 15px; color: inherit; margin-top: 0; margin-bottom: 15px;'>Como parte de la soluci\u00f3n basada en la nube&comma; el EAPro\u00ae-Gateway y todos los sensores cableados e inal\u00e1mbricos asociados pueden gestionarse de forma remota desde INSIGHT. El EAPro\u00ae-Gateway requiere una suscripci\u00f3n de pago a INSIGHT si desea recibir alertas por correo electr\u00f3nico\/mensaje de texto&comma; informes y la posibilidad de configurarlo en l\u00ednea.<\/p>\n<p style='font-size: 15px; color: inherit; margin-top: 0; margin-bottom: 15px;'>El EAPro\u00ae-Gateway puede utilizarse con o sin INSIGHT e integrarse en un panel de alarma a trav\u00e9s de las salidas de rel\u00e9 de cada zona que se est\u00e9 supervisando.<\/p>\n<\/p><\/div>\n<\/p><\/div>\n<div style='display: flex; flex-wrap: wrap; gap: 30px; margin-bottom: 30px;'>\n<div style='flex: 1 1 300px; min-width: 280px;'>\n<h3 style='font-size: 22px; border-bottom: 2px solid currentColor; padding-bottom: 5px; margin-top: 0; color: inherit; opacity: 0.8;'>Caracter\u00edsticas<\/h3>\n<ul style='padding-left: 20px; font-size: 15px; color: inherit; list-style-type: disc;'>\n<li style='margin-bottom: 5px;'>Supervisa hasta 34 sensores (30 inal\u00e1mbricos y 4 cableados)<\/li>\n<li style='margin-bottom: 5px;'>Opciones de aplicaci\u00f3n flexibles mediante el uso de sensores cableados e inal\u00e1mbricos<\/li>\n<li style='margin-bottom: 5px;'>Visibilidad remota y gesti\u00f3n de dispositivos a trav\u00e9s de la aplicaci\u00f3n basada en web INSIGHT<\/li>\n<li style='margin-bottom: 5px;'>Las capacidades de monitorizaci\u00f3n incluyen: temperatura&comma; humedad&comma; agua&comma; gases y presi\u00f3n<\/li>\n<li style='margin-bottom: 5px;'>La consola admite sensores de 4-20 mA y 0-5 V para opciones de aplicaci\u00f3n adicionales<\/li>\n<li style='margin-bottom: 5px;'>4 rel\u00e9s programables&comma; con un rel\u00e9 auxiliar opcional<\/li>\n<\/ul><\/div>\n<\/p><\/div>\n<div style='display: flex; flex-wrap: wrap; gap: 20px; margin-bottom: 30px;'>\n<div style='flex: 1 1 250px; border: 1px solid rgba(150&comma; 150&comma; 150&comma; 0.4); border-radius: 8px; overflow: hidden; display: flex; flex-direction: column;'>\n<div style='padding: 15px; border-bottom: 1px solid rgba(150&comma; 150&comma; 150&comma; 0.2); font-weight: bold; font-size: 18px; color: inherit;'>Especificaciones<\/div>\n<div style='padding: 15px; color: inherit;'>\n<ul style='padding-left: 20px; margin: 0; font-size: 14px; list-style-type: disc;'>\n<li style='margin-bottom: 5px;'><strong>Alimentaci\u00f3n:<\/strong> 12~24V CC @ 1A<\/li>\n<li style='margin-bottom: 5px;'><strong>Rango de ajuste de l\u00edmite bajo\/alto:<\/strong> -100\u00b0C a 150\u00b0C (-148\u00b0F a 302\u00b0F)<\/li>\n<li style='margin-bottom: 5px;'><strong>Salidas de alarma:<\/strong> 5 &#8211; Rel\u00e9s de forma C (configurables)<\/li>\n<li style='margin-bottom: 5px;'><strong>Rel\u00e9:<\/strong> 4 x 30V @ 1amp y 1 x 30V @ 3amp<\/li>\n<li style='margin-bottom: 5px;'><strong>Frecuencia RF:<\/strong> 2&comma;405 GHz &#8211; 2&comma;480 GHz&comma; 16 canales<\/li>\n<li style='margin-bottom: 5px;'><strong>Frecuencia de actualizaci\u00f3n de datos (local):<\/strong> 30 segundos&comma; 1&comma; 5&comma; 15&comma; 30&comma; 60&comma; 120 minutos (por defecto 5 minutos)<\/li>\n<li style='margin-bottom: 5px;'><strong>Visualizaci\u00f3n de datos en tiempo real (Internet):<\/strong> 5&comma; 15&comma; 30&comma; 60&comma; 120 minutos<\/li>\n<li style='margin-bottom: 5px;'><strong>Almacenamiento de actualizaci\u00f3n de datos (local):<\/strong> 10&comma;000 puntos de datos&comma; 1 minuto = 1 semana&comma; 120 minutos = 2 a\u00f1os<\/li>\n<li style='margin-bottom: 5px;'><strong>Rango de temperatura de funcionamiento:<\/strong> 32\u00b0 a 122\u00b0F (0\u00b0 a 50\u00b0C) S\u00f3lo uso en interiores<\/li>\n<li style='margin-bottom: 5px;'><strong>Ethernet:<\/strong> 10\/100BASE-TX\/FX; totalmente compatible con la norma IEEE802-3u<\/li>\n<li style='margin-bottom: 5px;'><strong>Inal\u00e1mbrico:<\/strong> 2&comma;4 GHz (sujeto a cambios)<\/li>\n<li style='margin-bottom: 5px;'><strong>Distancia de transmisi\u00f3n:<\/strong> 10.000 pies al aire libre<\/li>\n<\/ul><\/div>\n<\/p><\/div>\n<\/p><\/div>\n<hr style='border: 0; border-top: 1px solid rgba(150&comma; 150&comma; 150&comma; 0.3); margin: 30px 0;'> <\/div>\n","protected":false},"excerpt":{"rendered":"<p>Monitor IP de temperatura de 34 zonas para condiciones cr\u00edticas y extremas, soporta 4 cableadas y 30 inal\u00e1mbricas.<\/p>\n","protected":false},"featured_media":3442,"comment_status":"open","ping_status":"closed","template":"","meta":[],"product_brand":[],"product_cat":[32],"product_tag":[19,33,431],"class_list":{"0":"post-3443","1":"product","2":"type-product","3":"status-publish","4":"has-post-thumbnail","6":"product_cat-temperatura","7":"product_tag-detectores-sensores","8":"product_tag-temperatura","9":"product_tag-winland-electronics","11":"first","12":"instock","13":"sale","14":"shipping-taxable","15":"purchasable","16":"product-type-simple"},"_links":{"self":[{"href":"https:\/\/soydeaqui.ddns.net\/pachuca\/index.php\/wp-json\/wp\/v2\/product\/3443","targetHints":{"allow":["GET"]}}],"collection":[{"href":"https:\/\/soydeaqui.ddns.net\/pachuca\/index.php\/wp-json\/wp\/v2\/product"}],"about":[{"href":"https:\/\/soydeaqui.ddns.net\/pachuca\/index.php\/wp-json\/wp\/v2\/types\/product"}],"replies":[{"embeddable":true,"href":"https:\/\/soydeaqui.ddns.net\/pachuca\/index.php\/wp-json\/wp\/v2\/comments?post=3443"}],"wp:featuredmedia":[{"embeddable":true,"href":"https:\/\/soydeaqui.ddns.net\/pachuca\/index.php\/wp-json\/wp\/v2\/media\/3442"}],"wp:attachment":[{"href":"https:\/\/soydeaqui.ddns.net\/pachuca\/index.php\/wp-json\/wp\/v2\/media?parent=3443"}],"wp:term":[{"taxonomy":"product_brand","embeddable":true,"href":"https:\/\/soydeaqui.ddns.net\/pachuca\/index.php\/wp-json\/wp\/v2\/product_brand?post=3443"},{"taxonomy":"product_cat","embeddable":true,"href":"https:\/\/soydeaqui.ddns.net\/pachuca\/index.php\/wp-json\/wp\/v2\/product_cat?post=3443"},{"taxonomy":"product_tag","embeddable":true,"href":"https:\/\/soydeaqui.ddns.net\/pachuca\/index.php\/wp-json\/wp\/v2\/product_tag?post=3443"}],"curies":[{"name":"wp","href":"https:\/\/api.w.org\/{rel}","templated":true}]}}