{"id":34404,"date":"2026-03-18T15:20:47","date_gmt":"2026-03-18T15:20:47","guid":{"rendered":"https:\/\/soydeaqui.ddns.net\/pachuca\/index.php\/producto\/sistema-de-audio-evacuacion-por-voz-100-watts-hasta-6-canales-distribuidos-0100-03672\/"},"modified":"2026-03-18T15:20:48","modified_gmt":"2026-03-18T15:20:48","slug":"sistema-de-audio-evacuacion-por-voz-100-watts-hasta-6-canales-distribuidos-0100-03672","status":"publish","type":"product","link":"https:\/\/soydeaqui.ddns.net\/pachuca\/index.php\/producto\/sistema-de-audio-evacuacion-por-voz-100-watts-hasta-6-canales-distribuidos-0100-03672\/","title":{"rendered":"Sistema de Audio Evacuaci\u00f3n por Voz, 100 Watts, Hasta 6 Canales Distribuidos (0100-03672)"},"content":{"rendered":"<div style='width: 100%; max-width: 1200px; margin: 0 auto; font-family: sans-serif; line-height: 1.6; color: inherit; background-color: transparent;'>\n<div style='display: flex; flex-wrap: wrap; gap: 30px; margin-bottom: 30px;'>\n<div style='flex: 1 1 300px; min-width: 280px;'>\n<h3 style='font-size: 22px; border-bottom: 2px solid currentColor; padding-bottom: 5px; margin-top: 0; color: inherit; opacity: 0.8;'>Caracter\u00edsticas Principales<\/h3>\n<ul style='padding-left: 20px; font-size: 15px; color: inherit;'>\n<li style='margin-bottom: 5px;'>Aprobado UL 864&comma; 9na Edici\u00f3n<\/li>\n<li style='margin-bottom: 5px;'>Sistema multiplexado de hasta 6 canales distribuidos<\/li>\n<li style='margin-bottom: 5px;'>Salida de voltaje configurable a 25 \u00f3 70 Vrms<\/li>\n<li style='margin-bottom: 5px;'>Tel\u00e9fono para Bomberos<\/li>\n<li style='margin-bottom: 5px;'>Control de micr\u00f3fono para cualquier zona<\/li>\n<li style='margin-bottom: 5px;'>Completamente supervisado<\/li>\n<li style='margin-bottom: 5px;'>Capacidad de mensaje de hasta 4 minutos<\/li>\n<li style='margin-bottom: 5px;'>Compatible con paneles FireNET<\/li>\n<li style='margin-bottom: 5px;'>Alarma y se\u00f1ales de alerta integrados<\/li>\n<li style='margin-bottom: 5px;'>Dimensiones: 36.9 x 68.9 x 10.2 cm<\/li>\n<\/ul><\/div>\n<div style='flex: 1 1 300px; min-width: 280px;'>\n<h3 style='font-size: 22px; border-bottom: 2px solid currentColor; padding-bottom: 5px; margin-top: 0; color: inherit; opacity: 0.8;'>Especificaciones El\u00e9ctricas<\/h3>\n<ul style='padding-left: 20px; font-size: 15px; color: inherit;'>\n<li style='margin-bottom: 5px;'><strong>Tensi\u00f3n de entrada:<\/strong> 120VAC @ 60Hz \/ 220VAC @ 60Hz<\/li>\n<li style='margin-bottom: 5px;'><strong>Corriente de entrada:<\/strong> 1 Amp @ 120VAC (FNV-100)<\/li>\n<li style='margin-bottom: 5px;'><strong>Corriente de carga de bater\u00eda:<\/strong> 800 mA<\/li>\n<li style='margin-bottom: 5px;'><strong>Tama\u00f1o de bater\u00eda:<\/strong> M\u00ednimo: 24VDC @ 7AH \/ M\u00e1ximo: 24VDC @ 24AH<\/li>\n<li style='margin-bottom: 5px;'><strong>Tipo de bater\u00eda:<\/strong> Dos bater\u00edas de Gel Cell 12VDC en serie<\/li>\n<li style='margin-bottom: 5px;'><strong>Potencia de salida:<\/strong> 100 Watts<\/li>\n<li style='margin-bottom: 5px;'><strong>Tensi\u00f3n de salida:<\/strong> 25 \/ 70 Vrms seleccionable<\/li>\n<li style='margin-bottom: 5px;'><strong>Respuesta de frecuencia:<\/strong> 400 ~ 4000 Hz<\/li>\n<li style='margin-bottom: 5px;'><strong>Corriente de entrada (bater\u00eda):<\/strong> 0.16 Amps \/ 1.1 Amps<\/li>\n<\/ul><\/div>\n<div style='flex: 1 1 300px; min-width: 280px;'>\n<h3 style='font-size: 22px; border-bottom: 2px solid currentColor; padding-bottom: 5px; margin-top: 0; color: inherit; opacity: 0.8;'>Caracter\u00edsticas de Operaci\u00f3n<\/h3>\n<ul style='padding-left: 20px; font-size: 15px; color: inherit;'>\n<li style='margin-bottom: 5px;'>Sistema modular &#8211; componentes agregados seg\u00fan necesidad<\/li>\n<li style='margin-bottom: 5px;'>Repetidor de mensajes digitales integrado de 2 canales<\/li>\n<li style='margin-bottom: 5px;'>Protocolo de comunicaci\u00f3n RS-485 r\u00e1pido<\/li>\n<li style='margin-bottom: 5px;'>F\u00e1cil instalaci\u00f3n y operaci\u00f3n<\/li>\n<li style='margin-bottom: 5px;'>Grabaciones de voz natural<\/li>\n<li style='margin-bottom: 5px;'>Reinicio autom\u00e1tico de mensajes tras 3 minutos<\/li>\n<li style='margin-bottom: 5px;'>Hasta 256 paneles distribuidos (FNV-DP100)<\/li>\n<li style='margin-bottom: 5px;'>Funciona con paneles de alarma de incendios de 12VDC o 24VDC<\/li>\n<li style='margin-bottom: 5px;'>Listado UL para integraci\u00f3n con FireNET 2127\/4127<\/li>\n<\/ul><\/div>\n<\/p><\/div>\n<div style='display: flex; flex-wrap: wrap; gap: 20px; margin-bottom: 30px;'>\n<div style='flex: 1 1 300px; border: 1px solid rgba(150&comma; 150&comma; 150&comma; 0.4); border-radius: 8px; overflow: hidden; display: flex; flex-direction: column;'>\n<div style='padding: 15px; border-bottom: 1px solid rgba(150&comma; 150&comma; 150&comma; 0.2); font-weight: bold; font-size: 18px; color: inherit;'>Conexiones<\/div>\n<div style='padding: 15px; color: inherit;'>\n<ul style='padding-left: 20px; margin: 0; font-size: 14px; list-style-type: disc;'>\n<li style='margin-bottom: 5px;'>Circuito de tel\u00e9fono de bomberos<\/li>\n<li style='margin-bottom: 5px;'>Circuito de altavoces de evacuaci\u00f3n de voz<\/li>\n<li style='margin-bottom: 5px;'>Comunicaci\u00f3n NetComm Loop: Par trenzado sin blindar&comma; un par 18\/2 o mayor&comma; par trenzado sin blindar (UTP) FPL&comma; FPLR&comma; FPLP en tubo<\/li>\n<li style='margin-bottom: 5px;'>Circuito local de amplificadores de audio<\/li>\n<\/ul><\/div>\n<\/p><\/div>\n<div style='flex: 1 1 300px; border: 1px solid rgba(150&comma; 150&comma; 150&comma; 0.4); border-radius: 8px; overflow: hidden; display: flex; flex-direction: column;'>\n<div style='padding: 15px; border-bottom: 1px solid rgba(150&comma; 150&comma; 150&comma; 0.2); font-weight: bold; font-size: 18px; color: inherit;'>Aplicaciones<\/div>\n<div style='padding: 15px; color: inherit;'>\n<ul style='padding-left: 20px; margin: 0; font-size: 14px; list-style-type: disc;'>\n<li style='margin-bottom: 5px;'>Evacuaci\u00f3n de edificios altos<\/li>\n<li style='margin-bottom: 5px;'>Control de humo y presurizaci\u00f3n de escaleras<\/li>\n<li style='margin-bottom: 5px;'>Corte de HVAC<\/li>\n<li style='margin-bottom: 5px;'>Sistemas de comunicaci\u00f3n de emergencia<\/li>\n<li style='margin-bottom: 5px;'>Estaciones de rescate para personas con movilidad reducida<\/li>\n<\/ul><\/div>\n<\/p><\/div>\n<div style='flex: 1 1 300px; border: 1px solid rgba(150&comma; 150&comma; 150&comma; 0.4); border-radius: 8px; overflow: hidden; display: flex; flex-direction: column;'>\n<div style='padding: 15px; border-bottom: 1px solid rgba(150&comma; 150&comma; 150&comma; 0.2); font-weight: bold; font-size: 18px; color: inherit;'>Compatibilidad<\/div>\n<div style='padding: 15px; color: inherit;'>\n<ul style='padding-left: 20px; margin: 0; font-size: 14px; list-style-type: disc;'>\n<li style='margin-bottom: 5px;'>Con paneles FireNET<\/li>\n<li style='margin-bottom: 5px;'>Con paneles de alarma de incendios de 12VDC o 24VDC<\/li>\n<li style='margin-bottom: 5px;'>Con estaciones de rescate y tel\u00e9fonos de bomberos<\/li>\n<\/ul><\/div>\n<\/p><\/div>\n<\/p><\/div>\n<div style='display: flex; flex-wrap: wrap; gap: 20px; margin-bottom: 30px;'>\n<div style='flex: 1 1 300px; border: 1px solid rgba(150&comma; 150&comma; 150&comma; 0.4); border-radius: 8px; overflow: hidden; display: flex; flex-direction: column;'>\n<div style='padding: 15px; border-bottom: 1px solid rgba(150&comma; 150&comma; 150&comma; 0.2); font-weight: bold; font-size: 18px; color: inherit;'>Dimensiones y Peso<\/div>\n<div style='padding: 15px; color: inherit;'>\n<ul style='padding-left: 20px; margin: 0; font-size: 14px; list-style-type: disc;'>\n<li style='margin-bottom: 5px;'><strong>Dimensiones:<\/strong> 36.9 x 68.9 x 10.2 cm<\/li>\n<li style='margin-bottom: 5px;'><strong>Color:<\/strong> Rojo \/ Gris carb\u00f3n<\/li>\n<\/ul><\/div>\n<\/p><\/div>\n<div style='flex: 1 1 300px; border: 1px solid rgba(150&comma; 150&comma; 150&comma; 0.4); border-radius: 8px; overflow: hidden; display: flex; flex-direction: column;'>\n<div style='padding: 15px; border-bottom: 1px solid rgba(150&comma; 150&comma; 150&comma; 0.2); font-weight: bold; font-size: 18px; color: inherit;'>Certificaciones<\/div>\n<div style='padding: 15px; color: inherit;'>\n<ul style='padding-left: 20px; margin: 0; font-size: 14px; list-style-type: disc;'>\n<li style='margin-bottom: 5px;'>UL 864&comma; 9na Edici\u00f3n<\/li>\n<li style='margin-bottom: 5px;'>Listado UL para integraci\u00f3n con FireNET 2127\/4127<\/li>\n<li style='margin-bottom: 5px;'>California State Fire Marshal 6911-0410:175<\/li>\n<li style='margin-bottom: 5px;'>Certificaci\u00f3n S5694<\/li>\n<\/ul><\/div>\n<\/p><\/div>\n<\/p><\/div>\n<div style='display: flex; flex-wrap: wrap; gap: 20px; margin-bottom: 30px;'>\n<div style='flex: 1 1 300px; border: 1px solid rgba(150&comma; 150&comma; 150&comma; 0.4); border-radius: 8px; overflow: hidden; display: flex; flex-direction: column;'>\n<div style='padding: 15px; border-bottom: 1px solid rgba(150&comma; 150&comma; 150&comma; 0.2); font-weight: bold; font-size: 18px; color: inherit;'>Funcionalidades de Emergencia<\/div>\n<div style='padding: 15px; color: inherit;'>\n<ul style='padding-left: 20px; margin: 0; font-size: 14px; list-style-type: disc;'>\n<li style='margin-bottom: 5px;'>Permite a las autoridades de bomberos tomar el control de la evacuaci\u00f3n<\/li>\n<li style='margin-bottom: 5px;'>Permite a la gesti\u00f3n del edificio y brigadas de incendios monitorear y controlar la respuesta<\/li>\n<li style='margin-bottom: 5px;'>Capacidad para 6 canales de audio simult\u00e1neos<\/li>\n<li style='margin-bottom: 5px;'>Mensajes autom\u00e1ticos de evacuaci\u00f3n&comma; permanencia en lugar u otras direcciones p\u00fablicas<\/li>\n<li style='margin-bottom: 5px;'>Funci\u00f3n de reinicio autom\u00e1tico de mensajes tras 3 minutos<\/li>\n<\/ul><\/div>\n<\/p><\/div>\n<\/p><\/div>\n<hr style='border: 0; border-top: 1px solid rgba(150&comma; 150&comma; 150&comma; 0.3); margin: 30px 0;'> <\/div>\n","protected":false},"excerpt":{"rendered":"<p>Sistema de Audio Evacuaci\u00f3n por Voz, 100 Watts, Hasta 6 Canales Distribuidos (0100-03672)<\/p>\n","protected":false},"featured_media":34403,"comment_status":"open","ping_status":"closed","template":"","meta":[],"product_brand":[],"product_cat":[448],"product_tag":[449,406,225],"class_list":{"0":"post-34404","1":"product","2":"type-product","3":"status-publish","4":"has-post-thumbnail","6":"product_cat-todo-accesorios-y-dispositivos-direccionables","7":"product_tag-accesorios-y-dispositivos-direccionables","8":"product_tag-hochiki","9":"product_tag-todo","11":"first","12":"outofstock","13":"sale","14":"shipping-taxable","15":"purchasable","16":"product-type-simple"},"_links":{"self":[{"href":"https:\/\/soydeaqui.ddns.net\/pachuca\/index.php\/wp-json\/wp\/v2\/product\/34404","targetHints":{"allow":["GET"]}}],"collection":[{"href":"https:\/\/soydeaqui.ddns.net\/pachuca\/index.php\/wp-json\/wp\/v2\/product"}],"about":[{"href":"https:\/\/soydeaqui.ddns.net\/pachuca\/index.php\/wp-json\/wp\/v2\/types\/product"}],"replies":[{"embeddable":true,"href":"https:\/\/soydeaqui.ddns.net\/pachuca\/index.php\/wp-json\/wp\/v2\/comments?post=34404"}],"wp:featuredmedia":[{"embeddable":true,"href":"https:\/\/soydeaqui.ddns.net\/pachuca\/index.php\/wp-json\/wp\/v2\/media\/34403"}],"wp:attachment":[{"href":"https:\/\/soydeaqui.ddns.net\/pachuca\/index.php\/wp-json\/wp\/v2\/media?parent=34404"}],"wp:term":[{"taxonomy":"product_brand","embeddable":true,"href":"https:\/\/soydeaqui.ddns.net\/pachuca\/index.php\/wp-json\/wp\/v2\/product_brand?post=34404"},{"taxonomy":"product_cat","embeddable":true,"href":"https:\/\/soydeaqui.ddns.net\/pachuca\/index.php\/wp-json\/wp\/v2\/product_cat?post=34404"},{"taxonomy":"product_tag","embeddable":true,"href":"https:\/\/soydeaqui.ddns.net\/pachuca\/index.php\/wp-json\/wp\/v2\/product_tag?post=34404"}],"curies":[{"name":"wp","href":"https:\/\/api.w.org\/{rel}","templated":true}]}}