{"id":343,"date":"2026-03-18T05:38:45","date_gmt":"2026-03-18T05:38:45","guid":{"rendered":"https:\/\/soydeaqui.ddns.net\/pachuca\/index.php\/producto\/valvula-inteligente-dn20-3-4-conexion-wifi-2-4-para-control-de-agua-dc-5v-ip67\/"},"modified":"2026-03-18T05:38:45","modified_gmt":"2026-03-18T05:38:45","slug":"valvula-inteligente-dn20-3-4-conexion-wifi-2-4-para-control-de-agua-dc-5v-ip67","status":"publish","type":"product","link":"https:\/\/soydeaqui.ddns.net\/pachuca\/index.php\/producto\/valvula-inteligente-dn20-3-4-conexion-wifi-2-4-para-control-de-agua-dc-5v-ip67\/","title":{"rendered":"V\u00e1lvula inteligente DN20 (3\/4\u00b4\u00b4) conexi\u00f3n  Wifi 2.4 para control de agua \/ DC 5V \/ IP67"},"content":{"rendered":"<div style='width: 100%; max-width: 1200px; margin: 0 auto; font-family: sans-serif; line-height: 1.6; color: inherit; background-color: transparent;'>\n<p style='text-align: justify; font-size: 15px; color: inherit;'>V\u00e1lvula de agua inteligente&comma; con tecnolog\u00eda Shelly&comma; que ofrece un control preciso del suministro de agua de su hogar&comma; sistema de riego o instalaci\u00f3n de piscina. Disfrute de automatizaciones basadas en la temperatura ambiente o del agua&comma; y de todas las funciones de los dispositivos Shelly.<\/p>\n<p style='text-align: justify; font-size: 15px; color: inherit;'>Control inteligente y preciso del suministro de agua.<\/p>\n<p style='text-align: justify; font-size: 15px; color: inherit;'>\u00a1Controla tu consumo de agua! Esta v\u00e1lvula inteligente con tecnolog\u00eda Shelly te permite controlar el caudal en casa&comma; en tu jard\u00edn o en entornos industriales. Incorpora un sensor de temperatura que permite automatizaciones inteligentes seg\u00fan el entorno. Automatiza el riego&comma; previene fugas y optimiza el consumo de agua&comma; todo con acceso remoto y control preciso.<\/p>\n<div style='display: flex; flex-wrap: wrap; gap: 30px; margin-bottom: 30px;'>\n<div style='flex: 1 1 300px; min-width: 280px;'>\n<h3 style='font-size: 22px; border-bottom: 2px solid currentColor; padding-bottom: 5px; margin-top: 0; color: inherit; opacity: 0.8;'>Caracter\u00edsticas<\/h3>\n<ul style='padding-left: 20px; font-size: 15px; color: inherit;'>\n<li style='margin-bottom: 5px;'>V\u00e1lvula certificada para agua potable (NSF)<\/li>\n<li style='margin-bottom: 5px;'>Diferentes tama\u00f1os disponibles: DN15&comma; DN20 3\/4 de pulgada (disponible en SYSCOM) y DN25<\/li>\n<li style='margin-bottom: 5px;'>Admite el sensor de temperatura DS18B20 para automatizaci\u00f3n seg\u00fan la temperatura ambiente o del agua<\/li>\n<li style='margin-bottom: 5px;'>Reserva de energ\u00eda para realizar la apertura\/cierre en caso de p\u00e9rdida de energ\u00eda<\/li>\n<\/ul><\/div>\n<div style='flex: 1 1 300px; min-width: 280px;'>\n<h3 style='font-size: 22px; border-bottom: 2px solid currentColor; padding-bottom: 5px; margin-top: 0; color: inherit; opacity: 0.8;'>Caracter\u00edsticas F\u00edsicas y El\u00e9ctricas<\/h3>\n<ul style='padding-left: 20px; font-size: 15px; color: inherit;'>\n<li style='margin-bottom: 5px;'>Control preciso de apertura de v\u00e1lvula 0-100%<\/li>\n<li style='margin-bottom: 5px;'>Alimentado por un USB tipo A est\u00e1ndar de 2 A<\/li>\n<li style='margin-bottom: 5px;'>\u00a1No requiere concentrador!<\/li>\n<li style='margin-bottom: 5px;'>Conectividad Wi-Fi 2.4 y Bluetooth<\/li>\n<li style='margin-bottom: 5px;'>IP67<\/li>\n<\/ul><\/div>\n<div style='flex: 1 1 300px; min-width: 280px;'>\n<h3 style='font-size: 22px; border-bottom: 2px solid currentColor; padding-bottom: 5px; margin-top: 0; color: inherit; opacity: 0.8;'>Especificaciones<\/h3>\n<ul style='padding-left: 20px; font-size: 15px; color: inherit;'>\n<li style='margin-bottom: 5px;'>Extensor de rango Wi-Fi y puerta de enlace BLE<\/li>\n<li style='margin-bottom: 5px;'>Equipado con un chip Shelly&comma; que ofrece capacidades Shelly completas<\/li>\n<li style='margin-bottom: 5px;'>\u00a1Alta compatibilidad! Control sencillo mediante la app Shelly Smart Control&comma; la mayor\u00eda de las plataformas de automatizaci\u00f3n y protocolos abiertos documentados. Pr\u00f3ximamente compatible con Alexa y Google Home.<\/li>\n<\/ul><\/div>\n<\/p><\/div>\n<hr style='border: 0; border-top: 1px solid rgba(150&comma; 150&comma; 150&comma; 0.3); margin: 30px 0;'>\n<div style='width: 100%; text-align: center; margin: 30px 0;'> <img style='width: 100%; height: auto; border: 1px solid rgba(150&comma;150&comma;150&comma;0.3); border-radius: 8px;' src='https:\/\/ftp3.syscom.mx\/usuarios\/mbarrio\/shelly\/shellyplus2pm2im.JPG' alt=''> <\/div>\n<\/p><\/div>\n","protected":false},"excerpt":{"rendered":"<p>V\u00e1lvula inteligente DN20 (3\/4\u00b4\u00b4) conexi\u00f3n  Wifi 2.4 para control de agua \/ DC 5V \/ IP67<\/p>\n","protected":false},"featured_media":342,"comment_status":"open","ping_status":"closed","template":"","meta":[],"product_brand":[],"product_cat":[148],"product_tag":[30,149,58],"class_list":{"0":"post-343","1":"product","2":"type-product","3":"status-publish","4":"has-post-thumbnail","6":"product_cat-sensores-y-relevadores","7":"product_tag-automatizacion-casa-inteligente","8":"product_tag-sensores-y-relevadores","9":"product_tag-shelly","11":"first","12":"instock","13":"sale","14":"shipping-taxable","15":"purchasable","16":"product-type-simple"},"_links":{"self":[{"href":"https:\/\/soydeaqui.ddns.net\/pachuca\/index.php\/wp-json\/wp\/v2\/product\/343","targetHints":{"allow":["GET"]}}],"collection":[{"href":"https:\/\/soydeaqui.ddns.net\/pachuca\/index.php\/wp-json\/wp\/v2\/product"}],"about":[{"href":"https:\/\/soydeaqui.ddns.net\/pachuca\/index.php\/wp-json\/wp\/v2\/types\/product"}],"replies":[{"embeddable":true,"href":"https:\/\/soydeaqui.ddns.net\/pachuca\/index.php\/wp-json\/wp\/v2\/comments?post=343"}],"wp:featuredmedia":[{"embeddable":true,"href":"https:\/\/soydeaqui.ddns.net\/pachuca\/index.php\/wp-json\/wp\/v2\/media\/342"}],"wp:attachment":[{"href":"https:\/\/soydeaqui.ddns.net\/pachuca\/index.php\/wp-json\/wp\/v2\/media?parent=343"}],"wp:term":[{"taxonomy":"product_brand","embeddable":true,"href":"https:\/\/soydeaqui.ddns.net\/pachuca\/index.php\/wp-json\/wp\/v2\/product_brand?post=343"},{"taxonomy":"product_cat","embeddable":true,"href":"https:\/\/soydeaqui.ddns.net\/pachuca\/index.php\/wp-json\/wp\/v2\/product_cat?post=343"},{"taxonomy":"product_tag","embeddable":true,"href":"https:\/\/soydeaqui.ddns.net\/pachuca\/index.php\/wp-json\/wp\/v2\/product_tag?post=343"}],"curies":[{"name":"wp","href":"https:\/\/api.w.org\/{rel}","templated":true}]}}