{"id":34294,"date":"2026-03-18T15:18:19","date_gmt":"2026-03-18T15:18:19","guid":{"rendered":"https:\/\/soydeaqui.ddns.net\/pachuca\/index.php\/producto\/boton-multiproposito-texto-salida-de-emergencia-llave-para-restablecer-bocina-integrada-de-alarma-tapa-de-policarbonato-2-relevadores-forma-c-interior\/"},"modified":"2026-03-18T15:18:24","modified_gmt":"2026-03-18T15:18:24","slug":"boton-multiproposito-texto-salida-de-emergencia-llave-para-restablecer-bocina-integrada-de-alarma-tapa-de-policarbonato-2-relevadores-forma-c-interior","status":"publish","type":"product","link":"https:\/\/soydeaqui.ddns.net\/pachuca\/index.php\/producto\/boton-multiproposito-texto-salida-de-emergencia-llave-para-restablecer-bocina-integrada-de-alarma-tapa-de-policarbonato-2-relevadores-forma-c-interior\/","title":{"rendered":"Bot\u00f3n Multiprop\u00f3sito, Texto Salida De Emergencia, Llave para Restablecer, Bocina Integrada De Alarma, Tapa De Policarbonato, 2 Relevadores forma C, Interior"},"content":{"rendered":"<div style='width: 100%; max-width: 1200px; margin: 0 auto; font-family: sans-serif; line-height: 1.6; color: inherit; background-color: transparent;'>\n<div style='display: flex; flex-direction: column; align-items: center; text-align: center; margin-bottom: 30px;'>\n<h1 style='margin: 0; font-size: 24px; color: #34495e; font-family: arial&comma; helvetica&comma; sans-serif; opacity: 0.9;'>Botones Multiprop\u00f3sito con Relevadores<\/h1>\n<h1 style='margin: 0; font-size: 24px; color: #34495e; font-family: arial&comma; helvetica&comma; sans-serif; opacity: 0.9;'>Serie Stopper\u00ae Station<\/h1>\n<\/p><\/div>\n<div style='margin-bottom: 30px; font-size: 15px; color: inherit;'>\n<p>Estos interruptores de bot\u00f3n pulsador multiusos son <strong>ADA compatibles<\/strong> y cubren una amplia gama de aplicaciones. Se llaman <strong>Stopper Stations o estaciones de parada<\/strong>. Incorporan un exclusivo dise\u00f1o patentado que ayuda dram\u00e1ticamente a evitar la activaci\u00f3n accidental. Un n\u00famero de modelos est\u00e1ndar est\u00e1n disponibles o podemos crear unidades personalizadas para satisfacer sus necesidades. Usted tiene la elecci\u00f3n de cualquiera de los cinco colores universales del exterior&comma; varios estilos de bot\u00f3n&comma; as\u00ed como textos e idiomas est\u00e1ndar o personalizados.<\/p>\n<\/p><\/div>\n<div style='margin-bottom: 30px; font-size: 15px; color: inherit;'>\n<p>Debido a su dise\u00f1o patentado superior&comma; combinado con la calidad de construcci\u00f3n integral&comma; usted puede esperar un rendimiento excepcional para los a\u00f1os venideros. De hecho&comma; muchos clientes de STI se sorprenden al encontrar que toda esta calidad est\u00e1 disponible sin aumento de precio. Adem\u00e1s&comma; los clientes aprecian la opci\u00f3n para proteger los interruptores con las tapas protectoras de STI que llevan tres a\u00f1os de garant\u00eda contra la rotura en condiciones normales de uso&comma; un a\u00f1o en componentes electromec\u00e1nicos y electr\u00f3nicos. Para aplicaciones de interior&comma; usted podr\u00e1 pedir su Stopper Station con una tapa de pre-alarma para ayudar a evitar la activaci\u00f3n accidental o maliciosa.<\/p>\n<\/p><\/div>\n<div style='margin-bottom: 30px;'>\n<h3 style='font-size: 22px; border-bottom: 2px solid currentColor; padding-bottom: 5px; margin-top: 0; margin-bottom: 15px; color: inherit; opacity: 0.8;'>Caracter\u00edsticas Generales Serie Stopper Station<\/h3>\n<ul style='padding-left: 20px; font-size: 15px; color: inherit;'>\n<li style='margin-bottom: 5px;'>Ayudan a prevenir activaciones accidentales gracias a su dise\u00f1o curvo y tapa protectora de policarbonato.<\/li>\n<li style='margin-bottom: 5px;'><strong>Listados UL\/cUL&comma; Cumplimiento ADA&comma; CE<\/strong>.<\/li>\n<li style='margin-bottom: 5px;'>Botones multiprop\u00f3sito con relevadores <strong>NO\/NC tipo C<\/strong> para activaciones.<\/li>\n<li style='margin-bottom: 5px;'>Disponibles en seis diferentes colores&comma; textos personalizables y cualquier idioma.<\/li>\n<li style='margin-bottom: 5px;'>Iluminaci\u00f3n con LED opcional para indicar la activaci\u00f3n.<\/li>\n<li style='margin-bottom: 5px;'>Diferentes modos de restablecimiento como: Moment\u00e1neo&comma; Girar para Restablecer&comma; Llave para Restablecer.<\/li>\n<li style='margin-bottom: 5px;'>Con o sin cubierta de policarbonato.<\/li>\n<li style='margin-bottom: 5px;'>Tres a\u00f1os de garant\u00eda contra rotura del policarbonato en uso normal. Un a\u00f1o en los componentes electr\u00f3nicos y electromec\u00e1nicos.<\/li>\n<li style='margin-bottom: 5px;'>Carcasa de policarbonato super resistente.<\/li>\n<li style='margin-bottom: 5px;'>Placa posterior de acero inoxidable.<\/li>\n<li style='margin-bottom: 5px;'>Propiedades de trabajo t\u00edpicas del policarbonato son de -40 a 121\u00baC.<\/li>\n<li style='margin-bottom: 5px;'>El policarbonato cumple con las normas de la <strong>FDA<\/strong> para aplicaciones en contacto con alimentos.<\/li>\n<\/ul><\/div>\n<div style='margin-bottom: 30px;'>\n<h3 style='font-size: 22px; border-bottom: 2px solid currentColor; padding-bottom: 5px; margin-top: 0; margin-bottom: 15px; color: inherit; opacity: 0.8;'>Caracter\u00edsticas del Bot\u00f3n<\/h3>\n<ul style='padding-left: 20px; font-size: 15px; color: inherit;'>\n<li style='margin-bottom: 5px;'><strong>Serie:<\/strong> SS2xy2<\/li>\n<li style='margin-bottom: 5px;'><strong>Color:<\/strong> Blanco<\/li>\n<li style='margin-bottom: 5px;'><strong>Frase de texto:<\/strong> SALIDA DE EMERGENCIA<\/li>\n<li style='margin-bottom: 5px;'><strong>Cubierta protectora:<\/strong> De policarbonato para interior<\/li>\n<li style='margin-bottom: 5px;'><strong>Bocina de advertencia integrada:<\/strong> S\u00ed<\/li>\n<li style='margin-bottom: 5px;'><strong>Funcionamiento de bot\u00f3n:<\/strong> Llave para restablecer<\/li>\n<li style='margin-bottom: 5px;'><strong>Idioma:<\/strong> Espa\u00f1ol<\/li>\n<li style='margin-bottom: 5px;'><strong>Activaci\u00f3n del bot\u00f3n:<\/strong> Pulsar para activar y girar para restablecer<\/li>\n<li style='margin-bottom: 5px;'><strong>LED:<\/strong> Se ilumina en verde&comma; rojo o blanco<\/li>\n<li style='margin-bottom: 5px;'><strong>Etiqueta:<\/strong> De EMERGENCIA elevada<\/li>\n<li style='margin-bottom: 5px;'><strong>Contactos:<\/strong> Dos (2) contactos forma &#8216;C&#8217; clasificados 10 amperios a 125\/250 VCA&comma; 1\/2 HP 30 VCC&comma; 6A<\/li>\n<li style='margin-bottom: 5px;'><strong>Incluye:<\/strong> Cubierta protectora con bocina<\/li>\n<li style='margin-bottom: 5px;'><strong>Conformidad:<\/strong> Listado UL\/cUL&comma; compatible con ADA<\/li>\n<\/ul><\/div>\n<div style='margin-bottom: 30px;'> <img style='width: 100%; height: auto; border: 1px solid rgba(150&comma;150&comma;150&comma;0.3); border-radius: 8px;' src='https:\/\/www.sti-usa.com\/wp-content\/uploads\/SS23A2EX-ES.png?ts=202402211632' alt='SS23A2EX-ES'> <\/div>\n<div style='margin-bottom: 30px;'>\n<div style='position: relative; padding-bottom: 56.25%; height: 0; overflow: hidden; margin-bottom: 30px;'>   <\/div>\n<\/p><\/div>\n<div style='margin-bottom: 30px;'>\n<div style='position: relative; padding-bottom: 56.25%; height: 0; overflow: hidden; margin-bottom: 30px;'>   <\/div>\n<\/p><\/div>\n<div style='margin-bottom: 30px;'>\n<div style='position: relative; padding-bottom: 56.25%; height: 0; overflow: hidden; margin-bottom: 30px;'>   <\/div>\n<\/p><\/div>\n<hr style='border: 0; border-top: 1px solid rgba(150&comma; 150&comma; 150&comma; 0.3); margin: 30px 0;'> <\/div>\n","protected":false},"excerpt":{"rendered":"<p>Bot\u00f3n Multiprop\u00f3sito, Texto Salida De Emergencia, Llave para Restablecer, Bocina Integrada De Alarma, Tapa De Policarbonato, 2 Relevadores forma C, Interior<\/p>\n","protected":false},"featured_media":34293,"comment_status":"open","ping_status":"closed","template":"","meta":[],"product_brand":[],"product_cat":[524],"product_tag":[93,522,169],"class_list":{"0":"post-34294","1":"product","2":"type-product","3":"status-publish","4":"has-post-thumbnail","6":"product_cat-accesorios-dispositivos-convencionales","7":"product_tag-accesorios","8":"product_tag-dispositivos-convencionales","9":"product_tag-sti","11":"first","12":"instock","13":"sale","14":"shipping-taxable","15":"purchasable","16":"product-type-simple"},"_links":{"self":[{"href":"https:\/\/soydeaqui.ddns.net\/pachuca\/index.php\/wp-json\/wp\/v2\/product\/34294","targetHints":{"allow":["GET"]}}],"collection":[{"href":"https:\/\/soydeaqui.ddns.net\/pachuca\/index.php\/wp-json\/wp\/v2\/product"}],"about":[{"href":"https:\/\/soydeaqui.ddns.net\/pachuca\/index.php\/wp-json\/wp\/v2\/types\/product"}],"replies":[{"embeddable":true,"href":"https:\/\/soydeaqui.ddns.net\/pachuca\/index.php\/wp-json\/wp\/v2\/comments?post=34294"}],"wp:featuredmedia":[{"embeddable":true,"href":"https:\/\/soydeaqui.ddns.net\/pachuca\/index.php\/wp-json\/wp\/v2\/media\/34293"}],"wp:attachment":[{"href":"https:\/\/soydeaqui.ddns.net\/pachuca\/index.php\/wp-json\/wp\/v2\/media?parent=34294"}],"wp:term":[{"taxonomy":"product_brand","embeddable":true,"href":"https:\/\/soydeaqui.ddns.net\/pachuca\/index.php\/wp-json\/wp\/v2\/product_brand?post=34294"},{"taxonomy":"product_cat","embeddable":true,"href":"https:\/\/soydeaqui.ddns.net\/pachuca\/index.php\/wp-json\/wp\/v2\/product_cat?post=34294"},{"taxonomy":"product_tag","embeddable":true,"href":"https:\/\/soydeaqui.ddns.net\/pachuca\/index.php\/wp-json\/wp\/v2\/product_tag?post=34294"}],"curies":[{"name":"wp","href":"https:\/\/api.w.org\/{rel}","templated":true}]}}