{"id":33935,"date":"2026-03-18T15:10:18","date_gmt":"2026-03-18T15:10:18","guid":{"rendered":"https:\/\/soydeaqui.ddns.net\/pachuca\/index.php\/producto\/bisel-para-sirenas-estrobos-y-sirenas-estrobos-de-montaje-en-pared-color-blanco-texto-en-espanol-paquete-con-5-piezas\/"},"modified":"2026-03-18T15:10:18","modified_gmt":"2026-03-18T15:10:18","slug":"bisel-para-sirenas-estrobos-y-sirenas-estrobos-de-montaje-en-pared-color-blanco-texto-en-espanol-paquete-con-5-piezas","status":"publish","type":"product","link":"https:\/\/soydeaqui.ddns.net\/pachuca\/index.php\/producto\/bisel-para-sirenas-estrobos-y-sirenas-estrobos-de-montaje-en-pared-color-blanco-texto-en-espanol-paquete-con-5-piezas\/","title":{"rendered":"Bisel para Sirenas, Estrobos y Sirenas-Estrobos de Montaje en pared \/ Color Blanco \/ Texto en Espa\u00f1ol \/ Paquete con 5 Piezas"},"content":{"rendered":"<div style='width: 100%; max-width: 1200px; margin: 0 auto; font-family: sans-serif; line-height: 1.6; color: inherit; background-color: transparent;'>\n<div style='display: flex; flex-wrap: wrap; gap: 30px; margin-bottom: 30px;'>\n<div style='flex: 1 1 300px; min-width: 280px;'>\n<h3 style='font-size: 22px; border-bottom: 2px solid currentColor; padding-bottom: 5px; margin-top: 0; color: inherit; opacity: 0.8;'>Nueva Serie L de Dispositivos de Notificaci\u00f3n para Interiores de System Sensor<\/h3>\n<p style='font-size: 15px; color: inherit; margin-bottom: 15px;'>La nueva Serie L de System Sensor de dispositivos de notificaci\u00f3n es una plataforma basada en Xen\u00f3n que sustituye a la l\u00ednea de productos SpectrAlert Advance ofreciendo un menor consumo de corriente&comma; un dise\u00f1o moderno y elegante y una huella m\u00e1s peque\u00f1a. La nueva l\u00ednea de la serie L incluye sirenas&comma; sirena\/estrobo&comma; campanas&comma; campanas\/estrobo&comma; estrobos&comma; bocinas y bocinas\/estrobo junto con una variedad de accesorios incluyendo lentes de colores. Las nuevas adiciones al portafolio incluyen sirenas compactas y luces estrobosc\u00f3picas&comma; luces estrobosc\u00f3picas de techo&comma; altavoz de 8 &#8216;con puente para plaf\u00f3n&comma; as\u00ed como kits de bisel para marcado alternativo.<\/p>\n<h3 style='font-size: 20px; margin-top: 25px; margin-bottom: 15px; color: inherit; opacity: 0.85;'>Soluciones mejoradas con la nueva plataforma competitiva<\/h3>\n<div style='display: flex; flex-wrap: wrap; gap: 20px; margin-bottom: 30px;'>\n<div style='flex: 1 1 300px; min-width: 280px;'>\n<h4 style='font-size: 18px; margin-top: 0; margin-bottom: 10px; color: inherit; opacity: 0.85;'>Menor costo de propiedad<\/h4>\n<ul style='padding-left: 20px; font-size: 15px; color: inherit; margin-bottom: 15px;'>\n<li style='margin-bottom: 5px;'>Hasta un 38% menos consumo de corriente en dispositivos estrobosc\u00f3picos que reducen la cantidad de fuentes de alimentaci\u00f3n por Sistema<\/li>\n<li style='margin-bottom: 5px;'>Opci\u00f3n disponible para utilizar cajas de bastidor simple versus las cajas de bastidor doble<\/li>\n<\/ul>\n<h4 style='font-size: 18px; margin-top: 20px; margin-bottom: 10px; color: inherit; opacity: 0.85;'>Personalice f\u00e1cilmente los dispositivos para sistemas de comunicaci\u00f3n de emergencia<\/h4>\n<ul style='padding-left: 20px; font-size: 15px; color: inherit; margin-bottom: 15px;'>\n<li style='margin-bottom: 5px;'>Lentes de colores y biseles de marcado modulares&comma; eliminando calcoman\u00edas dif\u00edciles de aplicar&comma; para una r\u00e1pida personalizaci\u00f3n en campo<\/li>\n<\/ul>\n<h4 style='font-size: 18px; margin-top: 20px; margin-bottom: 10px; color: inherit; opacity: 0.85;'>Agregue&comma; reemplace o actualice r\u00e1pidamente los sistemas existentes<\/h4>\n<ul style='padding-left: 20px; font-size: 15px; color: inherit; margin-bottom: 15px;'>\n<li style='margin-bottom: 5px;'>Los dispositivos son compatibles con versiones anteriores y pueden compartir el mismo circuito que los dispositivos de notificaci\u00f3n SpectrAlert y SpectrAlert Advance de System Sensor existentes<\/li>\n<li style='margin-bottom: 5px;'>Los dispositivos de tama\u00f1o est\u00e1ndar coinciden con la misma huella que SpectrAlert Advance<\/li>\n<\/ul>\n<h4 style='font-size: 18px; margin-top: 20px; margin-bottom: 10px; color: inherit; opacity: 0.85;'>Simplificaci\u00f3n al momento de ordenar<\/h4>\n<ul style='padding-left: 20px; font-size: 15px; color: inherit; margin-bottom: 15px;'>\n<li style='margin-bottom: 5px;'>Versi\u00f3n \u00fanica con amplia gama de oferta de candela&comma; que abarca est\u00e1ndar y alta candela<\/li>\n<\/ul><\/div>\n<\/p><\/div>\n<\/p><\/div>\n<\/p><\/div>\n<div style='display: flex; flex-wrap: wrap; gap: 20px; margin-bottom: 30px;'>\n<div style='flex: 1 1 250px; border: 1px solid rgba(150&comma; 150&comma; 150&comma; 0.4); border-radius: 8px; overflow: hidden; display: flex; flex-direction: column;'>\n<div style='padding: 15px; border-bottom: 1px solid rgba(150&comma; 150&comma; 150&comma; 0.2); font-weight: bold; font-size: 18px; color: inherit;'>Caracter\u00edsticas<\/div>\n<div style='padding: 15px; color: inherit;'>\n<ul style='padding-left: 20px; margin: 0; font-size: 14px; list-style-type: disc;'>\n<li style='margin-bottom: 5px;'><strong>Paquete:<\/strong> 5 piezas<\/li>\n<li style='margin-bottom: 5px;'><strong>Color:<\/strong> Blanco<\/li>\n<li style='margin-bottom: 5px;'><strong>Texto:<\/strong> FUEGO<\/li>\n<li style='margin-bottom: 5px;'><strong>Compatible con:<\/strong> HWL&comma; SWL y P2WL<\/li>\n<\/ul><\/div>\n<\/p><\/div>\n<\/p><\/div>\n<hr style='border: 0; border-top: 1px solid rgba(150&comma; 150&comma; 150&comma; 0.3); margin: 30px 0;'> <\/div>\n","protected":false},"excerpt":{"rendered":"<p>Bisel para Sirenas, Estrobos y Sirenas-Estrobos de Montaje en pared \/ Color Blanco \/ Texto en Espa\u00f1ol \/ Paquete con 5 Piezas<\/p>\n","protected":false},"featured_media":33934,"comment_status":"open","ping_status":"closed","template":"","meta":[],"product_brand":[],"product_cat":[1017],"product_tag":[93,996,468],"class_list":{"0":"post-33935","1":"product","2":"type-product","3":"status-publish","4":"has-post-thumbnail","6":"product_cat-accesorios-notificacion-y-voceo","7":"product_tag-accesorios","8":"product_tag-notificacion-y-voceo","9":"product_tag-system-sensor","11":"first","12":"outofstock","13":"sale","14":"shipping-taxable","15":"purchasable","16":"product-type-simple"},"_links":{"self":[{"href":"https:\/\/soydeaqui.ddns.net\/pachuca\/index.php\/wp-json\/wp\/v2\/product\/33935","targetHints":{"allow":["GET"]}}],"collection":[{"href":"https:\/\/soydeaqui.ddns.net\/pachuca\/index.php\/wp-json\/wp\/v2\/product"}],"about":[{"href":"https:\/\/soydeaqui.ddns.net\/pachuca\/index.php\/wp-json\/wp\/v2\/types\/product"}],"replies":[{"embeddable":true,"href":"https:\/\/soydeaqui.ddns.net\/pachuca\/index.php\/wp-json\/wp\/v2\/comments?post=33935"}],"wp:featuredmedia":[{"embeddable":true,"href":"https:\/\/soydeaqui.ddns.net\/pachuca\/index.php\/wp-json\/wp\/v2\/media\/33934"}],"wp:attachment":[{"href":"https:\/\/soydeaqui.ddns.net\/pachuca\/index.php\/wp-json\/wp\/v2\/media?parent=33935"}],"wp:term":[{"taxonomy":"product_brand","embeddable":true,"href":"https:\/\/soydeaqui.ddns.net\/pachuca\/index.php\/wp-json\/wp\/v2\/product_brand?post=33935"},{"taxonomy":"product_cat","embeddable":true,"href":"https:\/\/soydeaqui.ddns.net\/pachuca\/index.php\/wp-json\/wp\/v2\/product_cat?post=33935"},{"taxonomy":"product_tag","embeddable":true,"href":"https:\/\/soydeaqui.ddns.net\/pachuca\/index.php\/wp-json\/wp\/v2\/product_tag?post=33935"}],"curies":[{"name":"wp","href":"https:\/\/api.w.org\/{rel}","templated":true}]}}