{"id":33883,"date":"2026-03-18T15:09:06","date_gmt":"2026-03-18T15:09:06","guid":{"rendered":"https:\/\/soydeaqui.ddns.net\/pachuca\/index.php\/producto\/monitor-personal-multi-gas-con-sensor-pellistor-detecta-4-gases-o2-h2s-co-lel\/"},"modified":"2026-03-18T15:09:09","modified_gmt":"2026-03-18T15:09:09","slug":"monitor-personal-multi-gas-con-sensor-pellistor-detecta-4-gases-o2-h2s-co-lel","status":"publish","type":"product","link":"https:\/\/soydeaqui.ddns.net\/pachuca\/index.php\/producto\/monitor-personal-multi-gas-con-sensor-pellistor-detecta-4-gases-o2-h2s-co-lel\/","title":{"rendered":"Monitor Personal Multi Gas | Con Sensor Pellistor Detecta 4 Gases (O2\/H2S\/CO\/LEL)"},"content":{"rendered":"<div style='width: 100%; max-width: 1200px; margin: 0 auto; font-family: sans-serif; line-height: 1.6; color: inherit; background-color: transparent;'>\n<div style='display: flex; flex-direction: column; align-items: center; margin-bottom: 30px;'> <img style='width: 100%; height: auto; border: 1px solid rgba(150&comma;150&comma;150&comma;0.3); border-radius: 8px; max-width: 800px;' src='https:\/\/ftp3.syscom.mx\/usuarios\/fotos\/PM100CO\/193847-macurco-detectores.jpg' alt=''> <\/p>\n<h2 style='font-size: 28px; color: inherit; margin-top: 20px; margin-bottom: 10px; text-align: center;'>PM400-P<\/h2>\n<\/p><\/div>\n<div style='margin-bottom: 30px;'>\n<div style='font-size: 28px; color: inherit; background-color: transparent; padding: 15px; border-left: 4px solid currentColor; margin-bottom: 20px;'> Monitor de 4 gases avanzado y f\u00e1cil de usar para la protecci\u00f3n de los trabajadores en ambientes peligrosos <\/div>\n<\/p><\/div>\n<div style='margin-bottom: 30px;'>\n<p style='font-size: 15px; color: inherit; margin-bottom: 15px;'> El nuevo e innovador monitor port\u00e1til AimSafety PM400 de 4 gases brinda mayor comodidad y flexibilidad para la detecci\u00f3n de gas en entornos peligrosos. El monitor de difusi\u00f3n de gas ergon\u00f3mico PM400 detecta simult\u00e1neamente hasta cuatro gases&comma; incluidos sulfuro de hidr\u00f3geno (H2S)&comma; mon\u00f3xido de carbono (CO)&comma; ox\u00edgeno (O2) y combustibles (LEL). El PM400 de AimSafety es f\u00e1cil de usar y ofrece visibilidad de las concentraciones de gas para tomar decisiones m\u00e1s r\u00e1pidas e informadas que ayuden a proteger a los trabajadores y activos operativos que pueden aumentar los ingresos y la productividad. <\/p>\n<p style='font-size: 15px; color: inherit; margin-bottom: 15px;'> La pantalla LCD PM400 proporciona concentraciones de gas en tiempo real y permite a los gerentes de planta o trabajadores para establecer puntos de ajuste de alarma alta y baja para cada sensor&comma; y puntos de ajuste de alarma STEL y TWA para t\u00f3xicos gases. Las alarmas sonoras&comma; visuales y vibratorias del PM400 alertan al usuario de concentraciones de gas inseguras. <\/p>\n<p style='font-size: 15px; color: inherit;'> El PM400 IR funcionar\u00e1 de forma continua durante hasta 60 d\u00edas con una sola carga de bater\u00eda. Sensores est\u00e1ndar incluyen: mon\u00f3xido de carbono&comma; sulfuro de hidr\u00f3geno&comma; ox\u00edgeno y perla catal\u00edtica o infrarroja para gases combustibles (LEL). <\/p>\n<\/p><\/div>\n<div style='display: flex; flex-wrap: wrap; gap: 30px; margin-bottom: 30px;'>\n<div style='flex: 1 1 300px; min-width: 280px;'>\n<h3 style='font-size: 22px; border-bottom: 2px solid currentColor; padding-bottom: 5px; margin-top: 0; color: inherit; opacity: 0.8;'>Caracter\u00edsticas clave<\/h3>\n<ul style='padding-left: 20px; font-size: 15px; color: inherit;'>\n<li style='margin-bottom: 5px;'>Pantalla LCD de f\u00e1cil lectura<\/li>\n<li style='margin-bottom: 5px;'>Operaci\u00f3n con un solo bot\u00f3n<\/li>\n<li style='margin-bottom: 5px;'>Carcasa resistente y de alta visibilidad<\/li>\n<li style='margin-bottom: 5px;'>IP67 herm\u00e9tico al polvo y resistente al agua<\/li>\n<li style='margin-bottom: 5px;'>Tiempo de ejecuci\u00f3n continuo de 60 d\u00edas (versi\u00f3n IR)<\/li>\n<li style='margin-bottom: 5px;'>El registro de eventos<\/li>\n<li style='margin-bottom: 5px;'>Registro de datos<\/li>\n<\/ul><\/div>\n<\/p><\/div>\n<div style='display: flex; flex-wrap: wrap; gap: 30px; margin-bottom: 30px;'>\n<div style='flex: 1 1 300px; min-width: 280px;'>\n<h3 style='font-size: 22px; border-bottom: 2px solid currentColor; padding-bottom: 5px; margin-top: 0; color: inherit; opacity: 0.8;'>Aplicaciones<\/h3>\n<ul style='padding-left: 20px; font-size: 15px; color: inherit;'>\n<li style='margin-bottom: 5px;'>Entrada a espacios confinados<\/li>\n<li style='margin-bottom: 5px;'>Gas de petr\u00f3leo<\/li>\n<li style='margin-bottom: 5px;'>Metal pesado y acero<\/li>\n<li style='margin-bottom: 5px;'>Plantas qu\u00edmicas<\/li>\n<li style='margin-bottom: 5px;'>Papel de pulpa<\/li>\n<li style='margin-bottom: 5px;'>Municipios<\/li>\n<li style='margin-bottom: 5px;'>Bebida alimenticia<\/li>\n<li style='margin-bottom: 5px;'>Contratista \/ construcci\u00f3n<\/li>\n<li style='margin-bottom: 5px;'>Primeros auxilios<\/li>\n<\/ul><\/div>\n<\/p><\/div>\n<div style='display: flex; flex-wrap: wrap; gap: 30px; margin-bottom: 30px;'>\n<div style='flex: 1 1 100%;'>\n<h3 style='font-size: 22px; border-bottom: 2px solid currentColor; padding-bottom: 5px; margin-top: 0; color: inherit; opacity: 0.8;'>Calibraci\u00f3n y Bump Test con kit de calibraci\u00f3n<\/h3>\n<div style='position: relative; padding-bottom: 56.25%; height: 0; overflow: hidden; margin-bottom: 30px;'>   <\/div>\n<\/p><\/div>\n<\/p><\/div>\n<div style='display: flex; flex-wrap: wrap; gap: 30px; margin-bottom: 30px;'>\n<div style='flex: 1 1 100%;'>\n<h3 style='font-size: 22px; border-bottom: 2px solid currentColor; padding-bottom: 5px; margin-top: 0; color: inherit; opacity: 0.8;'>Calibraci\u00f3n con estaci\u00f3n de carga<\/h3>\n<div style='position: relative; padding-bottom: 56.25%; height: 0; overflow: hidden; margin-bottom: 30px;'>   <\/div>\n<\/p><\/div>\n<\/p><\/div>\n<hr style='border: 0; border-top: 1px solid rgba(150&comma; 150&comma; 150&comma; 0.3); margin: 30px 0;'> <\/div>\n","protected":false},"excerpt":{"rendered":"<p>Monitor Personal Multi Gas | Con Sensor Pellistor Detecta 4 Gases (O2\/H2S\/CO\/LEL)<\/p>\n","protected":false},"featured_media":33882,"comment_status":"open","ping_status":"closed","template":"","meta":[],"product_brand":[],"product_cat":[223],"product_tag":[224,989,225],"class_list":{"0":"post-33883","1":"product","2":"type-product","3":"status-publish","4":"has-post-thumbnail","6":"product_cat-todo","7":"product_tag-detectores-autonomos","8":"product_tag-macurco-aerionics","9":"product_tag-todo","11":"first","12":"instock","13":"sale","14":"shipping-taxable","15":"purchasable","16":"product-type-simple"},"_links":{"self":[{"href":"https:\/\/soydeaqui.ddns.net\/pachuca\/index.php\/wp-json\/wp\/v2\/product\/33883","targetHints":{"allow":["GET"]}}],"collection":[{"href":"https:\/\/soydeaqui.ddns.net\/pachuca\/index.php\/wp-json\/wp\/v2\/product"}],"about":[{"href":"https:\/\/soydeaqui.ddns.net\/pachuca\/index.php\/wp-json\/wp\/v2\/types\/product"}],"replies":[{"embeddable":true,"href":"https:\/\/soydeaqui.ddns.net\/pachuca\/index.php\/wp-json\/wp\/v2\/comments?post=33883"}],"wp:featuredmedia":[{"embeddable":true,"href":"https:\/\/soydeaqui.ddns.net\/pachuca\/index.php\/wp-json\/wp\/v2\/media\/33882"}],"wp:attachment":[{"href":"https:\/\/soydeaqui.ddns.net\/pachuca\/index.php\/wp-json\/wp\/v2\/media?parent=33883"}],"wp:term":[{"taxonomy":"product_brand","embeddable":true,"href":"https:\/\/soydeaqui.ddns.net\/pachuca\/index.php\/wp-json\/wp\/v2\/product_brand?post=33883"},{"taxonomy":"product_cat","embeddable":true,"href":"https:\/\/soydeaqui.ddns.net\/pachuca\/index.php\/wp-json\/wp\/v2\/product_cat?post=33883"},{"taxonomy":"product_tag","embeddable":true,"href":"https:\/\/soydeaqui.ddns.net\/pachuca\/index.php\/wp-json\/wp\/v2\/product_tag?post=33883"}],"curies":[{"name":"wp","href":"https:\/\/api.w.org\/{rel}","templated":true}]}}