{"id":33865,"date":"2026-03-18T15:08:42","date_gmt":"2026-03-18T15:08:42","guid":{"rendered":"https:\/\/soydeaqui.ddns.net\/pachuca\/index.php\/producto\/monitor-personal-de-oxigeno-o2-durabilidad-2-anos-desechable\/"},"modified":"2026-03-18T15:08:45","modified_gmt":"2026-03-18T15:08:45","slug":"monitor-personal-de-oxigeno-o2-durabilidad-2-anos-desechable","status":"publish","type":"product","link":"https:\/\/soydeaqui.ddns.net\/pachuca\/index.php\/producto\/monitor-personal-de-oxigeno-o2-durabilidad-2-anos-desechable\/","title":{"rendered":"Monitor Personal de Ox\u00edgeno (O2) | Durabilidad 2 A\u00f1os Desechable"},"content":{"rendered":"<div style='width: 100%; max-width: 1200px; margin: 0 auto; font-family: sans-serif; line-height: 1.6; color: inherit; background-color: transparent;'>\n<div style='display: flex; flex-direction: column; align-items: center; text-align: center; margin-bottom: 30px;'> <img style='width: 100%; max-width: 800px; height: auto; border: 1px solid rgba(150&comma;150&comma;150&comma;0.3); border-radius: 8px;' src='https:\/\/ftp3.syscom.mx\/usuarios\/fotos\/PM100CO\/193847-detectores.jpg' alt=''> <\/p>\n<h2 style='font-size: 24px; margin: 15px 0; color: inherit;'>PM100-O2<\/h2>\n<h3 style='font-size: 18px; margin: 10px 0; color: inherit; opacity: 0.8;'>Monitor personal desechable de un solo gas m\u00e1s nuevo y avanzado para CO&comma; H2S&comma; O2&comma; NH3 o SO2<\/h3>\n<\/p><\/div>\n<div style='display: flex; flex-wrap: wrap; gap: 30px; margin-bottom: 30px;'>\n<div style='flex: 1 1 300px; min-width: 280px;'>\n<h3 style='font-size: 20px; border-bottom: 2px solid currentColor; padding-bottom: 5px; margin-top: 0; color: inherit; opacity: 0.8;'>Descripci\u00f3n<\/h3>\n<p style='font-size: 15px; color: inherit; margin-bottom: 15px;'>Monitor personal de gas \u00fanico&comma; desechable de larga duraci\u00f3n. Monitoree CO&comma; H2S&comma; O2&comma; NH3 o SO2<\/p>\n<p style='font-size: 15px; color: inherit; margin-bottom: 15px;'>El PM100 es un monitor monog\u00e1s port\u00e1til desechable y sin mantenimiento que protege a los trabajadores proporcionando detecci\u00f3n de exposici\u00f3n a gases espec\u00edficos en ambientes.<\/p>\n<p style='font-size: 15px; color: inherit; margin-bottom: 15px;'>El PM100 monitorea continuamente las condiciones del aire ambiental y proporciona concentraciones de gas en tiempo real en una pantalla LCD de f\u00e1cil lectura. Tres niveles de sistema de alarma advierten al usuario de la presencia de niveles de gas inseguros con alertas audibles&comma; visuales y vibratorias.<\/p>\n<p style='font-size: 15px; color: inherit; margin-bottom: 15px;'>El PM100 tiene opciones de sensor para mon\u00f3xido de carbono (CO)&comma; sulfuro de hidr\u00f3geno (H2S)&comma; ox\u00edgeno (O2)&comma; amon\u00edaco (NH3) y di\u00f3xido de azufre (SO2).<\/p>\n<\/p><\/div>\n<\/p><\/div>\n<div style='display: flex; flex-wrap: wrap; gap: 20px; margin-bottom: 30px;'>\n<div style='flex: 1 1 250px; border: 1px solid rgba(150&comma; 150&comma; 150&comma; 0.4); border-radius: 8px; overflow: hidden; display: flex; flex-direction: column;'>\n<div style='padding: 15px; border-bottom: 1px solid rgba(150&comma; 150&comma; 150&comma; 0.2); font-weight: bold; font-size: 18px; color: inherit;'>Caracter\u00edsticas Clave<\/div>\n<div style='padding: 15px; color: inherit;'>\n<ul style='padding-left: 20px; margin: 0; font-size: 14px; list-style-type: disc;'>\n<li style='margin-bottom: 5px;'>Estado de calibraci\u00f3n visible<\/li>\n<li style='margin-bottom: 5px;'>Libre de mantenimiento<\/li>\n<li style='margin-bottom: 5px;'>Funciona de forma continua durante dos a\u00f1os<\/li>\n<li style='margin-bottom: 5px;'>Operaci\u00f3n con un solo bot\u00f3n<\/li>\n<li style='margin-bottom: 5px;'>El registro de eventos<\/li>\n<li style='margin-bottom: 5px;'>Carcasa resistente y de alta visibilidad<\/li>\n<li style='margin-bottom: 5px;'>Pantalla LCD de f\u00e1cil lectura<\/li>\n<li style='margin-bottom: 5px;'>IP67 herm\u00e9tico al polvo y resistente al agua<\/li>\n<li style='margin-bottom: 5px;'>Advertencia y notificaci\u00f3n de final de vida \u00fatil de 30 d\u00edas<\/li>\n<\/ul><\/div>\n<\/p><\/div>\n<div style='flex: 1 1 250px; border: 1px solid rgba(150&comma; 150&comma; 150&comma; 0.4); border-radius: 8px; overflow: hidden; display: flex; flex-direction: column;'>\n<div style='padding: 15px; border-bottom: 1px solid rgba(150&comma; 150&comma; 150&comma; 0.2); font-weight: bold; font-size: 18px; color: inherit;'>Aplicaciones<\/div>\n<div style='padding: 15px; color: inherit;'>\n<ul style='padding-left: 20px; margin: 0; font-size: 14px; list-style-type: disc;'>\n<li style='margin-bottom: 5px;'>Gas de petr\u00f3leo<\/li>\n<li style='margin-bottom: 5px;'>Metal pesado y acero<\/li>\n<li style='margin-bottom: 5px;'>Plantas qu\u00edmicas<\/li>\n<li style='margin-bottom: 5px;'>Papel de pulpa<\/li>\n<li style='margin-bottom: 5px;'>Municipios<\/li>\n<li style='margin-bottom: 5px;'>Bebida alimenticia<\/li>\n<li style='margin-bottom: 5px;'>Contratista \/ construcci\u00f3n<\/li>\n<li style='margin-bottom: 5px;'>Industria en general<\/li>\n<\/ul><\/div>\n<\/p><\/div>\n<\/p><\/div>\n<\/p><\/div>\n","protected":false},"excerpt":{"rendered":"<p>Monitor Personal de Ox\u00edgeno (O2) | Durabilidad 2 A\u00f1os Desechable<\/p>\n","protected":false},"featured_media":33864,"comment_status":"open","ping_status":"closed","template":"","meta":[],"product_brand":[],"product_cat":[987],"product_tag":[988,522,989],"class_list":{"0":"post-33865","1":"product","2":"type-product","3":"status-publish","4":"has-post-thumbnail","6":"product_cat-detectores-de-gases","7":"product_tag-detectores-de-gases","8":"product_tag-dispositivos-convencionales","9":"product_tag-macurco-aerionics","11":"first","12":"instock","13":"sale","14":"shipping-taxable","15":"purchasable","16":"product-type-simple"},"_links":{"self":[{"href":"https:\/\/soydeaqui.ddns.net\/pachuca\/index.php\/wp-json\/wp\/v2\/product\/33865","targetHints":{"allow":["GET"]}}],"collection":[{"href":"https:\/\/soydeaqui.ddns.net\/pachuca\/index.php\/wp-json\/wp\/v2\/product"}],"about":[{"href":"https:\/\/soydeaqui.ddns.net\/pachuca\/index.php\/wp-json\/wp\/v2\/types\/product"}],"replies":[{"embeddable":true,"href":"https:\/\/soydeaqui.ddns.net\/pachuca\/index.php\/wp-json\/wp\/v2\/comments?post=33865"}],"wp:featuredmedia":[{"embeddable":true,"href":"https:\/\/soydeaqui.ddns.net\/pachuca\/index.php\/wp-json\/wp\/v2\/media\/33864"}],"wp:attachment":[{"href":"https:\/\/soydeaqui.ddns.net\/pachuca\/index.php\/wp-json\/wp\/v2\/media?parent=33865"}],"wp:term":[{"taxonomy":"product_brand","embeddable":true,"href":"https:\/\/soydeaqui.ddns.net\/pachuca\/index.php\/wp-json\/wp\/v2\/product_brand?post=33865"},{"taxonomy":"product_cat","embeddable":true,"href":"https:\/\/soydeaqui.ddns.net\/pachuca\/index.php\/wp-json\/wp\/v2\/product_cat?post=33865"},{"taxonomy":"product_tag","embeddable":true,"href":"https:\/\/soydeaqui.ddns.net\/pachuca\/index.php\/wp-json\/wp\/v2\/product_tag?post=33865"}],"curies":[{"name":"wp","href":"https:\/\/api.w.org\/{rel}","templated":true}]}}