{"id":33763,"date":"2026-03-18T15:06:11","date_gmt":"2026-03-18T15:06:11","guid":{"rendered":"https:\/\/soydeaqui.ddns.net\/pachuca\/index.php\/producto\/pinzas-de-electricista-alta-palanca-y-jala-guia-de-9-pulgadas\/"},"modified":"2026-03-18T15:06:12","modified_gmt":"2026-03-18T15:06:12","slug":"pinzas-de-electricista-alta-palanca-y-jala-guia-de-9-pulgadas","status":"publish","type":"product","link":"https:\/\/soydeaqui.ddns.net\/pachuca\/index.php\/producto\/pinzas-de-electricista-alta-palanca-y-jala-guia-de-9-pulgadas\/","title":{"rendered":"Pinzas de Electricista Alta Palanca y Jala gu\u00eda de 9 Pulgadas."},"content":{"rendered":"<div style='width: 100%; max-width: 1200px; margin: 0 auto; font-family: sans-serif; line-height: 1.6; color: inherit; background-color: transparent;'> <!-- Secci\u00f3n de caracter\u00edsticas --> <\/p>\n<div style='display: flex; flex-wrap: wrap; gap: 30px; margin-bottom: 30px;'>\n<div style='flex: 1 1 300px; min-width: 280px;'>\n<h3 style='font-size: 22px; border-bottom: 2px solid currentColor; padding-bottom: 5px; margin-top: 0; color: inherit; opacity: 0.8;'>Caracter\u00edsticas<\/h3>\n<ul style='padding-left: 20px; font-size: 15px; color: inherit;'>\n<li style='margin-bottom: 5px;'><span style='font-size: 14px; font-family: Verdana&comma; Helvetica&comma; sans-serif;'>La canaleta incorporada jala con facilidad y rapidez gu\u00edas jalacables de acero plano de 1\/8&#8221; o 1\/4&#8221; (3 o 6 mm)&comma; sin da\u00f1ar la gu\u00eda.<\/span><\/li>\n<li style='margin-bottom: 5px;'><span style='font-size: 14px; font-family: Verdana&comma; Helvetica&comma; sans-serif;'>Dise\u00f1o de alta palanca. Remache m\u00e1s pr\u00f3ximo al filo de corte para proporcionar 46 % m\u00e1s potencia de corte y agarre que otros dise\u00f1os de pinzas.<\/span><\/li>\n<li style='margin-bottom: 5px;'><span style='font-size: 14px; font-family: Verdana&comma; Helvetica&comma; sans-serif;'>Con barremos de un di\u00e1metro de 5\/8 limpian y enderezan la rosca en pernos.<\/span><\/li>\n<li style='margin-bottom: 5px;'><span style='font-size: 14px; font-family: Verdana&comma; Helvetica&comma; sans-serif;'>Cuchillas de corte templadas por inducci\u00f3n para brindar una vida \u00fatil prolongada.<\/span><\/li>\n<li style='margin-bottom: 5px;'><span style='font-size: 14px; font-family: Verdana&comma; Helvetica&comma; sans-serif;'>Uni\u00f3n remachada en caliente que garantiza una acci\u00f3n uniforme sin bamboleo del mango.<\/span><\/li>\n<li style='margin-bottom: 5px;'><span style='font-size: 14px; font-family: Verdana&comma; Helvetica&comma; sans-serif;'>El templado exclusivo del mango ayuda a absorber el &#8216;chasquido&#8217; al cortar el cable.<\/span><\/li>\n<li style='margin-bottom: 5px;'><span style='font-size: 14px; font-family: Verdana&comma; Helvetica&comma; sans-serif;'>Cubierta pl\u00e1stica inyectada bimaterial de \u00faltima tecnolog\u00eda; suaves en las partes que entran en contacto con las manos&comma; duro en puntas e interior para durabilidad; presentan adem\u00e1s unos topes que previenen el deslizamiento de la mano durante su uso.<\/span><\/li>\n<li style='margin-bottom: 5px;'><span style='font-size: 14px; font-family: Verdana&comma; Helvetica&comma; sans-serif;'>Cabeza de la pinza templada a precisi\u00f3n para trabajos dif\u00edciles.<\/span><\/li>\n<\/ul><\/div>\n<\/p><\/div>\n<p> <!-- Separador --> <\/p>\n<hr style='border: 0; border-top: 1px solid rgba(150&comma; 150&comma; 150&comma; 0.3); margin: 30px 0;'> <!-- Secci\u00f3n de especificaciones --> <\/p>\n<div style='display: flex; flex-wrap: wrap; gap: 20px; margin-bottom: 30px;'>\n<div style='flex: 1 1 250px; border: 1px solid rgba(150&comma; 150&comma; 150&comma; 0.4); border-radius: 8px; overflow: hidden; display: flex; flex-direction: column;'>\n<div style='padding: 15px; border-bottom: 1px solid rgba(150&comma; 150&comma; 150&comma; 0.2); font-weight: bold; font-size: 18px; color: inherit;'>Dimensiones<\/div>\n<div style='padding: 15px; color: inherit;'>\n<ul style='padding-left: 20px; margin: 0; font-size: 14px; list-style-type: disc;'>\n<li style='margin-bottom: 5px;'><strong>Largo total:<\/strong> 9.31&#8242; (237 mm)<\/li>\n<li style='margin-bottom: 5px;'><strong>Largo cabeza:<\/strong> 1.59&#8242; (40 mm)<\/li>\n<li style='margin-bottom: 5px;'><strong>Ancho cabeza:<\/strong> 1.28&#8242; (32 mm)<\/li>\n<li style='margin-bottom: 5px;'><strong>Grosor cabeza:<\/strong> 0.62&#8242; (16 mm)<\/li>\n<li style='margin-bottom: 5px;'><strong>Largo cuchilla:<\/strong> 0.80&#8242; (20 mm)<\/li>\n<li style='margin-bottom: 5px;'><strong>Acabado mango:<\/strong> Bimaterial<\/li>\n<li style='margin-bottom: 5px;'><strong>Color mango:<\/strong> azul\/negro<\/li>\n<li style='margin-bottom: 5px;'><strong>Peso:<\/strong> 0.539 kg<\/li>\n<\/ul><\/div>\n<\/p><\/div>\n<\/p><\/div>\n<\/p><\/div>\n","protected":false},"excerpt":{"rendered":"<p>Pinzas de Electricista Alta Palanca y Jala gu\u00eda de 9 Pulgadas.<\/p>\n","protected":false},"featured_media":33762,"comment_status":"open","ping_status":"closed","template":"","meta":[],"product_brand":[],"product_cat":[24],"product_tag":[26,25,432],"class_list":{"0":"post-33763","1":"product","2":"type-product","3":"status-publish","4":"has-post-thumbnail","6":"product_cat-accesorios-de-instalacion","7":"product_tag-accesorios-de-instalacion","8":"product_tag-herramientas","9":"product_tag-klein-tools","11":"first","12":"instock","13":"sale","14":"shipping-taxable","15":"purchasable","16":"product-type-simple"},"_links":{"self":[{"href":"https:\/\/soydeaqui.ddns.net\/pachuca\/index.php\/wp-json\/wp\/v2\/product\/33763","targetHints":{"allow":["GET"]}}],"collection":[{"href":"https:\/\/soydeaqui.ddns.net\/pachuca\/index.php\/wp-json\/wp\/v2\/product"}],"about":[{"href":"https:\/\/soydeaqui.ddns.net\/pachuca\/index.php\/wp-json\/wp\/v2\/types\/product"}],"replies":[{"embeddable":true,"href":"https:\/\/soydeaqui.ddns.net\/pachuca\/index.php\/wp-json\/wp\/v2\/comments?post=33763"}],"wp:featuredmedia":[{"embeddable":true,"href":"https:\/\/soydeaqui.ddns.net\/pachuca\/index.php\/wp-json\/wp\/v2\/media\/33762"}],"wp:attachment":[{"href":"https:\/\/soydeaqui.ddns.net\/pachuca\/index.php\/wp-json\/wp\/v2\/media?parent=33763"}],"wp:term":[{"taxonomy":"product_brand","embeddable":true,"href":"https:\/\/soydeaqui.ddns.net\/pachuca\/index.php\/wp-json\/wp\/v2\/product_brand?post=33763"},{"taxonomy":"product_cat","embeddable":true,"href":"https:\/\/soydeaqui.ddns.net\/pachuca\/index.php\/wp-json\/wp\/v2\/product_cat?post=33763"},{"taxonomy":"product_tag","embeddable":true,"href":"https:\/\/soydeaqui.ddns.net\/pachuca\/index.php\/wp-json\/wp\/v2\/product_tag?post=33763"}],"curies":[{"name":"wp","href":"https:\/\/api.w.org\/{rel}","templated":true}]}}