{"id":3372,"date":"2026-03-18T06:07:24","date_gmt":"2026-03-18T06:07:24","guid":{"rendered":"https:\/\/soydeaqui.ddns.net\/pachuca\/index.php\/producto\/contacto-magnetico-inteligente-inalambrico-bt-para-puertas-o-ventanas-crear-escenas-y-notificaciones-en-app\/"},"modified":"2026-03-18T06:07:25","modified_gmt":"2026-03-18T06:07:25","slug":"contacto-magnetico-inteligente-inalambrico-bt-para-puertas-o-ventanas-crear-escenas-y-notificaciones-en-app","status":"publish","type":"product","link":"https:\/\/soydeaqui.ddns.net\/pachuca\/index.php\/producto\/contacto-magnetico-inteligente-inalambrico-bt-para-puertas-o-ventanas-crear-escenas-y-notificaciones-en-app\/","title":{"rendered":"Contacto magn\u00e9tico inteligente inal\u00e1mbrico BT \/ para puertas o ventanas \/ crear escenas y notificaciones en App"},"content":{"rendered":"<div style='width: 100%; max-width: 1200px; margin: 0 auto; font-family: sans-serif; line-height: 1.6; color: inherit; background-color: transparent;'> <!-- Secci\u00f3n de caracter\u00edsticas --> <\/p>\n<div style='display: flex; flex-wrap: wrap; gap: 30px; margin-bottom: 30px;'>\n<div style='flex: 1 1 300px; min-width: 280px;'>\n<h3 style='font-size: 22px; border-bottom: 2px solid currentColor; padding-bottom: 5px; margin-top: 0; color: inherit; opacity: 0.8;'>Caracter\u00edsticas principales<\/h3>\n<ul style='padding-left: 20px; font-size: 15px; color: inherit;'>\n<li style='margin-bottom: 5px;'>No requiere HUB<\/li>\n<li style='margin-bottom: 5px;'>Detecta y reporta la apertura y cierre de puertas y ventanas<\/li>\n<li style='margin-bottom: 5px;'>Se integra para trabajar con todos los dem\u00e1s dispositivos Shelly<\/li>\n<li style='margin-bottom: 5px;'>Usa bater\u00eda CR2032 (duraci\u00f3n hasta 18 meses)<\/li>\n<li style='margin-bottom: 5px;'>Conectividad Bluetooth<\/li>\n<li style='margin-bottom: 5px; font-weight: bold;'>No incluye bater\u00edas<\/li>\n<li style='font-weight: bold;'>Es necesario tener en la App de Shelly un Shelly de la serie Plus o Pro&comma; que tenga Bluetooth<\/li>\n<\/ul><\/div>\n<div style='flex: 1 1 300px; min-width: 280px;'>\n<h3 style='font-size: 22px; border-bottom: 2px solid currentColor; padding-bottom: 5px; margin-top: 0; color: inherit; opacity: 0.8;'>Caracter\u00edsticas F\u00edsicas y El\u00e9ctricas<\/h3>\n<ul style='padding-left: 20px; font-size: 15px; color: inherit;'>\n<li style='margin-bottom: 5px;'>Temperatura de detecci\u00f3n: -10\u00baC a +50\u00baC<\/li>\n<li>Dimensiones: 82 mm x 23 mm x 20 mm&comma; Magneto:52 mm x 16 mm x 13 mm<\/li>\n<\/ul><\/div>\n<div style='flex: 1 1 300px; min-width: 280px;'>\n<h3 style='font-size: 22px; border-bottom: 2px solid currentColor; padding-bottom: 5px; margin-top: 0; color: inherit; opacity: 0.8;'>Ejemplos de instalaci\u00f3n<\/h3>\n<p style='font-size: 15px; color: inherit;'>El sensor de puerta Shelly detecta e informa la apertura y cierre de puertas \/ ventanas&comma; \u00e1ngulo de inclinaci\u00f3n&comma; vibraci\u00f3n&comma; temperatura y lux.<\/p>\n<ul style='padding-left: 20px; font-size: 15px; color: inherit;'>\n<li style='margin-bottom: 5px;'><a href='https:\/\/kb.shelly.cloud\/knowledge-base\/devices' style='color: #0091ff; text-decoration: none;'>Base de datos material de apoyo<\/a><\/li>\n<\/ul><\/div>\n<\/p><\/div>\n<p> <!-- Imagen destacada --> <\/p>\n<div style='width: 100%; margin-bottom: 30px; position: relative;'> <img style='width: 100%; height: auto; border: 1px solid rgba(150&comma;150&comma;150&comma;0.3); border-radius: 8px;' src='https:\/\/ftp3.syscom.mx\/usuarios\/ftp\/single_page\/shelly_img\/banner_shelly_door.jpg' alt='Banner Shelly Door\/Window'> <\/p>\n<div style='position: absolute; left: 7%; top: 21%; right: 32%; color: inherit;'>\n<h1 style='font-size: 2.5em; text-transform: uppercase; margin: 0;'>Shelly Door \/ Window 2<\/h1>\n<p style='font-size: 1.2em; font-weight: 300; text-transform: uppercase; margin: 0;'>El sensor inteligente de puertas y ventanas con medici\u00f3n de lux y respuesta ultrarr\u00e1pida.<\/p>\n<\/p><\/div>\n<\/p><\/div>\n<p> <!-- Secci\u00f3n de iconos --> <\/p>\n<div style='display: flex; flex-wrap: wrap; gap: 20px; margin-bottom: 30px;'>\n<div style='flex: 1 1 300px; min-width: 280px; text-align: center;'> <img style='width: 70px; height: auto; margin: 0 auto 10px; border: 1px solid rgba(150&comma;150&comma;150&comma;0.3); border-radius: 8px;' src='https:\/\/ftp3.syscom.mx\/usuarios\/ftp\/single_page\/shelly_img\/shelly_wireless.png' alt='Inal\u00e1mbrica'> <\/p>\n<h3 style='font-size: 18px; margin: 10px 0 5px; color: inherit;'>Inal\u00e1mbrica<\/h3>\n<p style='font-size: 14px; color: inherit;'>El sensor Shelly Door \/ Window utiliza la red WiFi de su hogar&comma; no se requieren controladores adicionales.<\/p>\n<\/p><\/div>\n<div style='flex: 1 1 300px; min-width: 280px; text-align: center;'> <img style='width: 70px; height: auto; margin: 0 auto 10px; border: 1px solid rgba(150&comma;150&comma;150&comma;0.3); border-radius: 8px;' src='https:\/\/ftp3.syscom.mx\/usuarios\/ftp\/single_page\/shelly_img\/guard.png' alt='Mantenerse a salvo'> <\/p>\n<h3 style='font-size: 18px; margin: 10px 0 5px; color: inherit;'>Mantenerse a salvo<\/h3>\n<p style='font-size: 14px; color: inherit;'>Shelly Door \/ Window le recordar\u00e1 sobre las ventanas abiertas cuando est\u00e9 a punto de irse al trabajo&comma; irse a dormir o cuando pueda llover.<\/p>\n<\/p><\/div>\n<div style='flex: 1 1 300px; min-width: 280px; text-align: center;'> <img style='width: 70px; height: auto; margin: 0 auto 10px; border: 1px solid rgba(150&comma;150&comma;150&comma;0.3); border-radius: 8px;' src='https:\/\/ftp3.syscom.mx\/usuarios\/ftp\/single_page\/shelly_img\/shelly_highly_compatible.png' alt='Altamente compatible'> <\/p>\n<h3 style='font-size: 18px; margin: 10px 0 5px; color: inherit;'>Altamente compatible<\/h3>\n<p style='font-size: 14px; color: inherit;'>Compatible con Android&comma; iOS&comma; Amazon Alexa y Google Assistant.<\/p>\n<\/p><\/div>\n<\/p><\/div>\n<p> <!-- Segunda fila de iconos --> <\/p>\n<div style='display: flex; flex-wrap: wrap; gap: 20px; margin-bottom: 30px;'>\n<div style='flex: 1 1 300px; min-width: 280px; text-align: center;'> <img style='width: 70px; height: auto; margin: 0 auto 10px; border: 1px solid rgba(150&comma;150&comma;150&comma;0.3); border-radius: 8px;' src='https:\/\/ftp3.syscom.mx\/usuarios\/ftp\/single_page\/shelly_img\/door.png' alt='Sensor de puerta'> <\/p>\n<h3 style='font-size: 18px; margin: 10px 0 5px; color: inherit;'>Sensor de puerta<\/h3>\n<p style='font-size: 14px; color: inherit;'>Shelly Door \/ Window detecta e informa la apertura y cierre de puertas y ventanas.<\/p>\n<\/p><\/div>\n<div style='flex: 1 1 300px; min-width: 280px; text-align: center;'> <img style='width: 70px; height: auto; margin: 0 auto 10px; border: 1px solid rgba(150&comma;150&comma;150&comma;0.3); border-radius: 8px;' src='https:\/\/ftp3.syscom.mx\/usuarios\/ftp\/single_page\/shelly_img\/thermostat.png' alt='Sensor de temperatura'> <\/p>\n<h3 style='font-size: 18px; margin: 10px 0 5px; color: inherit;'>Sensor de temperatura<\/h3>\n<p style='font-size: 14px; color: inherit;'>Est\u00e9 atento a las fluctuaciones de temperatura y mantenga su hogar c\u00f3modo en cualquier momento.<\/p>\n<\/p><\/div>\n<div style='flex: 1 1 300px; min-width: 280px; text-align: center;'> <img style='width: 70px; height: auto; margin: 0 auto 10px; border: 1px solid rgba(150&comma;150&comma;150&comma;0.3); border-radius: 8px;' src='https:\/\/ftp3.syscom.mx\/usuarios\/ftp\/single_page\/shelly_img\/sun.png' alt='Sensor de luz'> <\/p>\n<h3 style='font-size: 18px; margin: 10px 0 5px; color: inherit;'>Sensor de luz<\/h3>\n<p style='font-size: 14px; color: inherit;'>El dispositivo tiene un sensor LUX integrado.<\/p>\n<\/p><\/div>\n<\/p><\/div>\n<p> <!-- Tercera fila de iconos --> <\/p>\n<div style='display: flex; flex-wrap: wrap; gap: 20px; margin-bottom: 30px;'>\n<div style='flex: 1 1 300px; min-width: 280px; text-align: center;'> <img style='width: 70px; height: auto; margin: 0 auto 10px; border: 1px solid rgba(150&comma;150&comma;150&comma;0.3); border-radius: 8px;' src='https:\/\/ftp3.syscom.mx\/usuarios\/ftp\/single_page\/shelly_img\/wire.png' alt='Sin cables'> <\/p>\n<h3 style='font-size: 18px; margin: 10px 0 5px; color: inherit;'>Sin cables<\/h3>\n<p style='font-size: 14px; color: inherit;'>Simplemente coloque el sensor en el marco de su puerta o ventana y estar\u00e1 listo.<\/p>\n<\/p><\/div>\n<div style='flex: 1 1 300px; min-width: 280px; text-align: center;'> <img style='width: 70px; height: auto; margin: 0 auto 10px; border: 1px solid rgba(150&comma;150&comma;150&comma;0.3); border-radius: 8px;' src='https:\/\/ftp3.syscom.mx\/usuarios\/ftp\/single_page\/shelly_img\/shelly_control_remotley.png' alt='Monitorear de forma remota'> <\/p>\n<h3 style='font-size: 18px; margin: 10px 0 5px; color: inherit;'>Monitorear de forma remota<\/h3>\n<p style='font-size: 14px; color: inherit;'>Supervise su hogar&comma; sin importar d\u00f3nde se encuentre a trav\u00e9s de la aplicaci\u00f3n Shelly Cloud y su tel\u00e9fono.<\/p>\n<\/p><\/div>\n<\/p><\/div>\n<p> <!-- Secci\u00f3n de por qu\u00e9 elegir el producto --> <\/p>\n<div style='width: 100%; margin-bottom: 30px; padding: 30px; border: 1px solid rgba(150&comma;150&comma;150&comma;0.3); border-radius: 8px; background-color: #183836; color: white;'>\n<h2 style='font-size: 24px; text-transform: uppercase; margin-top: 0; color: inherit;'>POR QU\u00c9 SHELLY DOOR \/ WINDOW<\/h2>\n<p style='font-size: 16px; color: inherit;'>El sensor inteligente para puertas y ventanas ultrarr\u00e1pido. Shelly Door \/ Window est\u00e1 dise\u00f1ado para detectar e informar la apertura y cierre de puertas y ventanas. Su dise\u00f1o compacto permite que se instale f\u00e1cilmente en cualquier puerta o ventana&comma; y debido a su peso ligero&comma; el sensor es casi invisible.<\/p>\n<\/p><\/div>\n<p> <!-- Imagen del producto --> <\/p>\n<div style='width: 100%; margin-bottom: 30px;'> <img style='width: 100%; height: auto; border: 1px solid rgba(150&comma;150&comma;150&comma;0.3); border-radius: 8px;' src='https:\/\/ftp3.syscom.mx\/usuarios\/ftp\/single_page\/shelly_img\/shelly_door2.png' alt='Shelly Door\/Window 2'> <\/div>\n<p> <!-- Secci\u00f3n de im\u00e1genes con overlay --> <\/p>\n<div style='display: flex; flex-wrap: wrap; gap: 20px; margin-bottom: 30px;'>\n<div style='flex: 1 1 400px; min-width: 300px; position: relative;'> <img style='width: 100%; height: auto; border: 1px solid rgba(150&comma;150&comma;150&comma;0.3); border-radius: 8px;' src='https:\/\/ftp3.syscom.mx\/usuarios\/ftp\/single_page\/shelly_img\/ShellyDoor_Window2_0000_1.jpg' alt='Hogar seguro'> <\/p>\n<div style='position: absolute; left: 0; top: 30%; right: 0; text-align: center; padding: 15px; background: rgba(255&comma;255&comma;255&comma;0.8);'>\n<h2 style='font-size: 2em; text-transform: uppercase; margin: 0; color: inherit;'>Haz tu hogar m\u00e1s seguro<\/h2>\n<p style='font-size: 16px; color: inherit;'>Los sensores de puerta \/ ventana de Shelly lo ayudar\u00e1n a hacer que su apartamento o casa sea m\u00e1s seguro al recordarle si tiene alguna ventana abierta al salir.<\/p>\n<\/p><\/div>\n<\/p><\/div>\n<div style='flex: 1 1 400px; min-width: 300px; position: relative;'> <img style='width: 100%; height: auto; border: 1px solid rgba(150&comma;150&comma;150&comma;0.3); border-radius: 8px;' src='https:\/\/ftp3.syscom.mx\/usuarios\/ftp\/single_page\/shelly_img\/ShellyDoor_Window2_0001_2.jpg' alt='Respuesta ultrarr\u00e1pida'> <\/p>\n<div style='position: absolute; left: 0; top: 26%; right: 0; text-align: center; padding: 15px; background: rgba(0&comma;0&comma;0&comma;0.7);'>\n<h2 style='font-size: 2em; text-transform: uppercase; margin: 0; color: white;'>\u00a1Respuesta ultrarr\u00e1pida!<\/h2>\n<p style='font-size: 16px; color: white;'>Cuando se abre una puerta&comma; el sensor enviar\u00e1 inmediatamente una notificaci\u00f3n a su dispositivo.<\/p>\n<\/p><\/div>\n<\/p><\/div>\n<\/p><\/div>\n<p> <!-- Segunda secci\u00f3n de im\u00e1genes con overlay --> <\/p>\n<div style='display: flex; flex-wrap: wrap; gap: 20px; margin-bottom: 30px;'>\n<div style='flex: 1 1 400px; min-width: 300px; position: relative;'> <img style='width: 100%; height: auto; border: 1px solid rgba(150&comma;150&comma;150&comma;0.3); border-radius: 8px;' src='https:\/\/ftp3.syscom.mx\/usuarios\/ftp\/single_page\/shelly_img\/ShellyDoor_Window2_0002_3.jpg' alt='Bienvenida a casa'> <\/p>\n<div style='position: absolute; left: 0; top: 25%; right: 0; text-align: center; padding: 15px; background: rgba(255&comma;255&comma;255&comma;0.8);'>\n<h2 style='font-size: 2em; text-transform: uppercase; margin: 0; color: inherit;'>Una c\u00e1lida bienvenida a casa<\/h2>\n<p style='font-size: 16px; color: inherit;'>Shelly Door \/ Window puede dar una c\u00e1lida bienvenida a cualquiera que ingrese a su hogar. Cuando se coloca en la puerta delantera&comma; el sensor se puede configurar para encender las luces cuando se abre la puerta.<\/p>\n<\/p><\/div>\n<\/p><\/div>\n<div style='flex: 1 1 400px; min-width: 300px; position: relative;'> <img style='width: 100%; height: auto; border: 1px solid rgba(150&comma;150&comma;150&comma;0.3); border-radius: 8px;' src='https:\/\/ftp3.syscom.mx\/usuarios\/ftp\/single_page\/shelly_img\/ShellyDoor_Window2_0003_4.jpg' alt='\u00bfC\u00f3mo funciona?'> <\/p>\n<div style='position: absolute; left: 0; top: 26%; right: 0; text-align: center; padding: 15px; background: rgba(255&comma;255&comma;255&comma;0.8);'>\n<h2 style='font-size: 2em; text-transform: uppercase; margin: 0; color: inherit;'>\u00bfC\u00f3mo funciona?<\/h2>\n<p style='font-size: 16px; color: inherit;'>Conecte su sensor a cualquier marco de puerta y ventana. Descargue la aplicaci\u00f3n Shelly Cloud y agregue su Shelly Door \/ Window. Ahora siempre se le notificar\u00e1 cuando su puerta o ventana est\u00e9 abierta.<\/p>\n<\/p><\/div>\n<\/p><\/div>\n<\/p><\/div>\n<p> <!-- Tercera secci\u00f3n de im\u00e1genes con overlay --> <\/p>\n<div style='display: flex; flex-wrap: wrap; gap: 20px; margin-bottom: 30px;'>\n<div style='flex: 1 1 400px; min-width: 300px; position: relative;'> <img style='width: 100%; height: auto; border: 1px solid rgba(150&comma;150&comma;150&comma;0.3); border-radius: 8px;' src='https:\/\/ftp3.syscom.mx\/usuarios\/ftp\/single_page\/shelly_img\/ShellyDoor_Window2_0004_5.jpg' alt='Duraci\u00f3n de la bater\u00eda'> <\/p>\n<div style='position: absolute; left: 0; top: 20%; right: 0; text-align: center; padding: 15px; background: rgba(255&comma;255&comma;255&comma;0.8);'>\n<h2 style='font-size: 2em; text-transform: uppercase; margin: 0; color: inherit;'>M\u00e1s de 2 a\u00f1os de duraci\u00f3n de la bater\u00eda<\/h2>\n<p style='font-size: 16px; color: inherit;'>La CPU de muy baja potencia combinada con la bater\u00eda 2x CR123A permite que la bater\u00eda de Shelly Door \/ Window dure m\u00e1s de 2 a\u00f1os&comma; lo que convierte al dispositivo en el sensor de apertura y cierre con la mayor duraci\u00f3n de la bater\u00eda.<\/p>\n<\/p><\/div>\n<\/p><\/div>\n<div style='flex: 1 1 400px; min-width: 300px; position: relative;'> <img style='width: 100%; height: auto; border: 1px solid rgba(150&comma;150&comma;150&comma;0.3); border-radius: 8px;' src='https:\/\/ftp3.syscom.mx\/usuarios\/ftp\/single_page\/shelly_img\/ShellyDoor_Window2_0005_6.jpg' alt='Protecci\u00f3n antirrobo'> <\/p>\n<div style='position: absolute; left: 0; top: 22%; right: 0; text-align: center; padding: 15px; background: rgba(255&comma;255&comma;255&comma;0.8);'>\n<h2 style='font-size: 2em; text-transform: uppercase; margin: 0; color: inherit;'>Protecci\u00f3n antirrobo<\/h2>\n<p style='font-size: 16px; color: inherit;'>Con Shelly Door \/ Window&comma; usted es consciente y recibe una notificaci\u00f3n instant\u00e1nea si se abre una puerta \/ ventana cuando no est\u00e1 en casa. Ahora podr\u00e1 saber si los ladrones est\u00e1n entrando y tomar medidas de inmediato llamando a las autoridades.<\/p>\n<\/p><\/div>\n<\/p><\/div>\n<\/p><\/div>\n<p> <!-- Secci\u00f3n de aplicaci\u00f3n y compatibilidad --> <\/p>\n<div style='width: 100%; margin-bottom: 30px; padding: 30px; border: 1px solid rgba(150&comma;150&comma;150&comma;0.3); border-radius: 8px; background-color: #183836; color: white;'>\n<h2 style='font-size: 24px; text-transform: uppercase; margin-top: 0; color: inherit;'>Una aplicaci\u00f3n innumerables posibilidades<\/h2>\n<p style='font-size: 16px; color: inherit;'>Con el mejor servicio en la nube del mundo&comma; una interfaz f\u00e1cil de usar&comma; escenas&comma; control masivo y mucho m\u00e1s&comma; la aplicaci\u00f3n Shelly Cloud le permite controlar su hogar desde cualquier lugar.<\/p>\n<\/p><\/div>\n<p> <!-- Imagen de la aplicaci\u00f3n --> <\/p>\n<div style='width: 100%; margin-bottom: 30px;'> <img style='width: 100%; height: auto; border: 1px solid rgba(150&comma;150&comma;150&comma;0.3); border-radius: 8px;' src='https:\/\/ftp3.syscom.mx\/usuarios\/ftp\/single_page\/shelly_img\/phones.png' alt='Aplicaci\u00f3n Shelly Cloud'> <\/div>\n<p> <!-- Compatibilidad con plataformas --> <\/p>\n<div style='display: flex; flex-wrap: wrap; gap: 15px; justify-content: center; margin-bottom: 30px;'> <img style='width: 60px; height: auto; border: 1px solid rgba(150&comma;150&comma;150&comma;0.3); border-radius: 8px;' src='https:\/\/ftp3.syscom.mx\/usuarios\/ftp\/single_page\/shelly_img\/mqtt.png' alt='MQTT'> <img style='width: 60px; height: auto; border: 1px solid rgba(150&comma;150&comma;150&comma;0.3); border-radius: 8px;' src='https:\/\/ftp3.syscom.mx\/usuarios\/ftp\/single_page\/shelly_img\/home_seer.png' alt='HomeSeer'> <img style='width: 60px; height: auto; border: 1px solid rgba(150&comma;150&comma;150&comma;0.3); border-radius: 8px;' src='https:\/\/ftp3.syscom.mx\/usuarios\/ftp\/single_page\/shelly_img\/openhab.png' alt='openHAB'> <img style='width: 60px; height: auto; border: 1px solid rgba(150&comma;150&comma;150&comma;0.3); border-radius: 8px;' src='https:\/\/ftp3.syscom.mx\/usuarios\/ftp\/single_page\/shelly_img\/ha.png' alt='Home Assistant'> <img style='width: 60px; height: auto; border: 1px solid rgba(150&comma;150&comma;150&comma;0.3); border-radius: 8px;' src='https:\/\/ftp3.syscom.mx\/usuarios\/ftp\/single_page\/shelly_img\/iobroker.png' alt='ioBroker'> <img style='width: 60px; height: auto; border: 1px solid rgba(150&comma;150&comma;150&comma;0.3); border-radius: 8px;' src='https:\/\/ftp3.syscom.mx\/usuarios\/ftp\/single_page\/shelly_img\/rest2.png' alt='REST API'> <img style='width: 60px; height: auto; border: 1px solid rgba(150&comma;150&comma;150&comma;0.3); border-radius: 8px;' src='https:\/\/ftp3.syscom.mx\/usuarios\/ftp\/single_page\/shelly_img\/hubitat.png' alt='Hubitat'> <img style='width: 60px; height: auto; border: 1px solid rgba(150&comma;150&comma;150&comma;0.3); border-radius: 8px;' src='https:\/\/ftp3.syscom.mx\/usuarios\/ftp\/single_page\/shelly_img\/hoobs.png' alt='HOOBS'> <img style='width: 60px; height: auto; border: 1px solid rgba(150&comma;150&comma;150&comma;0.3); border-radius: 8px;' src='https:\/\/ftp3.syscom.mx\/usuarios\/ftp\/single_page\/shelly_img\/symcon.png' alt='Symcon'> <img style='width: 60px; height: auto; border: 1px solid rgba(150&comma;150&comma;150&comma;0.3); border-radius: 8px;' src='https:\/\/ftp3.syscom.mx\/usuarios\/ftp\/single_page\/shelly_img\/domoticz.png' alt='Domoticz'> <img style='width: 60px; height: auto; border: 1px solid rgba(150&comma;150&comma;150&comma;0.3); border-radius: 8px;' src='https:\/\/ftp3.syscom.mx\/usuarios\/ftp\/single_page\/shelly_img\/nymea.png' alt='Nymea'> <\/div>\n<p> <!-- Secci\u00f3n para desarrolladores --> <\/p>\n<div style='display: flex; flex-wrap: wrap; gap: 30px; margin-bottom: 30px;'>\n<div style='flex: 1 1 300px; min-width: 280px;'> <img style='width: 100%; height: auto; border: 1px solid rgba(150&comma;150&comma;150&comma;0.3); border-radius: 8px;' src='https:\/\/ftp3.syscom.mx\/usuarios\/ftp\/single_page\/shelly_img\/board.png' alt='Placa de desarrollo'> <\/div>\n<div style='flex: 1 1 300px; min-width: 280px;'>\n<h3 style='font-size: 22px; border-bottom: 2px solid currentColor; padding-bottom: 5px; margin-top: 0; color: inherit; opacity: 0.8;'>Para desarrolladores<\/h3>\n<p style='font-size: 15px; color: inherit;'>Shelly Door \/ Window 2 est\u00e1 abierto al mundo y a los desarrolladores&comma; viene con un encabezado de programaci\u00f3n \/ depuraci\u00f3n que se puede usar para actualizar firmware alternativo en el dispositivo. Tiene un ESP8266 en el interior&comma; con un chip flash de 2 MB. Se necesita un adaptador USB a UART&comma; as\u00ed como un 3.3V confiable con al menos 350 mA de capacidad de transmisi\u00f3n.<\/p>\n<\/p><\/div>\n<\/p><\/div>\n<p> <!-- Pasos de instalaci\u00f3n --> <\/p>\n<div style='width: 100%; margin-bottom: 30px; padding: 30px; border-radius: 8px; background-color: #2f9cd7; color: white;'>\n<div style='display: flex; flex-wrap: wrap; gap: 20px;'>\n<div style='flex: 1 1 200px; min-width: 200px; text-align: center;'> <img style='width: 70px; height: auto; border: 1px solid rgba(150&comma;150&comma;150&comma;0.3); border-radius: 8px;' src='https:\/\/ftp3.syscom.mx\/usuarios\/ftp\/single_page\/shelly_img\/install.png' alt='Instalar'> <\/p>\n<h4 style='margin-top: 10px; color: inherit;'>INSTALAR<\/h4>\n<p style='font-size: 14px; color: inherit;'>Instale su sensor Shelly Door Window 2 en una puerta o ventana.<\/p>\n<\/p><\/div>\n<div style='flex: 1 1 200px; min-width: 200px; text-align: center;'> <img style='width: 70px; height: auto; border: 1px solid rgba(150&comma;150&comma;150&comma;0.3); border-radius: 8px;' src='https:\/\/ftp3.syscom.mx\/usuarios\/ftp\/single_page\/shelly_img\/download-app.png' alt='Descargar aplicaci\u00f3n'> <\/p>\n<h4 style='margin-top: 10px; color: inherit;'>DESCARGAR<\/h4>\n<p style='font-size: 14px; color: inherit;'>Descargue e instale la aplicaci\u00f3n m\u00f3vil gratuita de Google Play o Apple\u00ae App Store.<\/p>\n<\/p><\/div>\n<div style='flex: 1 1 200px; min-width: 200px; text-align: center;'> <img style='width: 70px; height: auto; border: 1px solid rgba(150&comma;150&comma;150&comma;0.3); border-radius: 8px;' src='https:\/\/ftp3.syscom.mx\/usuarios\/ftp\/single_page\/shelly_img\/manual.png' alt='Gu\u00eda de usuario'> <\/p>\n<h4 style='margin-top: 10px; color: inherit;'>MANUAL<\/h4>\n<p style='font-size: 14px; color: inherit;'>Descargue nuestra Gu\u00eda de usuario y siga las instrucciones.<\/p>\n<\/p><\/div>\n<\/p><\/div>\n<\/p><\/div>\n<p> <!-- Logo final --> <\/p>\n<div style='width: 100%; margin-bottom: 30px; text-align: center;'> <img style='width: auto; height: 80px; border: 1px solid rgba(150&comma;150&comma;150&comma;0.3); border-radius: 8px;' src='https:\/\/ftp3.syscom.mx\/usuarios\/ftp\/single_page\/shelly_img\/shelly_logo_white_std.png' alt='Logo Shelly'> <\/div>\n<\/p><\/div>\n","protected":false},"excerpt":{"rendered":"<p>Contacto magn\u00e9tico inteligente inal\u00e1mbrico BT \/ para puertas o ventanas \/ crear escenas y notificaciones en App<\/p>\n","protected":false},"featured_media":3371,"comment_status":"open","ping_status":"closed","template":"","meta":[],"product_brand":[],"product_cat":[148],"product_tag":[30,149,58],"class_list":{"0":"post-3372","1":"product","2":"type-product","3":"status-publish","4":"has-post-thumbnail","6":"product_cat-sensores-y-relevadores","7":"product_tag-automatizacion-casa-inteligente","8":"product_tag-sensores-y-relevadores","9":"product_tag-shelly","11":"first","12":"instock","13":"sale","14":"shipping-taxable","15":"purchasable","16":"product-type-simple"},"_links":{"self":[{"href":"https:\/\/soydeaqui.ddns.net\/pachuca\/index.php\/wp-json\/wp\/v2\/product\/3372","targetHints":{"allow":["GET"]}}],"collection":[{"href":"https:\/\/soydeaqui.ddns.net\/pachuca\/index.php\/wp-json\/wp\/v2\/product"}],"about":[{"href":"https:\/\/soydeaqui.ddns.net\/pachuca\/index.php\/wp-json\/wp\/v2\/types\/product"}],"replies":[{"embeddable":true,"href":"https:\/\/soydeaqui.ddns.net\/pachuca\/index.php\/wp-json\/wp\/v2\/comments?post=3372"}],"wp:featuredmedia":[{"embeddable":true,"href":"https:\/\/soydeaqui.ddns.net\/pachuca\/index.php\/wp-json\/wp\/v2\/media\/3371"}],"wp:attachment":[{"href":"https:\/\/soydeaqui.ddns.net\/pachuca\/index.php\/wp-json\/wp\/v2\/media?parent=3372"}],"wp:term":[{"taxonomy":"product_brand","embeddable":true,"href":"https:\/\/soydeaqui.ddns.net\/pachuca\/index.php\/wp-json\/wp\/v2\/product_brand?post=3372"},{"taxonomy":"product_cat","embeddable":true,"href":"https:\/\/soydeaqui.ddns.net\/pachuca\/index.php\/wp-json\/wp\/v2\/product_cat?post=3372"},{"taxonomy":"product_tag","embeddable":true,"href":"https:\/\/soydeaqui.ddns.net\/pachuca\/index.php\/wp-json\/wp\/v2\/product_tag?post=3372"}],"curies":[{"name":"wp","href":"https:\/\/api.w.org\/{rel}","templated":true}]}}