{"id":3370,"date":"2026-03-18T06:07:23","date_gmt":"2026-03-18T06:07:23","guid":{"rendered":"https:\/\/soydeaqui.ddns.net\/pachuca\/index.php\/producto\/kit-energizador-para-25-metros-de-proteccion\/"},"modified":"2026-03-18T06:07:23","modified_gmt":"2026-03-18T06:07:23","slug":"kit-energizador-para-25-metros-de-proteccion","status":"publish","type":"product","link":"https:\/\/soydeaqui.ddns.net\/pachuca\/index.php\/producto\/kit-energizador-para-25-metros-de-proteccion\/","title":{"rendered":"KIT Energizador para 25 Metros de proteccion"},"content":{"rendered":"<div style=\"width: 100%; max-width: 1200px; margin: 0 auto; font-family: sans-serif; line-height: 1.6; color: inherit; background-color: transparent;\"><!-- Imagen principal --><\/p>\n<div style=\"margin-bottom: 30px; text-align: center;\"><img decoding=\"async\" style=\"width: 100%; height: auto; border: 1px solid rgba(150&comma; 150&comma; 150&comma; 0.3); border-radius: 8px; max-width: 940px;\" src=\"https:\/\/ftp3.syscom.mx\/usuarios\/vvega\/yonusa\/equipos\/sysnghs\/Encabezado%20Nombres.jpg\" alt=\"\" class=\"fr-fic fr-dii\"><\/div>\n<p><!-- Descripci\u00f3n general --><\/p>\n<div style=\"margin-bottom: 30px; font-size: 15px;\">\n<p>El mejor y m&aacute;s rentable sistema de protecci&oacute;n perimetral con tarjeta fabricada con tecnolog&iacute;a SMT&comma; ideal para proteger casas&comma; condominios&comma; empresas y predios. Sistema disuasivo mediante letreros de Alto Voltaje y repulsivo que genera una descarga de m&aacute;s de 12&comma;000 Voltios sin da&ntilde;ar al intruso.<\/p>\n<p style=\"font-weight: bold; color: inherit; opacity: 0.8;\"><u>Consumo de energ&iacute;a el&eacute;ctrica aproximado de $0.2 USD mensuales = 1.2 kw\/mes.<\/u><\/p>\n<p style=\"color: #2880b9; font-weight: bold;\">Este equipo incluye 1 Energizador + Receptor RF Integrado + 1 Llavero <a href=\"https:\/\/www.syscom.mx\/principal\/searchcont?route=KEYFOB-HS-YONUSA-229611&#038;autodetect=keyfobhs\" style=\"color: inherit; text-decoration: underline;\">KEYFOB-HS<\/a><\/p>\n<\/div>\n<p><!-- Contenido del KIT --><\/p>\n<div style=\"margin-bottom: 30px;\">\n<h3 style=\"font-size: 18px; font-weight: bold; margin-top: 0; color: inherit; opacity: 0.9;\">Este KIT incluye lo siguiente:<\/h3>\n<ul style=\"padding-left: 20px; font-size: 14px; list-style-type: disc; color: inherit;\">\n<li>1 x Energizador <a href=\"https:\/\/www.syscom.mx\/producto\/SYSNG-HS-YONUSA-222622.html\" target=\"_blank\" rel=\"noopener\" style=\"color: inherit; text-decoration: underline;\"><strong>SYSNGHS<\/strong><\/a><\/li>\n<li>1 x Bater&iacute;a de Respaldo <strong>LK5.512<\/strong><\/li>\n<li>3 x Letrero de Peligro de Alto Voltaje <a href=\"https:\/\/www.syscom.mx\/producto\/SYSLETV2-YONUSA-229200.html\" target=\"_blank\" rel=\"noopener\" style=\"color: inherit; text-decoration: underline;\"><strong>SYSLETV2<\/strong><\/a><\/li>\n<li>4 x Poste de Paso <a href=\"https:\/\/www.syscom.mx\/producto\/FENCEPOST3-YONUSA-175651.html\" target=\"_blank\" rel=\"noopener\" style=\"color: inherit; text-decoration: underline;\"><strong>FENCEPOST3<\/strong><\/a><\/li>\n<li>2 x Poste de Esquina <a href=\"https:\/\/www.syscom.mx\/producto\/FENCEPOST4-YONUSA-175652.html\" target=\"_blank\" rel=\"noopener\" style=\"color: inherit; text-decoration: underline;\"><strong>FENCEPOST4<\/strong><\/a><\/li>\n<li>10 x Tensores <a href=\"https:\/\/www.syscom.mx\/producto\/TEN3-16Z-YONUSA-32614.html\" target=\"_blank\" rel=\"noopener\" style=\"color: inherit; text-decoration: underline;\"><strong>TEN3\/16Z<\/strong><\/a><\/li>\n<li>2 x Opresores para cable <a href=\"https:\/\/www.syscom.mx\/producto\/SFOPRESOR-SFIRE-143598.html\" target=\"_blank\" rel=\"noopener\" style=\"color: inherit; text-decoration: underline;\"><strong>SFOPRESOR<\/strong><\/a><\/li>\n<li>1 x Bobina 50m cable doble aislado <a href=\"https:\/\/www.syscom.mx\/producto\/AWG50-SFIRE-11053.html\" target=\"_blank\" rel=\"noopener\" style=\"color: inherit; text-decoration: underline;\"><strong>AWG50<\/strong><\/a><\/li>\n<li>1 x Bobina cable Aluminio <strong>SF14AWG500<\/strong><a href=\"https:\/\/www.syscom.mx\/producto\/SF16AWG500-SFIRE-72353.html\" target=\"_blank\" rel=\"noopener\" style=\"color: inherit; text-decoration: underline;\"><strong><\/strong><\/a><\/li>\n<li>1 x Sirena<\/li>\n<li>1 x Gabinete para Sirena<\/li>\n<\/ul>\n<\/div>\n<p><!-- Nota importante --><\/p>\n<div style=\"margin-bottom: 30px; padding: 15px; border-left: 4px solid #0091ff; background-color: rgba(0&comma;145&comma;255&comma;0.05); color: inherit;\">\n<p style=\"margin: 0; font-weight: bold;\">Este KIT est&aacute; listo para 25 metros de protecci&oacute;n de manera lineal (1 solo lado) colocando un poste de paso cada 5 metros. En caso de tener 2 lados&comma; favor de considerar 1 poste <span style=\"color: #3598db;\">FENCEPOST4<\/span> extra.<\/p>\n<\/div>\n<p><!-- Secci\u00f3n de especificaciones en grid --><\/p>\n<div style=\"display: grid; grid-template-columns: repeat(auto-fill&comma; minmax(280px&comma; 1fr)); gap: 20px; margin-bottom: 30px;\"><!-- Funcionalidades --><\/p>\n<div style=\"border: 1px solid rgba(150&comma;150&comma;150&comma;0.4); border-radius: 8px; overflow: hidden;\">\n<div style=\"padding: 15px; border-bottom: 1px solid rgba(150&comma;150&comma;150&comma;0.2); font-weight: bold; font-size: 16px; color: inherit; background-color: rgba(0&comma;145&comma;255&comma;0.05);\">Funcionalidad<\/div>\n<div style=\"padding: 15px; color: inherit;\">\n<ul style=\"padding-left: 20px; margin: 0; font-size: 14px; list-style-type: disc;\">\n<li>Espacio interno para <a href=\"https:\/\/www.syscom.mx\/producto\/PL-4.5-12-EPCOM-POWERLINE-67464.html\" target=\"_blank\" rel=\"noopener\" style=\"color: inherit; text-decoration: underline;\">bater&iacute;a de 4 A\/h 12 Vcc<\/a>. &iexcl;Respaldo de hasta 4 d&iacute;as!<\/li>\n<li>Opci&oacute;n de alimentaci&oacute;n por Panel Solar.<\/li>\n<li>Alarma por atenuaci&oacute;n de voltaje&comma; corte o aterrizamiento de l&iacute;nea&comma; corte de l&iacute;nea de tierra.<\/li>\n<li>LEDs Visibles de Estatus del Equipo.<\/li>\n<li>Excelente estabilidad ante lluvia (sin falsas alarmas).<\/li>\n<li>Control de llave de seguridad para encendido y apagado.<\/li>\n<li>Receptor para Control Remoto Integrado (soporta hasta 20 controles 433 MHz).<\/li>\n<li>Capacidad de operar 1 sirena de 12 Vcc&comma; 30 Watts&comma; 120 dB (debe estar la bater&iacute;a de respaldo conectada).<\/li>\n<li>Sus circuitos de alimentaci&oacute;n se encuentran protegidos por fusibles&comma; reguladores electr&oacute;nicos de voltaje que permite operar con variaci&oacute;n de &plusmn;15%.<\/li>\n<li>Operaci&oacute;n sin ruido el&eacute;ctrico por su arrestador de picos integrado.<\/li>\n<\/ul>\n<\/div>\n<\/div>\n<p><!-- Caracter\u00edsticas F\u00edsicas y El\u00e9ctricas --><\/p>\n<div style=\"border: 1px solid rgba(150&comma;150&comma;150&comma;0.4); border-radius: 8px; overflow: hidden;\">\n<div style=\"padding: 15px; border-bottom: 1px solid rgba(150&comma;150&comma;150&comma;0.2); font-weight: bold; font-size: 16px; color: inherit; background-color: rgba(0&comma;145&comma;255&comma;0.05);\">Caracter&iacute;sticas F&iacute;sicas y El&eacute;ctricas<\/div>\n<div style=\"padding: 15px; color: inherit;\">\n<ul style=\"padding-left: 20px; margin: 0; font-size: 14px; list-style-type: disc;\">\n<li>Alimentaci&oacute;n 127 &#8211; 220 Vac o Panel Solar 12 Vcc.<\/li>\n<li>Dimensiones: 25 x 13 x 14 cm.<\/li>\n<li>Gabinete de Poliestireno retardante a flama (Norma V0).<\/li>\n<li>Gabinete NEMA 2&comma; briznas y llovisnas.<\/li>\n<li>Protecci&oacute;n antioxidante y contra rayos UV.<\/li>\n<li>Factor de humedad 72 %<\/li>\n<li>Temperatura de operaci&oacute;n: -5 a 40 &deg;C.<\/li>\n<li>Peso: 0.8 Kg (sin bater&iacute;a).<\/li>\n<li>2 Salidas de contacto seco (C NA NC).<\/li>\n<li>Fuerza Pulso Salida: 0.5 Joule.<\/li>\n<li>Voltaje de Salida: 12&comma;000 Volts.<\/li>\n<\/ul>\n<\/div>\n<\/div>\n<p><!-- Caracter\u00edsticas Destacadas --><\/p>\n<div style=\"border: 1px solid rgba(150&comma;150&comma;150&comma;0.4); border-radius: 8px; overflow: hidden;\">\n<div style=\"padding: 15px; border-bottom: 1px solid rgba(150&comma;150&comma;150&comma;0.2); font-weight: bold; font-size: 16px; color: inherit; background-color: rgba(0&comma;145&comma;255&comma;0.05);\">Caracter&iacute;sticas Destacadas<\/div>\n<div style=\"padding: 15px; color: inherit;\">\n<ul style=\"padding-left: 20px; margin: 0; font-size: 14px; list-style-type: disc;\">\n<li>Configuraci&oacute;n de salida de sirena para funcionamiento por 12 V o como contacto seco mediante Jumpers.<\/li>\n<li>Confirmaci&oacute;n de encendido y apagado del Cerco El&eacute;ctrico + Funci&oacute;n de P&aacute;nico con control remoto <a href=\"https:\/\/www.syscom.mx\/producto\/KEYFOB-HS-YONUSA-229611.html\" target=\"_blank\" rel=\"noopener\" style=\"color: inherit; text-decoration: underline;\">(incluye 1)<\/a>.<\/li>\n<li>Aplicaci&oacute;n m&oacute;vil con equipo <a href=\"https:\/\/www.syscom.mx\/producto\/TARJET-WIFI-LITE-YONUSA-205318.html\" style=\"color: inherit; text-decoration: underline;\"><strong>TARJETWIFILITE<\/strong><\/a>&comma; con la cual podemos apagar \/ encender el equipo&comma; activar un p&aacute;nico&comma; recibir alertas de activaci&oacute;n o bater&iacute;a baja&comma; encender luminarias entre otras funciones.<\/li>\n<li>El modelo <a href=\"https:\/\/www.syscom.mx\/producto\/AMP30-YONUSA-189759.html\" target=\"_blank\" rel=\"noopener\" style=\"color: inherit; text-decoration: underline;\"><strong>AMP30<\/strong><\/a>&comma; el cual nos ayuda a a&ntilde;adir m&aacute;s metros de protecci&oacute;n en el per&iacute;metro o mayor potencia de impacto (hasta 30% extra)&comma; tambi&eacute;n nos ayuda para solucionar temas de inducci&oacute;n.<\/li>\n<\/ul>\n<p style=\"font-style: italic; margin-top: 15px; margin-bottom: 0;\"><em>NOTA: se recomienda utilizar alambre de aluminio calibre 14 o 16<\/em><\/p>\n<\/div>\n<\/div>\n<\/div>\n<p><!-- Im\u00e1genes adicionales --><\/p>\n<div style=\"display: flex; flex-direction: column; gap: 30px; margin-bottom: 30px;\">\n<div style=\"text-align: center;\"><img decoding=\"async\" style=\"width: 100%; height: auto; border: 1px solid rgba(150&comma; 150&comma; 150&comma; 0.3); border-radius: 8px; max-width: 940px;\" src=\"https:\/\/ftp3.syscom.mx\/usuarios\/vvega\/yonusa\/equipos\/sysnghs\/Linea%20Divisoria.jpg\" alt=\"\" class=\"fr-fic fr-dii\"><\/div>\n<div style=\"text-align: center;\"><img decoding=\"async\" style=\"width: 100%; height: auto; border: 1px solid rgba(150&comma; 150&comma; 150&comma; 0.3); border-radius: 8px; max-width: 950px;\" src=\"https:\/\/ftp3.syscom.mx\/usuarios\/vvega\/yonusa\/Instalacion1.png\" alt=\"\" class=\"fr-fic fr-dii\"><\/div>\n<\/div>\n<\/div>\n","protected":false},"excerpt":{"rendered":"<p>KIT Energizador para 25 Metros de proteccion<\/p>\n","protected":false},"featured_media":3369,"comment_status":"open","ping_status":"closed","template":"","meta":[],"product_brand":[],"product_cat":[81],"product_tag":[82,83,84],"class_list":{"0":"post-3370","1":"product","2":"type-product","3":"status-publish","4":"has-post-thumbnail","6":"product_cat-energizadores","7":"product_tag-cercas-electricas","8":"product_tag-energizadores","9":"product_tag-yonusa","11":"first","12":"instock","13":"sale","14":"shipping-taxable","15":"purchasable","16":"product-type-simple"},"_links":{"self":[{"href":"https:\/\/soydeaqui.ddns.net\/pachuca\/index.php\/wp-json\/wp\/v2\/product\/3370","targetHints":{"allow":["GET"]}}],"collection":[{"href":"https:\/\/soydeaqui.ddns.net\/pachuca\/index.php\/wp-json\/wp\/v2\/product"}],"about":[{"href":"https:\/\/soydeaqui.ddns.net\/pachuca\/index.php\/wp-json\/wp\/v2\/types\/product"}],"replies":[{"embeddable":true,"href":"https:\/\/soydeaqui.ddns.net\/pachuca\/index.php\/wp-json\/wp\/v2\/comments?post=3370"}],"wp:featuredmedia":[{"embeddable":true,"href":"https:\/\/soydeaqui.ddns.net\/pachuca\/index.php\/wp-json\/wp\/v2\/media\/3369"}],"wp:attachment":[{"href":"https:\/\/soydeaqui.ddns.net\/pachuca\/index.php\/wp-json\/wp\/v2\/media?parent=3370"}],"wp:term":[{"taxonomy":"product_brand","embeddable":true,"href":"https:\/\/soydeaqui.ddns.net\/pachuca\/index.php\/wp-json\/wp\/v2\/product_brand?post=3370"},{"taxonomy":"product_cat","embeddable":true,"href":"https:\/\/soydeaqui.ddns.net\/pachuca\/index.php\/wp-json\/wp\/v2\/product_cat?post=3370"},{"taxonomy":"product_tag","embeddable":true,"href":"https:\/\/soydeaqui.ddns.net\/pachuca\/index.php\/wp-json\/wp\/v2\/product_tag?post=3370"}],"curies":[{"name":"wp","href":"https:\/\/api.w.org\/{rel}","templated":true}]}}