{"id":337,"date":"2026-03-18T05:38:41","date_gmt":"2026-03-18T05:38:41","guid":{"rendered":"https:\/\/soydeaqui.ddns.net\/pachuca\/index.php\/producto\/modulo-de-expansion-de-zonas-cableadas-vistahexphw-8-zonas-cableadas-16-con-duplicacion-compatible-con-vistah3-supervision-de-cableado-montaje-en-pared-o-caja-nfpa-72\/"},"modified":"2026-03-18T05:38:41","modified_gmt":"2026-03-18T05:38:41","slug":"modulo-de-expansion-de-zonas-cableadas-vistahexphw-8-zonas-cableadas-16-con-duplicacion-compatible-con-vistah3-supervision-de-cableado-montaje-en-pared-o-caja-nfpa-72","status":"publish","type":"product","link":"https:\/\/soydeaqui.ddns.net\/pachuca\/index.php\/producto\/modulo-de-expansion-de-zonas-cableadas-vistahexphw-8-zonas-cableadas-16-con-duplicacion-compatible-con-vistah3-supervision-de-cableado-montaje-en-pared-o-caja-nfpa-72\/","title":{"rendered":"M\u00f3dulo de Expansi\u00f3n de Zonas Cableadas VISTAHEXPHW \/ 8 Zonas Cableadas (16 con Duplicaci\u00f3n) \/ Compatible con VISTAH3 \/ Supervisi\u00f3n de Cableado \/ Montaje en Pared o Caja \/ NFPA-72"},"content":{"rendered":"<div style='width: 100%; max-width: 1200px; margin: 0 auto; font-family: sans-serif; line-height: 1.6; color: inherit; background-color: transparent;'>\n<div style='width: 100%; margin-bottom: 30px;'>\n<p style='font-size: 17px; line-height: 1.6; margin: 0;'>El m\u00f3dulo de expansi\u00f3n de zonas cableadas VISTAHEXPHW permite agregar 8 zonas adicionales (16 con duplicaci\u00f3n) a un sistema VISTAH. Este m\u00f3dulo incluye detecci\u00f3n de sabotaje y supervisi\u00f3n de cableado&comma; lo que garantiza la integridad del sistema. Ofrece flexibilidad de montaje en pared o caja&comma; y sus terminales removibles facilitan la instalaci\u00f3n.<\/p>\n<\/p><\/div>\n<div style='display: flex; flex-wrap: wrap; gap: 30px; margin-bottom: 30px;'>\n<div style='flex: 1 1 300px; min-width: 280px;'>\n<h3 style='font-size: 22px; border-bottom: 2px solid currentColor; padding-bottom: 5px; margin-top: 0; color: inherit; opacity: 0.8;'>Caracter\u00edsticas Principales<\/h3>\n<ul style='padding-left: 20px; font-size: 15px; color: inherit;'>\n<li style='margin-bottom: 5px;'>8 zonas cableadas por m\u00f3dulo (16 con duplicaci\u00f3n)<\/li>\n<li style='margin-bottom: 5px;'>Compatibilidad con zonas normalmente abiertas&comma; normalmente cerradas&comma; doble balanceadas y resistencias de fin de l\u00ednea<\/li>\n<li style='margin-bottom: 5px;'>Supervisi\u00f3n de cableado y detecci\u00f3n de sabotaje<\/li>\n<li style='margin-bottom: 5px;'>Montaje en pared o caja el\u00e9ctrica<\/li>\n<li style='margin-bottom: 5px;'>Terminales removibles para facilitar la instalaci\u00f3n<\/li>\n<li style='margin-bottom: 5px;'>Cumple con la norma NFPA-72<\/li>\n<\/ul><\/div>\n<\/p><\/div>\n<div style='display: flex; flex-wrap: wrap; gap: 20px; margin-bottom: 30px;'>\n<div style='flex: 1 1 250px; border: 1px solid rgba(150&comma; 150&comma; 150&comma; 0.4); border-radius: 8px; overflow: hidden; display: flex; flex-direction: column;'>\n<div style='padding: 15px; border-bottom: 1px solid rgba(150&comma; 150&comma; 150&comma; 0.2); font-weight: bold; font-size: 18px; color: inherit;'>Especificaciones<\/div>\n<div style='padding: 15px; color: inherit;'>\n<ul style='padding-left: 20px; margin: 0; font-size: 14px; list-style-type: disc;'>\n<li style='margin-bottom: 5px;'><strong>Dimensiones:<\/strong> 6.93&#8242; (176 mm) de ancho x 5.43&#8242; (138 mm) de alto x 1.99&#8242; (50.5 mm) de profundidad<\/li>\n<li style='margin-bottom: 5px;'><strong>Tensi\u00f3n de entrada:<\/strong> 12VDC nominal (10-14VDC)<\/li>\n<li style='margin-bottom: 5px;'><strong>Corriente de entrada:<\/strong> 40mA con las 8 zonas en uso<\/li>\n<li style='margin-bottom: 5px;'><strong>Tiempo de respuesta del bucle:<\/strong> 400ms<\/li>\n<li style='margin-bottom: 5px;'><strong>Resistencia de bucle requerida:<\/strong> 2K ohm<\/li>\n<li style='margin-bottom: 5px;'><strong>Temperatura de operaci\u00f3n:<\/strong> 32 a 122\u00b0F (0 a 50\u00b0C)<\/li>\n<li style='margin-bottom: 5px;'><strong>Humedad de operaci\u00f3n:<\/strong> 0-95% (humedad relativa)<\/li>\n<\/ul><\/div>\n<\/p><\/div>\n<div style='flex: 1 1 250px; border: 1px solid rgba(150&comma; 150&comma; 150&comma; 0.4); border-radius: 8px; overflow: hidden; display: flex; flex-direction: column;'>\n<div style='padding: 15px; border-bottom: 1px solid rgba(150&comma; 150&comma; 150&comma; 0.2); font-weight: bold; font-size: 18px; color: inherit;'>Interfaces y Conectividad<\/div>\n<div style='padding: 15px; color: inherit;'>\n<ul style='padding-left: 20px; margin: 0; font-size: 14px; list-style-type: disc;'>\n<li style='margin-bottom: 5px;'>Alimentaci\u00f3n regulada a bordo&comma; respaldada por bater\u00eda en caso de p\u00e9rdida de AC<\/li>\n<li style='margin-bottom: 5px;'>Compatibilidad con VISTAH3<\/li>\n<\/ul><\/div>\n<\/p><\/div>\n<\/p><\/div>\n<div style='display: grid; grid-template-columns: repeat(auto-fill&comma; minmax(280px&comma; 1fr)); gap: 20px; margin-bottom: 30px;'>\n<div style='border: 1px solid rgba(150&comma; 150&comma; 150&comma; 0.4); border-radius: 8px; overflow: hidden; padding: 15px; background-color: rgba(255&comma;255&comma;255&comma;0.02);'>\n<h3 style='font-size: 17px; font-weight: bold; margin-top: 0; margin-bottom: 10px; color: inherit;'>Seguridad Residencial<\/h3>\n<p style='margin: 0; font-size: 14px; color: inherit;'>Ideal para ampliar sistemas de seguridad en hogares&comma; permitiendo la integraci\u00f3n de m\u00e1s sensores cableados.<\/p>\n<\/p><\/div>\n<div style='border: 1px solid rgba(150&comma; 150&comma; 150&comma; 0.4); border-radius: 8px; overflow: hidden; padding: 15px; background-color: rgba(255&comma;255&comma;255&comma;0.02);'>\n<h3 style='font-size: 17px; font-weight: bold; margin-top: 0; margin-bottom: 10px; color: inherit;'>Seguridad Comercial<\/h3>\n<p style='margin: 0; font-size: 14px; color: inherit;'>Perfecto para peque\u00f1as y medianas empresas que requieren una expansi\u00f3n flexible de zonas de seguridad.<\/p>\n<\/p><\/div>\n<div style='border: 1px solid rgba(150&comma; 150&comma; 150&comma; 0.4); border-radius: 8px; overflow: hidden; padding: 15px; background-color: rgba(255&comma;255&comma;255&comma;0.02);'>\n<h3 style='font-size: 17px; font-weight: bold; margin-top: 0; margin-bottom: 10px; color: inherit;'>Instalaciones Industriales<\/h3>\n<p style='margin: 0; font-size: 14px; color: inherit;'>\u00datil en entornos industriales donde se necesita supervisi\u00f3n de cableado y detecci\u00f3n de sabotaje.<\/p>\n<\/p><\/div>\n<\/p><\/div>\n<hr style='border: 0; border-top: 1px solid rgba(150&comma; 150&comma; 150&comma; 0.3); margin: 30px 0;'> <\/div>\n","protected":false},"excerpt":{"rendered":"<p>M\u00f3dulo de Expansi\u00f3n de Zonas Cableadas VISTAHEXPHW \/ 8 Zonas Cableadas (16 con Duplicaci\u00f3n) \/ Compatible con VISTAH3 \/ Supervisi\u00f3n de Cableado \/ Montaje en Pared o Caja \/ NFPA-72<\/p>\n","protected":false},"featured_media":336,"comment_status":"open","ping_status":"closed","template":"","meta":[],"product_brand":[],"product_cat":[174],"product_tag":[45,172,175],"class_list":{"0":"post-337","1":"product","2":"type-product","3":"status-publish","4":"has-post-thumbnail","6":"product_cat-modulos-de-expansion-cableado","7":"product_tag-honeywell-home-resideo","8":"product_tag-modulos-de-expansion","9":"product_tag-modulos-de-expansion-cableado","11":"first","12":"outofstock","13":"sale","14":"shipping-taxable","15":"purchasable","16":"product-type-simple"},"_links":{"self":[{"href":"https:\/\/soydeaqui.ddns.net\/pachuca\/index.php\/wp-json\/wp\/v2\/product\/337","targetHints":{"allow":["GET"]}}],"collection":[{"href":"https:\/\/soydeaqui.ddns.net\/pachuca\/index.php\/wp-json\/wp\/v2\/product"}],"about":[{"href":"https:\/\/soydeaqui.ddns.net\/pachuca\/index.php\/wp-json\/wp\/v2\/types\/product"}],"replies":[{"embeddable":true,"href":"https:\/\/soydeaqui.ddns.net\/pachuca\/index.php\/wp-json\/wp\/v2\/comments?post=337"}],"wp:featuredmedia":[{"embeddable":true,"href":"https:\/\/soydeaqui.ddns.net\/pachuca\/index.php\/wp-json\/wp\/v2\/media\/336"}],"wp:attachment":[{"href":"https:\/\/soydeaqui.ddns.net\/pachuca\/index.php\/wp-json\/wp\/v2\/media?parent=337"}],"wp:term":[{"taxonomy":"product_brand","embeddable":true,"href":"https:\/\/soydeaqui.ddns.net\/pachuca\/index.php\/wp-json\/wp\/v2\/product_brand?post=337"},{"taxonomy":"product_cat","embeddable":true,"href":"https:\/\/soydeaqui.ddns.net\/pachuca\/index.php\/wp-json\/wp\/v2\/product_cat?post=337"},{"taxonomy":"product_tag","embeddable":true,"href":"https:\/\/soydeaqui.ddns.net\/pachuca\/index.php\/wp-json\/wp\/v2\/product_tag?post=337"}],"curies":[{"name":"wp","href":"https:\/\/api.w.org\/{rel}","templated":true}]}}