{"id":3361,"date":"2026-03-18T06:07:18","date_gmt":"2026-03-18T06:07:18","guid":{"rendered":"https:\/\/soydeaqui.ddns.net\/pachuca\/index.php\/producto\/detector-de-movimiento-con-antimascara-100-exterior-cableado-hasta-24-metros-instalacion-hasta-3-metros-compatible-con-cualquier-panel-de-alarma\/"},"modified":"2026-03-18T06:07:18","modified_gmt":"2026-03-18T06:07:18","slug":"detector-de-movimiento-con-antimascara-100-exterior-cableado-hasta-24-metros-instalacion-hasta-3-metros-compatible-con-cualquier-panel-de-alarma","status":"publish","type":"product","link":"https:\/\/soydeaqui.ddns.net\/pachuca\/index.php\/producto\/detector-de-movimiento-con-antimascara-100-exterior-cableado-hasta-24-metros-instalacion-hasta-3-metros-compatible-con-cualquier-panel-de-alarma\/","title":{"rendered":"Detector de Movimiento con Antimascara \/ 100% Exterior \/  Cableado \/ Hasta 24 metros \/ Instalaci\u00f3n hasta 3 metros \/ Compatible con cualquier panel de alarma"},"content":{"rendered":"<div style='width: 100%; max-width: 1200px; margin: 0 auto; font-family: sans-serif; line-height: 1.6; color: inherit; background-color: transparent;'>\n<div style='display: flex; flex-direction: column; align-items: center; text-align: center; margin-bottom: 30px;'>\n<h1 style='font-size: 24px; margin: 0 0 10px; color: inherit;'>Detector PIR para exteriores de alto rango de rango estrecho y largo de 24 M<\/h1>\n<h2 style='font-size: 20px; margin: 0 0 20px; color: inherit;'>Serie HX-80NAM<\/h2>\n<p style='font-size: 15px; max-width: 800px; margin: 0 auto; color: inherit;'> Para adaptarse a la pendiente del terreno&comma; la abrazadera del HX-80NAM se puede girar horizontalmente 180 grados e inclinar verticalmente hacia arriba y hacia abajo. Con las tapas y placas que incorpora&comma; el HX-80NAM se puede instalar para enmascarar el alcance m\u00e1s ancho o el m\u00e1s corto&comma; y poder enfocarse \u00fanicamente en el \u00e1rea de inter\u00e9s&comma; ademas de que cuenta con funcion antimascara para que no saboten el sensor facilmente <\/p>\n<\/p><\/div>\n<div style='display: flex; flex-wrap: wrap; gap: 30px; margin-bottom: 40px;'>\n<div style='flex: 1 1 300px; min-width: 280px;'>\n<div style='width: 100%;'> <img style='width: 100%; height: auto; border: 1px solid rgba(150&comma;150&comma;150&comma;0.3); border-radius: 8px;' src='https:\/\/www.optex.co.jp\/e\/products\/intrusion-detection\/passivesensor\/tdphtg0000001ahc-img\/tdphtg0000003q7b.png' alt=''> <\/p>\n<div style='border-top: 5px solid #0000FF; padding: 15px; margin-top: 10px; background-color: rgba(238&comma;238&comma;238&comma;0.5);'>\n<h3 style='font-size: 18px; margin-top: 0; margin-bottom: 10px; color: inherit;'>Pendiente de amistad<\/h3>\n<p style='font-size: 14px; margin: 0; color: inherit;'> No todo el terreno exterior es plano como la mayor\u00eda de los ambientes interiores. Las pendientes pronunciadas pueden causar efectos negativos en la funci\u00f3n de rendimiento de captura. El soporte incluido ajustable permite al HX mantener el rendimiento \u00f3ptimo de captura. <\/p>\n<\/p><\/div>\n<\/p><\/div>\n<\/p><\/div>\n<div style='flex: 1 1 300px; min-width: 280px;'>\n<div style='width: 100%;'> <img style='width: 100%; height: auto; border: 1px solid rgba(150&comma;150&comma;150&comma;0.3); border-radius: 8px;' src='https:\/\/www.optex.co.jp\/e\/products\/intrusion-detection\/passivesensor\/tdphtg0000001ahc-img\/tdphtg0000003q8p.png' alt=''> <\/p>\n<div style='border-top: 5px solid #0000FF; padding: 15px; margin-top: 10px; background-color: rgba(238&comma;238&comma;238&comma;0.5);'>\n<h3 style='font-size: 18px; margin-top: 0; margin-bottom: 10px; color: inherit;'>Aletas para l\u00edmite de larga distancia<\/h3>\n<p style='font-size: 14px; margin: 0; color: inherit;'> Para ajustar el largo rango de detecci\u00f3n&comma; configure las aletas superior e inferior. La serie HX presenta un excelente rendimiento de captura. El elemento m\u00e1s importante en un detector exterior confiable es la precisi\u00f3n para distinguir un humano de un animal peque\u00f1o. El exclusivo elemento piro a bordo permite que el HX proyecte un patr\u00f3n de detecci\u00f3n ideal&comma; lo que permite una detecci\u00f3n m\u00e1s precisa de los humanos y menos falsas alarmas. <\/p>\n<\/p><\/div>\n<\/p><\/div>\n<\/p><\/div>\n<div style='flex: 1 1 300px; min-width: 280px;'>\n<div style='width: 100%;'> <img style='width: 100%; height: auto; border: 1px solid rgba(150&comma;150&comma;150&comma;0.3); border-radius: 8px;' src='https:\/\/www.optex.co.jp\/e\/products\/intrusion-detection\/passivesensor\/tdphtg0000001ahc-img\/tdphtg0000003q91.png' alt=''> <\/p>\n<div style='border-top: 5px solid #0000FF; padding: 15px; margin-top: 10px; background-color: rgba(238&comma;238&comma;238&comma;0.5);'>\n<h3 style='font-size: 18px; margin-top: 0; margin-bottom: 10px; color: inherit;'>Placas para enmascarar de corto alcance<\/h3>\n<p style='font-size: 14px; margin: 0; color: inherit;'> Para ajustar el corto rango de detecci\u00f3n. Coloca las placas de enmascarar. Al usar nuestro blindaje de doble conducci\u00f3n&comma; la perturbaci\u00f3n de la luz visible y la RFI pueden bloquearse. <\/p>\n<\/p><\/div>\n<\/p><\/div>\n<\/p><\/div>\n<\/p><\/div>\n<div style='display: flex; flex-wrap: wrap; gap: 30px; margin-bottom: 40px;'>\n<div style='flex: 1 1 400px; min-width: 280px;'> <img style='width: 100%; height: auto; border: 1px solid rgba(150&comma;150&comma;150&comma;0.3); border-radius: 8px;' src='https:\/\/www.optex.co.jp\/e\/products\/intrusion-detection\/passivesensor\/tdphtg0000001ahc-img\/tdphtg0000001ajp.jpg' alt=''> <\/div>\n<div style='flex: 1 1 400px; min-width: 280px;'>\n<h3 style='font-size: 18px; margin-top: 0; margin-bottom: 15px; color: inherit;'>HX80N &#8211; El PIR con alto rango de deteccion<\/h3>\n<p style='font-size: 14px; margin-bottom: 15px; color: inherit;'> Los PIR HX-80N se montan a una distancia de entre <strong style='color: inherit;'>2&comma;5 y 3 metros de alto<\/strong> y ofrecen detecci\u00f3n volum\u00e9trica reducida de intrusiones en <strong style='color: inherit;'>exterior de hasta 24 m<\/strong>. La serie HX-80N resulta ideal para proteger callejones&comma; \u00e1reas a lo largo de vallas o las aproximaciones inmediatas a un edificio. Se ha dise\u00f1ado para distinguir entre personas y mascotas de un tama\u00f1o de peque\u00f1o a mediano&comma; lo que reduce mucho el riesgo de falsas alarmas. El HX-80N es el modelo est\u00e1ndar <strong style='color: inherit;'>cableado&comma; compatible con cualquier panel de alarma<\/strong>. <\/p>\n<\/p><\/div>\n<\/p><\/div>\n<div style='display: flex; flex-wrap: wrap; gap: 30px; margin-bottom: 40px;'>\n<div style='flex: 1 1 300px; min-width: 280px;'>\n<div style='border: 1px solid rgba(150&comma;150&comma;150&comma;0.4); border-radius: 8px; overflow: hidden;'>\n<div style='padding: 15px; border-bottom: 1px solid rgba(150&comma;150&comma;150&comma;0.2); font-weight: bold; font-size: 16px; background-color: rgba(238&comma;238&comma;238&comma;0.5); color: inherit;'>Caracter\u00edsticas<\/div>\n<div style='padding: 15px; color: inherit;'>\n<ul style='padding-left: 20px; margin: 0; font-size: 14px; list-style-position: inside;'>\n<li style='margin-bottom: 8px;'>Altura de montaje 2.5-3m<\/li>\n<li style='margin-bottom: 8px;'>Anti-enmascaramiento digital IR activo<\/li>\n<li style='margin-bottom: 8px;'>Configuraci\u00f3n de \u00e1rea de detecci\u00f3n flexible<\/li>\n<li style='margin-bottom: 8px;'>Aletas para l\u00edmite de larga distancia<\/li>\n<li style='margin-bottom: 8px;'>Placas para enmascarar de corto alcance<\/li>\n<li style='margin-bottom: 8px;'>Inteligente y l\u00f3gica con un elemento piro \u00fanico<\/li>\n<li style='margin-bottom: 8px;'>Anti-enmascaramiento digital IR activo (solo <a href='https:\/\/www.syscom.mx\/producto\/HX80NRAM-OPTEX-187847.html' style='color: inherit; text-decoration: underline;'>HX-80NRAM<\/a>)<\/li>\n<li style='margin-bottom: 8px;'>Caja de bater\u00eda para numerosos tipos de bater\u00eda (solo <a href='https:\/\/www.syscom.mx\/producto\/HX80NRAM-OPTEX-187847.html' style='color: inherit; text-decoration: underline;'>HX-80NRAM<\/a>)<\/li>\n<\/ul><\/div>\n<\/p><\/div>\n<\/p><\/div>\n<div style='flex: 1 1 300px; min-width: 280px;'> <img style='width: 100%; height: auto; border: 1px solid rgba(150&comma;150&comma;150&comma;0.3); border-radius: 8px;' src='https:\/\/www.optex.co.jp\/e\/products\/intrusion-detection\/passivesensor\/tdphtg0000001ahc-img\/tdphtg00000031kb.png' alt=''> <\/div>\n<\/p><\/div>\n<div style='display: flex; flex-wrap: wrap; gap: 30px; margin-bottom: 40px;'>\n<div style='flex: 1 1 450px; min-width: 300px;'>\n<div style='position: relative; padding-bottom: 56.25%; height: 0; overflow: hidden;'>   <\/div>\n<\/p><\/div>\n<div style='flex: 1 1 450px; min-width: 300px;'>\n<div style='position: relative; padding-bottom: 56.25%; height: 0; overflow: hidden;'>   <\/div>\n<\/p><\/div>\n<\/p><\/div>\n<hr style='border: 0; border-top: 1px solid rgba(150&comma;150&comma;150&comma;0.3); margin: 40px 0;'> <\/div>\n","protected":false},"excerpt":{"rendered":"<p>Detector de Movimiento con Antimascara \/ 100% Exterior \/  Cableado \/ Hasta 24 metros \/ Instalaci\u00f3n hasta 3 metros \/ Compatible con cualquier panel de alarma<\/p>\n","protected":false},"featured_media":3360,"comment_status":"open","ping_status":"closed","template":"","meta":[],"product_brand":[],"product_cat":[202],"product_tag":[19,203,106],"class_list":{"0":"post-3361","1":"product","2":"type-product","3":"status-publish","4":"has-post-thumbnail","6":"product_cat-movimiento-para-exterior","7":"product_tag-detectores-sensores","8":"product_tag-movimiento-para-exterior","9":"product_tag-optex","11":"first","12":"outofstock","13":"sale","14":"shipping-taxable","15":"purchasable","16":"product-type-simple"},"_links":{"self":[{"href":"https:\/\/soydeaqui.ddns.net\/pachuca\/index.php\/wp-json\/wp\/v2\/product\/3361","targetHints":{"allow":["GET"]}}],"collection":[{"href":"https:\/\/soydeaqui.ddns.net\/pachuca\/index.php\/wp-json\/wp\/v2\/product"}],"about":[{"href":"https:\/\/soydeaqui.ddns.net\/pachuca\/index.php\/wp-json\/wp\/v2\/types\/product"}],"replies":[{"embeddable":true,"href":"https:\/\/soydeaqui.ddns.net\/pachuca\/index.php\/wp-json\/wp\/v2\/comments?post=3361"}],"wp:featuredmedia":[{"embeddable":true,"href":"https:\/\/soydeaqui.ddns.net\/pachuca\/index.php\/wp-json\/wp\/v2\/media\/3360"}],"wp:attachment":[{"href":"https:\/\/soydeaqui.ddns.net\/pachuca\/index.php\/wp-json\/wp\/v2\/media?parent=3361"}],"wp:term":[{"taxonomy":"product_brand","embeddable":true,"href":"https:\/\/soydeaqui.ddns.net\/pachuca\/index.php\/wp-json\/wp\/v2\/product_brand?post=3361"},{"taxonomy":"product_cat","embeddable":true,"href":"https:\/\/soydeaqui.ddns.net\/pachuca\/index.php\/wp-json\/wp\/v2\/product_cat?post=3361"},{"taxonomy":"product_tag","embeddable":true,"href":"https:\/\/soydeaqui.ddns.net\/pachuca\/index.php\/wp-json\/wp\/v2\/product_tag?post=3361"}],"curies":[{"name":"wp","href":"https:\/\/api.w.org\/{rel}","templated":true}]}}