{"id":33567,"date":"2026-03-18T15:01:46","date_gmt":"2026-03-18T15:01:46","guid":{"rendered":"https:\/\/soydeaqui.ddns.net\/pachuca\/index.php\/producto\/adaptador-modbus-rs-485-para-usar-con-detectores-de-la-serie-6-de-macurco\/"},"modified":"2026-03-18T15:01:47","modified_gmt":"2026-03-18T15:01:47","slug":"adaptador-modbus-rs-485-para-usar-con-detectores-de-la-serie-6-de-macurco","status":"publish","type":"product","link":"https:\/\/soydeaqui.ddns.net\/pachuca\/index.php\/producto\/adaptador-modbus-rs-485-para-usar-con-detectores-de-la-serie-6-de-macurco\/","title":{"rendered":"Adaptador Modbus RS-485 para usar con detectores de la serie 6 de Macurco"},"content":{"rendered":"<div style='width: 100%; max-width: 1200px; margin: 0 auto; font-family: sans-serif; line-height: 1.6; color: inherit; background-color: transparent;'> <!-- Secci\u00f3n de caracter\u00edsticas principales --> <\/p>\n<div style='display: flex; flex-wrap: wrap; gap: 30px; margin-bottom: 30px;'>\n<div style='flex: 1 1 300px; min-width: 280px;'>\n<h3 style='font-size: 22px; border-bottom: 2px solid currentColor; padding-bottom: 5px; margin-top: 0; color: inherit; opacity: 0.8;'>Caracter\u00edsticas Principales<\/h3>\n<ul style='padding-left: 20px; font-size: 15px; color: inherit;'>\n<li style='margin-bottom: 5px;'>Interconecta la alimentaci\u00f3n del detector y las l\u00edneas de salida de 4-20 mA<\/li>\n<li style='margin-bottom: 5px;'>Monitorea las comunicaciones de tipo de sensor&comma; nivel de gas y estado de falla de cualquiera de los detectores de la serie 6 de Macurco<\/li>\n<li style='margin-bottom: 5px;'>La comunicaci\u00f3n est\u00e1 en una l\u00ednea serie Modbus<\/li>\n<li style='margin-bottom: 5px;'>Carcasa tipo comercial para proteger y soportar la electr\u00f3nica<\/li>\n<li style='margin-bottom: 5px;'>El LED tricolor indica el estado de alimentaci\u00f3n&comma; prueba y comunicaci\u00f3n<\/li>\n<li style='margin-bottom: 5px;'>Compatible con detectores: CM-6&comma; GD-6&comma; OX-6&comma; TX-6AM&comma; TX-6HS&comma; CD-6H<\/li>\n<\/ul><\/div>\n<\/p><\/div>\n<p> <!-- Secci\u00f3n de especificaciones --> <\/p>\n<div style='display: flex; flex-wrap: wrap; gap: 20px; margin-bottom: 30px;'>\n<div style='flex: 1 1 250px; border: 1px solid rgba(150&comma; 150&comma; 150&comma; 0.4); border-radius: 8px; overflow: hidden; display: flex; flex-direction: column;'>\n<div style='padding: 15px; border-bottom: 1px solid rgba(150&comma; 150&comma; 150&comma; 0.2); font-weight: bold; font-size: 18px; color: inherit;'>Especificaciones El\u00e9ctricas<\/div>\n<div style='padding: 15px; color: inherit;'>\n<ul style='padding-left: 20px; margin: 0; font-size: 14px; list-style-type: disc;'>\n<li style='margin-bottom: 5px;'><strong>Alimentaci\u00f3n:<\/strong> 12\/24 Vcc o Vca<\/li>\n<li style='margin-bottom: 5px;'><strong>Consumo:<\/strong> 3.25W (m\u00e1ximo)<\/li>\n<li style='margin-bottom: 5px;'><strong>Corriente:<\/strong> 85mA en estado de alarma<\/li>\n<li style='margin-bottom: 5px;'><strong>Baud Rate:<\/strong> 4800&comma; 9600&comma; 19200 (por defecto)&comma; 38.400&comma; 57.600&comma; 115.200 bps<\/li>\n<\/ul><\/div>\n<\/p><\/div>\n<div style='flex: 1 1 250px; border: 1px solid rgba(150&comma; 150&comma; 150&comma; 0.4); border-radius: 8px; overflow: hidden; display: flex; flex-direction: column;'>\n<div style='padding: 15px; border-bottom: 1px solid rgba(150&comma; 150&comma; 150&comma; 0.2); font-weight: bold; font-size: 18px; color: inherit;'>Especificaciones F\u00edsicas<\/div>\n<div style='padding: 15px; color: inherit;'>\n<ul style='padding-left: 20px; margin: 0; font-size: 14px; list-style-type: disc;'>\n<li style='margin-bottom: 5px;'><strong>Dimensiones:<\/strong> 89 X 51 X 44 mm (3\u00bd x 2 x 1\u00be pulgadas)<\/li>\n<li style='margin-bottom: 5px;'><strong>Peso:<\/strong> 0.25 libras (0.11 kg)<\/li>\n<li style='margin-bottom: 5px;'><strong>Tipo de carcasa:<\/strong> Comercial<\/li>\n<li style='margin-bottom: 5px;'><strong>Temperatura de operaci\u00f3n:<\/strong> -18 a 52 \u00b0C (0 a 125 \u00b0F)<\/li>\n<li style='margin-bottom: 5px;'><strong>Humedad:<\/strong> 10 a 90% sin condensaci\u00f3n<\/li>\n<\/ul><\/div>\n<\/p><\/div>\n<div style='flex: 1 1 250px; border: 1px solid rgba(150&comma; 150&comma; 150&comma; 0.4); border-radius: 8px; overflow: hidden; display: flex; flex-direction: column;'>\n<div style='padding: 15px; border-bottom: 1px solid rgba(150&comma; 150&comma; 150&comma; 0.2); font-weight: bold; font-size: 18px; color: inherit;'>Caracter\u00edsticas de Comunicaci\u00f3n<\/div>\n<div style='padding: 15px; color: inherit;'>\n<ul style='padding-left: 20px; margin: 0; font-size: 14px; list-style-type: disc;'>\n<li style='margin-bottom: 5px;'><strong>Tipo:<\/strong> Modbus RTU<\/li>\n<li style='margin-bottom: 5px;'><strong>Protocolo:<\/strong> RS-485<\/li>\n<li style='margin-bottom: 5px;'><strong>Conexi\u00f3n:<\/strong> Conector de 4 pines con jumper para selecci\u00f3n de terminaci\u00f3n<\/li>\n<li style='margin-bottom: 5px;'><strong>Se\u00f1ales:<\/strong> A&comma; B&comma; COM&comma; SHD<\/li>\n<li style='margin-bottom: 5px;'><strong>Topolog\u00eda:<\/strong> Bus RS-485 con terminaci\u00f3n seleccionable<\/li>\n<\/ul><\/div>\n<\/p><\/div>\n<div style='flex: 1 1 250px; border: 1px solid rgba(150&comma; 150&comma; 150&comma; 0.4); border-radius: 8px; overflow: hidden; display: flex; flex-direction: column;'>\n<div style='padding: 15px; border-bottom: 1px solid rgba(150&comma; 150&comma; 150&comma; 0.2); font-weight: bold; font-size: 18px; color: inherit;'>Instalaci\u00f3n<\/div>\n<div style='padding: 15px; color: inherit;'>\n<ul style='padding-left: 20px; margin: 0; font-size: 14px; list-style-type: disc;'>\n<li style='margin-bottom: 5px;'><strong>Selector de direcci\u00f3n:<\/strong> 8 bit dip switch<\/li>\n<li style='margin-bottom: 5px;'><strong>Montaje:<\/strong> Detr\u00e1s del detector en caja el\u00e9ctrica est\u00e1ndar 4&#215;4 pulgadas<\/li>\n<li style='margin-bottom: 5px;'><strong>Conexi\u00f3n:<\/strong> Se sujeta con un solo tornillo en la parte posterior del detector<\/li>\n<li style='margin-bottom: 5px;'><strong>Cableado recomendado:<\/strong> Cable trenzado blindado de 3 conductores<\/li>\n<\/ul><\/div>\n<\/p><\/div>\n<\/p><\/div>\n<p> <!-- Separador --> <\/p>\n<hr style='border: 0; border-top: 1px solid rgba(150&comma; 150&comma; 150&comma; 0.3); margin: 30px 0;'> <!-- Secci\u00f3n de compatibilidad --> <\/p>\n<div style='display: flex; flex-wrap: wrap; gap: 30px; margin-bottom: 30px;'>\n<div style='flex: 1 1 300px; min-width: 280px;'>\n<h3 style='font-size: 22px; border-bottom: 2px solid currentColor; padding-bottom: 5px; margin-top: 0; color: inherit; opacity: 0.8;'>Detectores Compatibles<\/h3>\n<ul style='padding-left: 20px; font-size: 15px; color: inherit;'>\n<li style='margin-bottom: 5px;'>CM-6<\/li>\n<li style='margin-bottom: 5px;'>GD-6<\/li>\n<li style='margin-bottom: 5px;'>OX-6<\/li>\n<li style='margin-bottom: 5px;'>TX-6AM<\/li>\n<li style='margin-bottom: 5px;'>TX-6HS<\/li>\n<li style='margin-bottom: 5px;'>CD-6H<\/li>\n<\/ul><\/div>\n<\/p><\/div>\n<p> <!-- Separador --> <\/p>\n<hr style='border: 0; border-top: 1px solid rgba(150&comma; 150&comma; 150&comma; 0.3); margin: 30px 0;'> <!-- Secci\u00f3n de aplicaciones --> <\/p>\n<div style='display: flex; flex-wrap: wrap; gap: 30px; margin-bottom: 30px;'>\n<div style='flex: 1 1 300px; min-width: 280px;'>\n<h3 style='font-size: 22px; border-bottom: 2px solid currentColor; padding-bottom: 5px; margin-top: 0; color: inherit; opacity: 0.8;'>Aplicaciones<\/h3>\n<ul style='padding-left: 20px; font-size: 15px; color: inherit;'>\n<li style='margin-bottom: 5px;'>Sistemas de automatizaci\u00f3n de edificios (BAS)<\/li>\n<li style='margin-bottom: 5px;'>Paneles de control<\/li>\n<li style='margin-bottom: 5px;'>Sistemas HVAC<\/li>\n<li style='margin-bottom: 5px;'>Sistemas de seguridad contra incendios<\/li>\n<li style='margin-bottom: 5px;'>\u00c1reas comerciales como aparcamientos y almacenes<\/li>\n<\/ul><\/div>\n<\/p><\/div>\n<p> <!-- Separador --> <\/p>\n<hr style='border: 0; border-top: 1px solid rgba(150&comma; 150&comma; 150&comma; 0.3); margin: 30px 0;'> <!-- Secci\u00f3n de requisitos de cableado --> <\/p>\n<div style='display: flex; flex-wrap: wrap; gap: 30px; margin-bottom: 30px;'>\n<div style='flex: 1 1 300px; min-width: 280px;'>\n<h3 style='font-size: 22px; border-bottom: 2px solid currentColor; padding-bottom: 5px; margin-top: 0; color: inherit; opacity: 0.8;'>Requisitos de Cableado<\/h3>\n<ul style='padding-left: 20px; font-size: 15px; color: inherit;'>\n<li style='margin-bottom: 5px;'>Utilizar cable trenzado y blindado para reducir ruido<\/li>\n<li style='margin-bottom: 5px;'>M\u00ednimo 3 conductores: par trenzado para se\u00f1al (A&#038;B)&comma; com\u00fan (COM)<\/li>\n<li style='margin-bottom: 5px;'>Recomendado: cable blindado de 3 conductores con par trenzado para se\u00f1al (A&#038;B)&comma; com\u00fan (COM) y escudo (SHD)<\/li>\n<li style='margin-bottom: 5px;'>Evitar correr Modbus en cables adyacentes o en el mismo conducto que cables de alta tensi\u00f3n<\/li>\n<\/ul><\/div>\n<\/p><\/div>\n<\/p><\/div>\n","protected":false},"excerpt":{"rendered":"<p>Adaptador Modbus RS-485 para usar con detectores de la serie 6 de Macurco<\/p>\n","protected":false},"featured_media":33566,"comment_status":"open","ping_status":"closed","template":"","meta":[],"product_brand":[],"product_cat":[448],"product_tag":[449,989,225],"class_list":{"0":"post-33567","1":"product","2":"type-product","3":"status-publish","4":"has-post-thumbnail","6":"product_cat-todo-accesorios-y-dispositivos-direccionables","7":"product_tag-accesorios-y-dispositivos-direccionables","8":"product_tag-macurco-aerionics","9":"product_tag-todo","11":"first","12":"outofstock","13":"sale","14":"shipping-taxable","15":"purchasable","16":"product-type-simple"},"_links":{"self":[{"href":"https:\/\/soydeaqui.ddns.net\/pachuca\/index.php\/wp-json\/wp\/v2\/product\/33567","targetHints":{"allow":["GET"]}}],"collection":[{"href":"https:\/\/soydeaqui.ddns.net\/pachuca\/index.php\/wp-json\/wp\/v2\/product"}],"about":[{"href":"https:\/\/soydeaqui.ddns.net\/pachuca\/index.php\/wp-json\/wp\/v2\/types\/product"}],"replies":[{"embeddable":true,"href":"https:\/\/soydeaqui.ddns.net\/pachuca\/index.php\/wp-json\/wp\/v2\/comments?post=33567"}],"wp:featuredmedia":[{"embeddable":true,"href":"https:\/\/soydeaqui.ddns.net\/pachuca\/index.php\/wp-json\/wp\/v2\/media\/33566"}],"wp:attachment":[{"href":"https:\/\/soydeaqui.ddns.net\/pachuca\/index.php\/wp-json\/wp\/v2\/media?parent=33567"}],"wp:term":[{"taxonomy":"product_brand","embeddable":true,"href":"https:\/\/soydeaqui.ddns.net\/pachuca\/index.php\/wp-json\/wp\/v2\/product_brand?post=33567"},{"taxonomy":"product_cat","embeddable":true,"href":"https:\/\/soydeaqui.ddns.net\/pachuca\/index.php\/wp-json\/wp\/v2\/product_cat?post=33567"},{"taxonomy":"product_tag","embeddable":true,"href":"https:\/\/soydeaqui.ddns.net\/pachuca\/index.php\/wp-json\/wp\/v2\/product_tag?post=33567"}],"curies":[{"name":"wp","href":"https:\/\/api.w.org\/{rel}","templated":true}]}}