{"id":33539,"date":"2026-03-18T15:01:13","date_gmt":"2026-03-18T15:01:13","guid":{"rendered":"https:\/\/soydeaqui.ddns.net\/pachuca\/index.php\/producto\/detector-de-humo-por-haz-reflejado-direccionable-compatible-con-paneles-direccionables-silent-knight\/"},"modified":"2026-03-18T15:01:14","modified_gmt":"2026-03-18T15:01:14","slug":"detector-de-humo-por-haz-reflejado-direccionable-compatible-con-paneles-direccionables-silent-knight","status":"publish","type":"product","link":"https:\/\/soydeaqui.ddns.net\/pachuca\/index.php\/producto\/detector-de-humo-por-haz-reflejado-direccionable-compatible-con-paneles-direccionables-silent-knight\/","title":{"rendered":"Detector de Humo por Haz Reflejado \/ Direccionable \/ Compatible con paneles Direccionables Silent Knight"},"content":{"rendered":"<div style='width: 100%; max-width: 1200px; margin: 0 auto; font-family: sans-serif; line-height: 1.6; color: inherit; background-color: transparent;'>\n<div style='display: flex; flex-wrap: wrap; gap: 30px; margin-bottom: 30px;'>\n<div style='flex: 1 1 300px; min-width: 280px;'>\n<h3 style='font-size: 22px; border-bottom: 2px solid currentColor; padding-bottom: 5px; margin-top: 0; color: inherit; opacity: 0.8;'>Descripci\u00f3n<\/h3>\n<p style='font-size: 15px; color: inherit; margin-top: 0;'>El detector de humo de haz \u00f3ptico lineal de tipo reflector direccionable inteligente OSI-RI-SK es especialmente adecuado para proteger grandes \u00e1reas abiertas con techos altos&comma; donde los detectores de humo tipo spot son dif\u00edciles de instalar y mantener. Las aplicaciones ideales son almacenes&comma; atrios&comma; estadios deportivos y salas de conciertos. El haz funciona principalmente seg\u00fan el principio de oscurecimiento de la luz mediante infrarrojos. El detector OSI-RI-SK es un transmisor \/ receptor combinado y es compatible con los paneles de control de alarma contra incendios direccionables Silent Knight.<\/p>\n<\/p><\/div>\n<\/p><\/div>\n<div style='display: flex; flex-wrap: wrap; gap: 20px; margin-bottom: 30px;'>\n<div style='flex: 1 1 250px; border: 1px solid rgba(150&comma; 150&comma; 150&comma; 0.4); border-radius: 8px; overflow: hidden; display: flex; flex-direction: column;'>\n<div style='padding: 15px; border-bottom: 1px solid rgba(150&comma; 150&comma; 150&comma; 0.2); font-weight: bold; font-size: 18px; color: inherit;'>Caracter\u00edsticas<\/div>\n<div style='padding: 15px; color: inherit;'>\n<ul style='padding-left: 20px; margin: 0; font-size: 14px; list-style-type: disc;'>\n<li style='margin-bottom: 5px;'>Unidad combinada transmisor \/ receptor<\/li>\n<li style='margin-bottom: 5px;'>Amplio campo de visi\u00f3n de 12 \u00b0<\/li>\n<li style='margin-bottom: 5px;'>Alineaci\u00f3n de haz r\u00e1pida&comma; f\u00e1cil e intuitiva indicada por flechas direccionales de LED direccionales<\/li>\n<li style='margin-bottom: 5px;'>La cobertura de largo alcance de 5-100 m (16-328 pies) es est\u00e1ndar; no se requiere un kit separado de largo alcance<\/li>\n<li style='margin-bottom: 5px;'>Altamente resistente al movimiento de edificios; tolera +\/- 1 \u00b0 movimiento<\/li>\n<li style='margin-bottom: 5px;'>Resistente a fuentes de luz fuertes; No alarma cuando est\u00e1 saturado por la luz solar.<\/li>\n<li style='margin-bottom: 5px;'>Resistente a la intrusi\u00f3n de objetos s\u00f3lidos.<\/li>\n<li style='margin-bottom: 5px;'>Ajuste autom\u00e1tico del nivel de umbral de sensibilidad<\/li>\n<li style='margin-bottom: 5px;'>Ajuste de haz horizontal de 50 \u00b0 y vertical de 20 \u00b0.<\/li>\n<li style='margin-bottom: 5px;'>Estaci\u00f3n de prueba remota capaz de realizar pruebas de humo simuladas electr\u00f3nicamente desde el suelo<\/li>\n<li style='margin-bottom: 5px;'>Indicadores LED de espera&comma; falla y alarma visibles desde la parte frontal e inferior<\/li>\n<li style='margin-bottom: 5px;'>Carcasa \/ tapa para pintar<\/li>\n<li style='margin-bottom: 5px;'>Bloques de terminales extra\u00edbles enchufables<\/li>\n<li style='margin-bottom: 5px;'>Kit de calentador opcional disponible para el reflector<\/li>\n<li style='margin-bottom: 5px;'>Dimensiones Detector: Altura 152.4 mm &#8211; Ancho 254 mm &#8211; Profundidad 114.3 mm<\/li>\n<li style='margin-bottom: 5px;'>Dimensiones Reflector: Altura 230mm &#8211; Ancho 200 mm<\/li>\n<li style='margin-bottom: 5px;'>Voltaje de operaci\u00f3n: 15 to 32 VDC (24VDC nominal)<\/li>\n<\/ul><\/div>\n<\/p><\/div>\n<\/p><\/div>\n<hr style='border: 0; border-top: 1px solid rgba(150&comma; 150&comma; 150&comma; 0.3); margin: 30px 0;'> <\/div>\n","protected":false},"excerpt":{"rendered":"<p>Detector de Humo por Haz Reflejado \/ Direccionable \/ Compatible con paneles Direccionables Silent Knight<\/p>\n","protected":false},"featured_media":33538,"comment_status":"open","ping_status":"closed","template":"","meta":[],"product_brand":[],"product_cat":[990],"product_tag":[449,991,523],"class_list":{"0":"post-33539","1":"product","2":"type-product","3":"status-publish","4":"has-post-thumbnail","6":"product_cat-silent-knight","7":"product_tag-accesorios-y-dispositivos-direccionables","8":"product_tag-silent-knight","9":"product_tag-silent-knight-by-honeywell","11":"first","12":"outofstock","13":"sale","14":"shipping-taxable","15":"purchasable","16":"product-type-simple"},"_links":{"self":[{"href":"https:\/\/soydeaqui.ddns.net\/pachuca\/index.php\/wp-json\/wp\/v2\/product\/33539","targetHints":{"allow":["GET"]}}],"collection":[{"href":"https:\/\/soydeaqui.ddns.net\/pachuca\/index.php\/wp-json\/wp\/v2\/product"}],"about":[{"href":"https:\/\/soydeaqui.ddns.net\/pachuca\/index.php\/wp-json\/wp\/v2\/types\/product"}],"replies":[{"embeddable":true,"href":"https:\/\/soydeaqui.ddns.net\/pachuca\/index.php\/wp-json\/wp\/v2\/comments?post=33539"}],"wp:featuredmedia":[{"embeddable":true,"href":"https:\/\/soydeaqui.ddns.net\/pachuca\/index.php\/wp-json\/wp\/v2\/media\/33538"}],"wp:attachment":[{"href":"https:\/\/soydeaqui.ddns.net\/pachuca\/index.php\/wp-json\/wp\/v2\/media?parent=33539"}],"wp:term":[{"taxonomy":"product_brand","embeddable":true,"href":"https:\/\/soydeaqui.ddns.net\/pachuca\/index.php\/wp-json\/wp\/v2\/product_brand?post=33539"},{"taxonomy":"product_cat","embeddable":true,"href":"https:\/\/soydeaqui.ddns.net\/pachuca\/index.php\/wp-json\/wp\/v2\/product_cat?post=33539"},{"taxonomy":"product_tag","embeddable":true,"href":"https:\/\/soydeaqui.ddns.net\/pachuca\/index.php\/wp-json\/wp\/v2\/product_tag?post=33539"}],"curies":[{"name":"wp","href":"https:\/\/api.w.org\/{rel}","templated":true}]}}