{"id":33427,"date":"2026-03-18T14:58:57","date_gmt":"2026-03-18T14:58:57","guid":{"rendered":"https:\/\/soydeaqui.ddns.net\/pachuca\/index.php\/producto\/2-x-16-awg-incendio-fplr-blindado-305-metros-1000-pies-alambre-hecho-en-mxico\/"},"modified":"2026-03-18T14:58:58","modified_gmt":"2026-03-18T14:58:58","slug":"2-x-16-awg-incendio-fplr-blindado-305-metros-1000-pies-alambre-hecho-en-mxico","status":"publish","type":"product","link":"https:\/\/soydeaqui.ddns.net\/pachuca\/index.php\/producto\/2-x-16-awg-incendio-fplr-blindado-305-metros-1000-pies-alambre-hecho-en-mxico\/","title":{"rendered":"2 X 16 AWG \/ Incendio \/ FPLR \/ Blindado \/ 305 Metros (1000 Pies) \/ Alambre \/ Hecho en M?xico"},"content":{"rendered":"<div style='width: 100%; max-width: 1200px; margin: 0 auto; font-family: sans-serif; line-height: 1.6; color: inherit; background-color: transparent;'>\n<div style='display: flex; flex-wrap: wrap; gap: 30px; margin-bottom: 30px;'>\n<div style='flex: 1 1 300px; min-width: 280px;'>\n<h3 style='font-size: 22px; border-bottom: 2px solid currentColor; padding-bottom: 5px; margin-top: 0; color: inherit; opacity: 0.8;'>Descripci\u00f3n<\/h3>\n<p style='text-align: justify; color: inherit; font-size: 15px; margin-bottom: 15px;'>Los cables contra incendio VIAKON&comma; est\u00e1n dise\u00f1ados para utilizarse en la conexi\u00f3n de equipos contra incendio&comma; tales como: Panel de control&comma; estaciones manuales&comma; sirenas&comma; estrobos&comma; sensores y detectores de humo y calor.<\/p>\n<p style='text-align: justify; color: inherit; font-size: 15px; margin-bottom: 15px;'>Cable multiconductor&comma; formado por conductores de cobre s\u00f3lido (alambre)&comma; aislamiento individual de Policloruro de Vinilo (PVC)&comma; blindaje electromagn\u00e9tico (Cinta Maylar Aluminizada + Dren)&comma; cubierta de Policloruro de Vinilo (PVC)&comma; color rojo con propiedades antiflama.<\/p>\n<\/p><\/div>\n<\/p><\/div>\n<div style='display: flex; flex-wrap: wrap; gap: 20px; margin-bottom: 30px;'>\n<div style='flex: 1 1 250px; border: 1px solid rgba(150&comma; 150&comma; 150&comma; 0.4); border-radius: 8px; overflow: hidden; display: flex; flex-direction: column;'>\n<div style='padding: 15px; border-bottom: 1px solid rgba(150&comma; 150&comma; 150&comma; 0.2); font-weight: bold; font-size: 18px; color: inherit;'>Caracter\u00edsticas<\/div>\n<div style='padding: 15px; color: inherit;'>\n<ul style='padding-left: 20px; margin: 0; font-size: 14px; list-style-type: disc;'>\n<li style='margin-bottom: 5px;'>Cable tipo RISER<\/li>\n<li style='margin-bottom: 5px;'>Tipo FPLR = Fire Power Limited Riser<\/li>\n<li style='margin-bottom: 5px;'>Certificado UL<\/li>\n<li style='margin-bottom: 5px;'>Pruebas RISER el cable no va a ser propagador al incendio de manera vertical (de un piso a otro)<\/li>\n<li style='margin-bottom: 5px;'>Temperatura de operaci\u00f3n: -20 a 105 \u00b0C<\/li>\n<\/ul><\/div>\n<div style='padding: 15px; border-top: 1px solid rgba(150&comma; 150&comma; 150&comma; 0.2);'> <img style='width: 100%; height: auto; border: 1px solid rgba(150&comma;150&comma;150&comma;0.3); border-radius: 8px;' src='https:\/\/shingenieria.com\/wp-content\/uploads\/2022\/12\/44061104-Cable-De-Incendio-2x16-Blindado-x-100-mts-Honeywell-equipos-sistema-contra-incendios-sh-ingenieria-seguridad-electronica-equipo-deteccion-incendio-bogota-Colombia.jpg.webp' alt=''> <\/div>\n<\/p><\/div>\n<div style='flex: 1 1 250px; border: 1px solid rgba(150&comma; 150&comma; 150&comma; 0.4); border-radius: 8px; overflow: hidden; display: flex; flex-direction: column;'>\n<div style='padding: 15px; border-bottom: 1px solid rgba(150&comma; 150&comma; 150&comma; 0.2); font-weight: bold; font-size: 18px; color: inherit;'>Especificaciones F\u00edsicas<\/div>\n<div style='padding: 15px; color: inherit;'>\n<ul style='padding-left: 20px; margin: 0; font-size: 14px; list-style-type: disc;'>\n<li style='margin-bottom: 5px;'>N\u00famero de conductores: 2<\/li>\n<li style='margin-bottom: 5px;'>Calibre: 16<\/li>\n<li style='margin-bottom: 5px;'>Blindado<\/li>\n<li style='margin-bottom: 5px;'>Di\u00e1metro externo nominal (cm): 4.69<\/li>\n<li style='margin-bottom: 5px;'>Resistencia en \u03a9 (Ohms) a 100 metros: 1.2<\/li>\n<li style='margin-bottom: 5px;'>Material: SR-PVC<\/li>\n<li style='margin-bottom: 5px;'>Color externo: Rojo<\/li>\n<li style='margin-bottom: 5px;'>Color interno: Rojo&comma; Negro<\/li>\n<li style='margin-bottom: 5px;'>Temperatura de<\/li>\n<li style='margin-bottom: 5px;'>Prueba de flama Riser: UL 1666 &#8216;Flama vertical&#8217;<\/li>\n<\/ul><\/div>\n<div style='padding: 15px; border-top: 1px solid rgba(150&comma; 150&comma; 150&comma; 0.2);'> <img style='width: 100%; height: auto; border: 1px solid rgba(150&comma;150&comma;150&comma;0.3); border-radius: 8px;' src='https:\/\/shingenieria.com\/wp-content\/uploads\/2022\/12\/44061104-Cable-De-Incendio-2x16-Blindado-x-100-mts-Honeywell-equipos-sistema-contra-incendios-sh-ingenieria-seguridad-electronica-equipo-deteccion-incendio-bogota-Colombia.jpg.webp' alt=''> <\/div>\n<\/p><\/div>\n<div style='flex: 1 1 250px; border: 1px solid rgba(150&comma; 150&comma; 150&comma; 0.4); border-radius: 8px; overflow: hidden; display: flex; flex-direction: column;'>\n<div style='padding: 15px; border-bottom: 1px solid rgba(150&comma; 150&comma; 150&comma; 0.2); font-weight: bold; font-size: 18px; color: inherit;'>Aplicaciones<\/div>\n<div style='padding: 15px; color: inherit;'>\n<ul style='padding-left: 20px; margin: 0; font-size: 14px; list-style-type: disc;'>\n<li style='margin-bottom: 5px;'>Alarmas de detecci\u00f3n de incendio<\/li>\n<li style='margin-bottom: 5px;'>Paneles de tecnolog\u00eda convencional<\/li>\n<li style='margin-bottom: 5px;'>Paneles con tecnolog\u00eda anal\u00f3gico direccionable<\/li>\n<li style='margin-bottom: 5px;'>Paneles de evacuaci\u00f3n<\/li>\n<\/ul><\/div>\n<div style='padding: 15px; border-top: 1px solid rgba(150&comma; 150&comma; 150&comma; 0.2);'> <img style='width: 100%; height: auto; border: 1px solid rgba(150&comma;150&comma;150&comma;0.3); border-radius: 8px;' src='https:\/\/shingenieria.com\/wp-content\/uploads\/2022\/12\/44061104-Cable-De-Incendio-2x16-Blindado-x-100-mts-Honeywell-equipos-sistema-contra-incendios-sh-ingenieria-seguridad-electronica-equipo-deteccion-incendio-bogota-Colombia.jpg.webp' alt=''> <\/div>\n<\/p><\/div>\n<\/p><\/div>\n<div style='display: flex; flex-wrap: wrap; gap: 30px; margin-bottom: 30px;'>\n<div style='flex: 1 1 300px; min-width: 280px;'>\n<h3 style='font-size: 22px; border-bottom: 2px solid currentColor; padding-bottom: 5px; margin-top: 0; color: inherit; opacity: 0.8;'>Detalles adicionales<\/h3>\n<ul style='padding-left: 20px; font-size: 15px; color: inherit;'>\n<li style='margin-bottom: 5px;'><strong>Contenido:<\/strong> Caja de 305 metros<\/li>\n<\/ul><\/div>\n<\/p><\/div>\n<div style='position: relative; padding-bottom: 56.25%; height: 0; overflow: hidden; margin-bottom: 30px;'>   <\/div>\n<\/p><\/div>\n","protected":false},"excerpt":{"rendered":"<p>2 X 16 AWG \/ Incendio \/ FPLR \/ Blindado \/ 305 Metros (1000 Pies) \/ Alambre \/ Hecho en M?xico<\/p>\n","protected":false},"featured_media":33426,"comment_status":"open","ping_status":"closed","template":"","meta":[],"product_brand":[],"product_cat":[982],"product_tag":[138,225,242],"class_list":{"0":"post-33427","1":"product","2":"type-product","3":"status-publish","4":"has-post-thumbnail","6":"product_cat-todo-cables-deteccion-de-fuego","7":"product_tag-cables","8":"product_tag-todo","9":"product_tag-viakon","11":"first","12":"instock","13":"sale","14":"shipping-taxable","15":"purchasable","16":"product-type-simple"},"_links":{"self":[{"href":"https:\/\/soydeaqui.ddns.net\/pachuca\/index.php\/wp-json\/wp\/v2\/product\/33427","targetHints":{"allow":["GET"]}}],"collection":[{"href":"https:\/\/soydeaqui.ddns.net\/pachuca\/index.php\/wp-json\/wp\/v2\/product"}],"about":[{"href":"https:\/\/soydeaqui.ddns.net\/pachuca\/index.php\/wp-json\/wp\/v2\/types\/product"}],"replies":[{"embeddable":true,"href":"https:\/\/soydeaqui.ddns.net\/pachuca\/index.php\/wp-json\/wp\/v2\/comments?post=33427"}],"wp:featuredmedia":[{"embeddable":true,"href":"https:\/\/soydeaqui.ddns.net\/pachuca\/index.php\/wp-json\/wp\/v2\/media\/33426"}],"wp:attachment":[{"href":"https:\/\/soydeaqui.ddns.net\/pachuca\/index.php\/wp-json\/wp\/v2\/media?parent=33427"}],"wp:term":[{"taxonomy":"product_brand","embeddable":true,"href":"https:\/\/soydeaqui.ddns.net\/pachuca\/index.php\/wp-json\/wp\/v2\/product_brand?post=33427"},{"taxonomy":"product_cat","embeddable":true,"href":"https:\/\/soydeaqui.ddns.net\/pachuca\/index.php\/wp-json\/wp\/v2\/product_cat?post=33427"},{"taxonomy":"product_tag","embeddable":true,"href":"https:\/\/soydeaqui.ddns.net\/pachuca\/index.php\/wp-json\/wp\/v2\/product_tag?post=33427"}],"curies":[{"name":"wp","href":"https:\/\/api.w.org\/{rel}","templated":true}]}}