{"id":33338,"date":"2026-03-18T14:56:49","date_gmt":"2026-03-18T14:56:49","guid":{"rendered":"https:\/\/soydeaqui.ddns.net\/pachuca\/index.php\/producto\/detector-controlador-y-transductor-de-monoxido-de-carbono\/"},"modified":"2026-03-18T14:56:54","modified_gmt":"2026-03-18T14:56:54","slug":"detector-controlador-y-transductor-de-monoxido-de-carbono","status":"publish","type":"product","link":"https:\/\/soydeaqui.ddns.net\/pachuca\/index.php\/producto\/detector-controlador-y-transductor-de-monoxido-de-carbono\/","title":{"rendered":"Detector, Controlador y Transductor de Mon\u00f3xido de Carbono"},"content":{"rendered":"<div style='width: 100%; max-width: 1200px; margin: 0 auto; font-family: sans-serif; line-height: 1.6; color: inherit; background-color: transparent;'>\n<div style='display: flex; flex-wrap: wrap; gap: 30px; margin-bottom: 30px;'>\n<div style='flex: 1 1 300px; min-width: 280px;'>\n<h3 style='font-size: 22px; border-bottom: 2px solid currentColor; padding-bottom: 5px; margin-top: 0; color: inherit; opacity: 0.8;'>Detecci\u00f3n y Control de Mon\u00f3xido de Carbono<\/h3>\n<p style='font-size: 15px; color: inherit;'>El CM6 de MACURCO es un detector&comma; controlador y transductor de bajo voltaje&comma; que integra doble relevador&comma; salida seleccionable de 4-20 mA&comma; zumbador y pantalla digital&comma; es un sistema de detecci\u00f3n electr\u00f3nica utilizado para medir la concentraci\u00f3n de CO y proporcionar retroalimentaci\u00f3n y control del ventilador\/extractor autom\u00e1tico para ayudar a reducir las concentraciones de CO en estacionamientos&comma; a\u00e9reas de mantenimiento y otras aplicaciones comerciales.<\/p>\n<h3 style='font-size: 22px; border-bottom: 2px solid currentColor; padding-bottom: 5px; margin-top: 20px; color: inherit; opacity: 0.8;'>Caracter\u00edsticas<\/h3>\n<ul style='padding-left: 20px; font-size: 15px; color: inherit;'>\n<li style='margin-bottom: 5px;'>Listado UL<\/li>\n<li style='margin-bottom: 5px;'>Se monta en una caja est\u00e1ndar el\u00e9ctrica de 4 &#8216;x 4&#8217;<\/li>\n<li style='margin-bottom: 5px;'>Calibrado en la f\u00e1brica<\/li>\n<li style='margin-bottom: 5px;'><strong>Activaci\u00f3n del relevador de ventilador seleccionable en: 15&comma; 25&comma; 35 (por defecto)&comma; 50 \u00f3 100 ppm de CO<\/strong><\/li>\n<li style='margin-bottom: 5px;'><strong>Capaz de mostrar concentraciones de CO en el rango de 0 a 200 ppm<\/strong><\/li>\n<li style='margin-bottom: 5px;'>Relevador de alarma de: NA \u00f3 NC @ 0.5 A<\/li>\n<li style='margin-bottom: 5px;'>Relevador del ventilador: SPDT @ 5 A<\/li>\n<li style='margin-bottom: 5px;'><strong>Dise\u00f1o de sistema supervisado: un problema en el detector activara el ventilador y la alarma<\/strong><\/li>\n<li style='margin-bottom: 5px;'>Dimensiones: 114 X 102 X 54 mm<\/li>\n<\/ul>\n<h3 style='font-size: 22px; border-bottom: 2px solid currentColor; padding-bottom: 5px; margin-top: 20px; color: inherit; opacity: 0.8;'>Para uso en Estacionamientos cerrados<\/h3>\n<p style='font-size: 15px; color: inherit;'>Estas unidades cubren normalmente alrededor de 5 000 pies cuadrados (465 metros cuadrados) en un estacionamiento cubierto o aplicaci\u00f3n similar. El radio de cobertura es 40 pies (12.2 m) por detector. &#8211; Montado en una columna&comma; el detector cubre 5000 pies cuadrados. &#8211; Montado en una pared&comma; el detector cubre 2500 pies cuadrados. &#8211; No lo monte en una esquina. &#8211; No lo monte donde la temperatura ambiente normal sea inferior a 0 \u00baF o supere 125 \u00baF (-18 \u00baC a 52 \u00baC). &#8211; Puede que sean necesarios detectores adicionales cerca de cualquier \u00e1rea en la que haya personas trabajando o en la que el aire est\u00e9 estancado. La unidad se monta a alrededor de 5 pies (1.5 m) sobre el suelo (en la zona de respiraci\u00f3n normal)&comma; en un \u00e1rea central en la que el movimiento de aire sea normalmente bueno.<\/p>\n<\/p><\/div>\n<\/p><\/div>\n<div style='display: flex; flex-wrap: wrap; gap: 20px; justify-content: center; margin-bottom: 30px;'>\n<div style='flex: 1 1 300px; max-width: 400px;'> <img style='width: 100%; height: auto; border: 1px solid rgba(150&comma;150&comma;150&comma;0.3); border-radius: 8px;' src='https:\/\/ftp3.syscom.mx\/usuarios\/fotos\/CM6\/78431-cobertura.png' alt=''> <\/div>\n<div style='flex: 1 1 300px; max-width: 800px;'> <img style='width: 100%; height: auto; border: 1px solid rgba(150&comma;150&comma;150&comma;0.3); border-radius: 8px;' src='https:\/\/ftp3.syscom.mx\/usuarios\/fotos\/SF208P\/196708-deteccion_de_gas_(1).jpg' alt=''> <\/div>\n<\/p><\/div>\n<hr style='border: 0; border-top: 1px solid rgba(150&comma; 150&comma; 150&comma; 0.3); margin: 30px 0;'> <\/div>\n","protected":false},"excerpt":{"rendered":"<p>Detector, Controlador y Transductor de Mon\u00f3xido de Carbono<\/p>\n","protected":false},"featured_media":33337,"comment_status":"open","ping_status":"closed","template":"","meta":[],"product_brand":[],"product_cat":[987],"product_tag":[988,522,989],"class_list":{"0":"post-33338","1":"product","2":"type-product","3":"status-publish","4":"has-post-thumbnail","6":"product_cat-detectores-de-gases","7":"product_tag-detectores-de-gases","8":"product_tag-dispositivos-convencionales","9":"product_tag-macurco-aerionics","11":"first","12":"outofstock","13":"sale","14":"shipping-taxable","15":"purchasable","16":"product-type-simple"},"_links":{"self":[{"href":"https:\/\/soydeaqui.ddns.net\/pachuca\/index.php\/wp-json\/wp\/v2\/product\/33338","targetHints":{"allow":["GET"]}}],"collection":[{"href":"https:\/\/soydeaqui.ddns.net\/pachuca\/index.php\/wp-json\/wp\/v2\/product"}],"about":[{"href":"https:\/\/soydeaqui.ddns.net\/pachuca\/index.php\/wp-json\/wp\/v2\/types\/product"}],"replies":[{"embeddable":true,"href":"https:\/\/soydeaqui.ddns.net\/pachuca\/index.php\/wp-json\/wp\/v2\/comments?post=33338"}],"wp:featuredmedia":[{"embeddable":true,"href":"https:\/\/soydeaqui.ddns.net\/pachuca\/index.php\/wp-json\/wp\/v2\/media\/33337"}],"wp:attachment":[{"href":"https:\/\/soydeaqui.ddns.net\/pachuca\/index.php\/wp-json\/wp\/v2\/media?parent=33338"}],"wp:term":[{"taxonomy":"product_brand","embeddable":true,"href":"https:\/\/soydeaqui.ddns.net\/pachuca\/index.php\/wp-json\/wp\/v2\/product_brand?post=33338"},{"taxonomy":"product_cat","embeddable":true,"href":"https:\/\/soydeaqui.ddns.net\/pachuca\/index.php\/wp-json\/wp\/v2\/product_cat?post=33338"},{"taxonomy":"product_tag","embeddable":true,"href":"https:\/\/soydeaqui.ddns.net\/pachuca\/index.php\/wp-json\/wp\/v2\/product_tag?post=33338"}],"curies":[{"name":"wp","href":"https:\/\/api.w.org\/{rel}","templated":true}]}}