{"id":33274,"date":"2026-03-18T14:55:35","date_gmt":"2026-03-18T14:55:35","guid":{"rendered":"https:\/\/soydeaqui.ddns.net\/pachuca\/index.php\/producto\/etiqueta-de-punto-de-muestreo-para-tuberia-de-aspiracion-paquete-con-125-piezas\/"},"modified":"2026-03-18T14:55:36","modified_gmt":"2026-03-18T14:55:36","slug":"etiqueta-de-punto-de-muestreo-para-tuberia-de-aspiracion-paquete-con-125-piezas","status":"publish","type":"product","link":"https:\/\/soydeaqui.ddns.net\/pachuca\/index.php\/producto\/etiqueta-de-punto-de-muestreo-para-tuberia-de-aspiracion-paquete-con-125-piezas\/","title":{"rendered":"Etiqueta de Punto de Muestreo para Tuber\u00eda de Aspiraci\u00f3n, Paquete con 125 Piezas"},"content":{"rendered":"<div style='width: 100%; max-width: 1200px; margin: 0 auto; font-family: sans-serif; line-height: 1.6; color: inherit;'>\n<div style='display: flex; flex-wrap: wrap; gap: 30px; margin-bottom: 30px;'>\n<div style='flex: 1 1 300px; min-width: 280px;'>\n<h3 style='font-size: 22px; border-bottom: 2px solid currentColor; padding-bottom: 5px; margin-top: 0; color: inherit; opacity: 0.8;'>Caracter\u00edsticas<\/h3>\n<ul style='padding-left: 20px; font-size: 15px; color: inherit;'>\n<li style='margin-bottom: 5px;'>ReadPipe es el \u00fanico tubo de muestreo de aire espec\u00edficamente aprobado para usarse con cualquier sistema de detecci\u00f3n de humo por aspiraci\u00f3n<\/li>\n<li style='margin-bottom: 5px;'>RedPipe es fabricado a partir de una mezcla especial de material CPVC para aplicaciones de detecci\u00f3n de humo por muestreo de aire&comma; con un aumento de las capacidades de resistencia al fuego<\/li>\n<li style='margin-bottom: 5px;'>RedPipe tambi\u00e9n est\u00e1 aprobado por UL para espacios abiertos<\/li>\n<\/ul><\/div>\n<\/p><\/div>\n<div style='display: flex; flex-wrap: wrap; gap: 20px; margin-bottom: 30px;'>\n<div style='flex: 1 1 250px; border: 1px solid rgba(150&comma; 150&comma; 150&comma; 0.4); border-radius: 8px; overflow: hidden; display: flex; flex-direction: column;'>\n<div style='padding: 15px; border-bottom: 1px solid rgba(150&comma; 150&comma; 150&comma; 0.2); font-weight: bold; font-size: 18px; color: inherit;'>Especificaciones<\/div>\n<div style='padding: 15px; color: inherit;'>\n<ul style='padding-left: 20px; margin: 0; font-size: 14px; list-style-type: disc;'>\n<li style='margin-bottom: 5px;'><strong>\u00danico en el mercado certificado UL para Fuego<\/strong><\/li>\n<li style='margin-bottom: 5px;'><strong>Cumple con requerimientos NFPA<\/strong><\/li>\n<li style='margin-bottom: 5px;'>La tuber\u00eda no requiere etiquetas de identificaci\u00f3n<\/li>\n<li style='margin-bottom: 5px;'><strong>Leyenda &#8216;TUBO DE MUESTREO DE DETECCI\u00d3N &#8211; NO TOCAR&#8217; impresa a lo largo de toda la tuber\u00eda<\/strong> (en ingl\u00e9s)<\/li>\n<li style='margin-bottom: 5px;'>Di\u00e1metro de \u00be de pulgada<\/li>\n<li style='margin-bottom: 5px;'><strong>Fabricado en CPVC resistente al Fuego<\/strong><\/li>\n<\/ul><\/div>\n<\/p><\/div>\n<\/p><\/div>\n<hr style='border: 0; border-top: 1px solid rgba(150&comma; 150&comma; 150&comma; 0.3); margin: 30px 0;'> <\/div>\n","protected":false},"excerpt":{"rendered":"<p>Etiqueta de Punto de Muestreo para Tuber\u00eda de Aspiraci\u00f3n, Paquete con 125 Piezas<\/p>\n","protected":false},"featured_media":33273,"comment_status":"open","ping_status":"closed","template":"","meta":[],"product_brand":[],"product_cat":[977],"product_tag":[978,979,980],"class_list":{"0":"post-33274","1":"product","2":"type-product","3":"status-publish","4":"has-post-thumbnail","6":"product_cat-detectores-por-aspiracion","7":"product_tag-aplicaciones-especiales","8":"product_tag-detectores-por-aspiracion","9":"product_tag-safe-fire-detection-inc","11":"first","12":"instock","13":"sale","14":"shipping-taxable","15":"purchasable","16":"product-type-simple"},"_links":{"self":[{"href":"https:\/\/soydeaqui.ddns.net\/pachuca\/index.php\/wp-json\/wp\/v2\/product\/33274","targetHints":{"allow":["GET"]}}],"collection":[{"href":"https:\/\/soydeaqui.ddns.net\/pachuca\/index.php\/wp-json\/wp\/v2\/product"}],"about":[{"href":"https:\/\/soydeaqui.ddns.net\/pachuca\/index.php\/wp-json\/wp\/v2\/types\/product"}],"replies":[{"embeddable":true,"href":"https:\/\/soydeaqui.ddns.net\/pachuca\/index.php\/wp-json\/wp\/v2\/comments?post=33274"}],"wp:featuredmedia":[{"embeddable":true,"href":"https:\/\/soydeaqui.ddns.net\/pachuca\/index.php\/wp-json\/wp\/v2\/media\/33273"}],"wp:attachment":[{"href":"https:\/\/soydeaqui.ddns.net\/pachuca\/index.php\/wp-json\/wp\/v2\/media?parent=33274"}],"wp:term":[{"taxonomy":"product_brand","embeddable":true,"href":"https:\/\/soydeaqui.ddns.net\/pachuca\/index.php\/wp-json\/wp\/v2\/product_brand?post=33274"},{"taxonomy":"product_cat","embeddable":true,"href":"https:\/\/soydeaqui.ddns.net\/pachuca\/index.php\/wp-json\/wp\/v2\/product_cat?post=33274"},{"taxonomy":"product_tag","embeddable":true,"href":"https:\/\/soydeaqui.ddns.net\/pachuca\/index.php\/wp-json\/wp\/v2\/product_tag?post=33274"}],"curies":[{"name":"wp","href":"https:\/\/api.w.org\/{rel}","templated":true}]}}