{"id":33171,"date":"2026-03-18T14:53:18","date_gmt":"2026-03-18T14:53:18","guid":{"rendered":"https:\/\/soydeaqui.ddns.net\/pachuca\/index.php\/producto\/torniquete-sencillo-cuerpo-completo-interior-exterior-100-acero-con-pintura-gris-eje-central-con-pintura-gris-acabado-de-lujo-alto-trafico\/"},"modified":"2026-03-18T14:53:31","modified_gmt":"2026-03-18T14:53:31","slug":"torniquete-sencillo-cuerpo-completo-interior-exterior-100-acero-con-pintura-gris-eje-central-con-pintura-gris-acabado-de-lujo-alto-trafico","status":"publish","type":"product","link":"https:\/\/soydeaqui.ddns.net\/pachuca\/index.php\/producto\/torniquete-sencillo-cuerpo-completo-interior-exterior-100-acero-con-pintura-gris-eje-central-con-pintura-gris-acabado-de-lujo-alto-trafico\/","title":{"rendered":"Torniquete Sencillo \/ Cuerpo Completo \/ Interior\/Exterior \/ 100% Acero con Pintura Gris \/ EJE CENTRAL con Pintura Gris \/ Acabado de Lujo \/ Alto Tr\u00e1fico"},"content":{"rendered":"<div style='width: 100%; max-width: 1200px; margin: 0 auto; font-family: sans-serif; line-height: 1.6; color: inherit; background-color: transparent;'> <!-- Secci\u00f3n de caracter\u00edsticas en 3 columnas --> <\/p>\n<div style='display: flex; flex-wrap: wrap; gap: 20px; margin-bottom: 30px;'> <!-- Caracter\u00edsticas principales --> <\/p>\n<div style='flex: 1 1 300px; min-width: 280px;'>\n<div style='border-left: 5px solid #0091ff; border-radius: 5px; padding: 15px; box-shadow: 2px 2px 10px rgba(216&comma;216&comma;216&comma;0.5);'> <strong style='font-size: 16px; color: inherit;'>Caracter\u00edsticas principales:<\/strong> <\/p>\n<ul style='padding-left: 20px; margin-top: 10px; font-size: 14px; color: inherit;'>\n<li style='margin-bottom: 5px;'>4 ejes de seguridad.<\/li>\n<li style='margin-bottom: 5px;'>Angulo de rotaci\u00f3n de 90\u00b0<\/li>\n<li style='margin-bottom: 5px;'><strong style='color: inherit;'>Funci\u00f3n de apertura autom\u00e1tica en caso de emergencia.<\/strong><\/li>\n<li style='margin-bottom: 5px;'>Robusto dise\u00f1o exclusivo.<\/li>\n<\/ul><\/div>\n<\/p><\/div>\n<p> <!-- Caracter\u00edsticas F\u00edsicas y El\u00e9ctricas --> <\/p>\n<div style='flex: 1 1 300px; min-width: 280px;'>\n<div style='border-left: 5px solid #0091ff; border-radius: 5px; padding: 15px; box-shadow: 2px 2px 10px rgba(216&comma;216&comma;216&comma;0.5);'> <strong style='font-size: 16px; color: inherit;'>Caracter\u00edsticas F\u00edsicas y El\u00e9ctricas:<\/strong> <\/p>\n<ul style='padding-left: 20px; margin-top: 10px; font-size: 14px; color: inherit;'>\n<li style='margin-bottom: 5px;'>Alimentaci\u00f3n de 110Vca&comma; consumo 6.5A<\/li>\n<li style='margin-bottom: 5px;'>Dimensiones: 1.5 x 1.27 x 2.2 m.<\/li>\n<li style='margin-bottom: 5px;'>Peso: 290Kg.<\/li>\n<li style='margin-bottom: 5px;'><strong style='color: inherit;'>Fabricado totalmente en Acero con acabado en pintura gris.<\/strong><\/li>\n<li style='margin-bottom: 5px;'><strong style='color: inherit;'>Interior\/Exterior (incluye techo)<\/strong><\/li>\n<li style='margin-bottom: 5px;'>Temperatura de operaci\u00f3n: -20\u00b0 a 50\u00b0C<\/li>\n<\/ul><\/div>\n<\/p><\/div>\n<p> <!-- Caracter\u00edsticas Destacadas --> <\/p>\n<div style='flex: 1 1 300px; min-width: 280px;'>\n<div style='border-left: 5px solid #0091ff; border-radius: 5px; padding: 15px; box-shadow: 2px 2px 10px rgba(216&comma;216&comma;216&comma;0.5);'> <strong style='font-size: 16px; color: inherit;'>Caracter\u00edsticas Destacadas:<\/strong> <\/p>\n<ul style='padding-left: 20px; margin-top: 10px; font-size: 14px; color: inherit;'>\n<li style='margin-bottom: 5px;'><strong style='color: inherit;'>Velocidad de paso de 25 personas por minuto.<\/strong><\/li>\n<li style='margin-bottom: 5px;'>Bidireccional (configurable).<\/li>\n<li style='margin-bottom: 5px;'><strong style='color: inherit;'>Velocidad en caso de emergencia de 40 personas por minuto.<\/strong><\/li>\n<li style='margin-bottom: 5px;'>Control por contacto seco o pulso mayor a 100ms.<\/li>\n<\/ul><\/div>\n<\/p><\/div>\n<\/p><\/div>\n<p> <!-- Secci\u00f3n principal con texto e imagen --> <\/p>\n<div style='display: flex; flex-wrap: wrap; gap: 30px; margin-bottom: 30px;'>\n<div style='flex: 1 1 500px; min-width: 300px;'>\n<div style='color: inherit;'>\n<p style='margin-bottom: 15px;'>La soluci\u00f3n XT de AccessPRO\u00ae es la \u00fanica fabricada totalmente en <strong style='color: inherit;'>Acero con recubrimiento en pintura gris<\/strong>&comma; con un acabado elegante y dise\u00f1ados para aplicaciones interiores\/exteriores.<\/p>\n<h3 style='font-size: 18px; margin-top: 25px; margin-bottom: 10px; color: inherit;'>Caracter\u00edsticas:<\/h3>\n<ul style='padding-left: 20px; font-size: 14px; color: inherit;'>\n<li style='margin-bottom: 5px;'>Dise\u00f1o de Alta duraci\u00f3n y velocidad.<\/li>\n<li style='margin-bottom: 5px;'>Incluye base para facilidad de instalaci\u00f3n<\/li>\n<li style='margin-bottom: 5px;'>Apertura de emergencia.<\/li>\n<li style='margin-bottom: 5px;'>Cierre de emergencia.<\/li>\n<li style='margin-bottom: 5px;'>Acero 2mm de grosor.<\/li>\n<li style='margin-bottom: 5px;'>Recubrimiento con pintura en color gris.<\/li>\n<li style='margin-bottom: 5px;'>Angulo de apertura de 90\u00b0.<\/li>\n<li style='margin-bottom: 5px;'>Temporizador de paso de 10 segundos<\/li>\n<li style='margin-bottom: 5px;'>Contador de acceso<\/li>\n<li style='margin-bottom: 5px;'>Led indicador de estado<\/li>\n<li style='margin-bottom: 5px;'>Activaci\u00f3n por medio de un pulso de contacto seco.<\/li>\n<\/ul>\n<h3 style='font-size: 18px; margin-top: 25px; margin-bottom: 10px; color: inherit;'>Modos de operaci\u00f3n configurables:<\/h3>\n<ul style='padding-left: 20px; font-size: 14px; color: inherit;'>\n<li style='margin-bottom: 5px;'>Ingreso libre&comma; salida mediante verificaci\u00f3n.<\/li>\n<li style='margin-bottom: 5px;'>Ingreso mediante verificaci\u00f3n&comma; salida libre.<\/li>\n<li style='margin-bottom: 5px;'>Ingreso prohibido&comma; salida mediante verificaci\u00f3n.<\/li>\n<li style='margin-bottom: 5px;'>Ingreso mediante verificaci\u00f3n&comma; salida prohibida.<\/li>\n<li style='margin-bottom: 5px;'>Doble verificaci\u00f3n.<\/li>\n<\/ul>\n<h3 style='font-size: 18px; margin-top: 25px; margin-bottom: 10px; color: inherit;'>Notas:<\/h3>\n<ul style='padding-left: 20px; font-size: 14px; color: inherit;'>\n<li style='margin-bottom: 5px;'>En caso de p\u00e9rdida de energ\u00eda el equipo regresa a su configuraci\u00f3n de f\u00e1brica.<\/li>\n<li style='margin-bottom: 5px;'>Equipo con contra defectos de f\u00e1brica.<\/li>\n<li style='margin-bottom: 5px;'><strong style='color: #e74c3c;'>Producto NO esta dentro de las pol\u00edticas de flete gratis&comma; se debe de cotizar por separado.<\/strong><\/li>\n<li style='margin-bottom: 5px;'>Equipo de gran volumen y peso&comma; requiere montacargas para carga\/descarga y\/o maniobra de desplazamiento.<\/li>\n<li style='margin-bottom: 5px;'>No aplica entrega de mercanc\u00eda zona extendida.<\/li>\n<li style='margin-bottom: 5px;'><strong style='color: inherit;'>Se requiere armar el torniquete en sitio de instalaci\u00f3n.<\/strong><\/li>\n<\/ul><\/div>\n<\/p><\/div>\n<p> <!-- Imagen --> <\/p>\n<div style='flex: 1 1 500px; min-width: 300px;'> <img style='width: 100%; height: auto; border: 1px solid rgba(150&comma;150&comma;150&comma;0.3); border-radius: 8px;' src='https:\/\/ftp3.syscom.mx\/usuarios\/anavarrete\/Accesspro\/FOTO%202%20copy.jpg' alt='Torniquete Sencillo Accesspro XT100C'> <\/div>\n<\/p><\/div>\n<p> <!-- Mensaje de mantenimiento --> <\/p>\n<div style='margin: 30px 0; padding: 15px; border-left: 5px solid #0091ff; background-color: rgba(0&comma;145&comma;255&comma;0.05);'>\n<p style='text-align: center; font-weight: bold; margin: 0; color: inherit;'>Para mantener en buen estado la apariencia del torniquete&comma; es necesario su limpieza y\/o mantenimiento semanal.<\/p>\n<\/p><\/div>\n<p> <!-- Separador --> <\/p>\n<hr style='border: 0; border-top: 1px solid rgba(150&comma; 150&comma; 150&comma; 0.3); margin: 30px 0;'> <!-- Videos de YouTube --> <\/p>\n<div style='display: flex; flex-wrap: wrap; gap: 10px; margin-bottom: 30px;'> <!-- Video 1 --> <\/p>\n<div style='flex: 1 1 49%; min-width: 300px; position: relative; padding-bottom: 56.25%; height: 0; overflow: hidden;'>   <\/div>\n<p> <!-- Video 2 --> <\/p>\n<div style='flex: 1 1 49%; min-width: 300px; position: relative; padding-bottom: 56.25%; height: 0; overflow: hidden;'>   <\/div>\n<\/p><\/div>\n<\/p><\/div>\n","protected":false},"excerpt":{"rendered":"<p>Torniquete Sencillo \/ Cuerpo Completo \/ Interior\/Exterior \/ 100% Acero con Pintura Gris \/ EJE CENTRAL con Pintura Gris \/ Acabado de Lujo \/ Alto Tr\u00e1fico<\/p>\n","protected":false},"featured_media":33170,"comment_status":"open","ping_status":"closed","template":"","meta":[],"product_brand":[],"product_cat":[766],"product_tag":[234,767,759],"class_list":{"0":"post-33171","1":"product","2":"type-product","3":"status-publish","4":"has-post-thumbnail","6":"product_cat-torniquetes-de-cuerpo-completo","7":"product_tag-accesspro","8":"product_tag-torniquetes-de-cuerpo-completo","9":"product_tag-torniquetes-y-puertas-de-cortesia","11":"first","12":"instock","13":"sale","14":"shipping-taxable","15":"purchasable","16":"product-type-simple"},"_links":{"self":[{"href":"https:\/\/soydeaqui.ddns.net\/pachuca\/index.php\/wp-json\/wp\/v2\/product\/33171","targetHints":{"allow":["GET"]}}],"collection":[{"href":"https:\/\/soydeaqui.ddns.net\/pachuca\/index.php\/wp-json\/wp\/v2\/product"}],"about":[{"href":"https:\/\/soydeaqui.ddns.net\/pachuca\/index.php\/wp-json\/wp\/v2\/types\/product"}],"replies":[{"embeddable":true,"href":"https:\/\/soydeaqui.ddns.net\/pachuca\/index.php\/wp-json\/wp\/v2\/comments?post=33171"}],"wp:featuredmedia":[{"embeddable":true,"href":"https:\/\/soydeaqui.ddns.net\/pachuca\/index.php\/wp-json\/wp\/v2\/media\/33170"}],"wp:attachment":[{"href":"https:\/\/soydeaqui.ddns.net\/pachuca\/index.php\/wp-json\/wp\/v2\/media?parent=33171"}],"wp:term":[{"taxonomy":"product_brand","embeddable":true,"href":"https:\/\/soydeaqui.ddns.net\/pachuca\/index.php\/wp-json\/wp\/v2\/product_brand?post=33171"},{"taxonomy":"product_cat","embeddable":true,"href":"https:\/\/soydeaqui.ddns.net\/pachuca\/index.php\/wp-json\/wp\/v2\/product_cat?post=33171"},{"taxonomy":"product_tag","embeddable":true,"href":"https:\/\/soydeaqui.ddns.net\/pachuca\/index.php\/wp-json\/wp\/v2\/product_tag?post=33171"}],"curies":[{"name":"wp","href":"https:\/\/api.w.org\/{rel}","templated":true}]}}