{"id":32592,"date":"2026-03-18T14:39:10","date_gmt":"2026-03-18T14:39:10","guid":{"rendered":"https:\/\/soydeaqui.ddns.net\/pachuca\/index.php\/producto\/solenoide-em-izquierda-para-chapa-321dc-refaccion\/"},"modified":"2026-03-18T14:39:15","modified_gmt":"2026-03-18T14:39:15","slug":"solenoide-em-izquierda-para-chapa-321dc-refaccion","status":"publish","type":"product","link":"https:\/\/soydeaqui.ddns.net\/pachuca\/index.php\/producto\/solenoide-em-izquierda-para-chapa-321dc-refaccion\/","title":{"rendered":"Solenoide EM Izquierda  para chapa 321DC : Refacci\u00f3n"},"content":{"rendered":"<div style='width: 100%; max-width: 1200px; margin: 0 auto; font-family: sans-serif; line-height: 1.6; color: inherit; background-color: transparent;'>\n<div style='display: flex; flex-wrap: wrap; gap: 30px; margin-bottom: 30px;'>\n<div style='flex: 1 1 300px; min-width: 280px;'>\n<h3 style='font-size: 22px; border-bottom: 2px solid currentColor; padding-bottom: 5px; margin-top: 0; color: inherit; opacity: 0.8;'>Caracter\u00edsticas Principales<\/h3>\n<ul style='padding-left: 20px; font-size: 15px; color: inherit;'>\n<li style='margin-bottom: 5px;'>Solenoide electromagn\u00e9tico para activaci\u00f3n precisa<\/li>\n<li style='margin-bottom: 5px;'>Compatible con chapa modelo 321DC<\/li>\n<li style='margin-bottom: 5px;'>Instalaci\u00f3n en orientaci\u00f3n izquierda<\/li>\n<li style='margin-bottom: 5px;'>Conexi\u00f3n el\u00e9ctrica segura y eficiente<\/li>\n<li style='margin-bottom: 5px;'>Dise\u00f1ado para alta durabilidad<\/li>\n<\/ul><\/div>\n<div style='flex: 1 1 300px; min-width: 280px;'>\n<h3 style='font-size: 22px; border-bottom: 2px solid currentColor; padding-bottom: 5px; margin-top: 0; color: inherit; opacity: 0.8;'>Especificaciones T\u00e9cnicas<\/h3>\n<ul style='padding-left: 20px; font-size: 15px; color: inherit;'>\n<li style='margin-bottom: 5px;'><strong>Modelo:<\/strong> 3477<\/li>\n<li style='margin-bottom: 5px;'><strong>Versi\u00f3n:<\/strong> Solenoide EM Izquierda<\/li>\n<li style='margin-bottom: 5px;'><strong>Compatible con:<\/strong> Chapa 321DC<\/li>\n<li style='margin-bottom: 5px;'><strong>Alimentaci\u00f3n:<\/strong> 12VDC<\/li>\n<li style='margin-bottom: 5px;'><strong>Corriente:<\/strong> 1.2 Amp<\/li>\n<li style='margin-bottom: 5px;'><strong>Transformador:<\/strong> 127V entrada \/ 12V salida<\/li>\n<li style='margin-bottom: 5px;'><strong>Espesor de puerta:<\/strong> 35-45 mm<\/li>\n<\/ul><\/div>\n<\/p><\/div>\n<div style='display: flex; flex-wrap: wrap; gap: 20px; margin-bottom: 30px;'>\n<div style='flex: 1 1 250px; border: 1px solid rgba(150&comma; 150&comma; 150&comma; 0.4); border-radius: 8px; overflow: hidden; display: flex; flex-direction: column;'>\n<div style='padding: 15px; border-bottom: 1px solid rgba(150&comma; 150&comma; 150&comma; 0.2); font-weight: bold; font-size: 18px; color: inherit;'>Caracter\u00edsticas El\u00e9ctricas<\/div>\n<div style='padding: 15px; color: inherit;'>\n<ul style='padding-left: 20px; margin: 0; font-size: 14px; list-style-type: disc;'>\n<li style='margin-bottom: 5px;'>Con una solo pulso del bot\u00f3n&comma; el resbal\u00f3n se abre y se mantiene abierto<\/li>\n<li style='margin-bottom: 5px;'>Cerradura con apertura a distancia del resbal\u00f3n por medio del bot\u00f3n el\u00e9ctrico<\/li>\n<li style='margin-bottom: 5px;'>Para su instalaci\u00f3n se requiere de un transformador de 127v de entrada y 12v de salida as\u00ed como 1.2 Amp. de salida<\/li>\n<\/ul><\/div>\n<\/p><\/div>\n<div style='flex: 1 1 250px; border: 1px solid rgba(150&comma; 150&comma; 150&comma; 0.4); border-radius: 8px; overflow: hidden; display: flex; flex-direction: column;'>\n<div style='padding: 15px; border-bottom: 1px solid rgba(150&comma; 150&comma; 150&comma; 0.2); font-weight: bold; font-size: 18px; color: inherit;'>Caracter\u00edsticas Mec\u00e1nicas<\/div>\n<div style='padding: 15px; color: inherit;'>\n<ul style='padding-left: 20px; margin: 0; font-size: 14px; list-style-type: disc;'>\n<li style='margin-bottom: 5px;'>Opera con llave en caso de interrupci\u00f3n de la energ\u00eda el\u00e9ctrica por el exterior<\/li>\n<li style='margin-bottom: 5px;'>Bot\u00f3n interior que opera el cerrojo-resbal\u00f3n<\/li>\n<li style='margin-bottom: 5px;'>Al accionar la llave por el interior se bloquea el bot\u00f3n lo que impide retraer<\/li>\n<\/ul><\/div>\n<\/p><\/div>\n<div style='flex: 1 1 250px; border: 1px solid rgba(150&comma; 150&comma; 150&comma; 0.4); border-radius: 8px; overflow: hidden; display: flex; flex-direction: column;'>\n<div style='padding: 15px; border-bottom: 1px solid rgba(150&comma; 150&comma; 150&comma; 0.2); font-weight: bold; font-size: 18px; color: inherit;'>Caracter\u00edsticas de Seguridad<\/div>\n<div style='padding: 15px; color: inherit;'>\n<ul style='padding-left: 20px; margin: 0; font-size: 14px; list-style-type: disc;'>\n<li style='margin-bottom: 5px;'>Opera con llave Y-55 para 5 pernos de combinaci\u00f3n<\/li>\n<li style='margin-bottom: 5px;'>Key-way tipo &#8216;Y&#8217; para mayor protecci\u00f3n contra ganz\u00faas<\/li>\n<li style='margin-bottom: 5px;'>Versi\u00f3n con bot\u00f3n: el picaporte&comma; la cerradura no se puede abrir con llave por la parte exterior<\/li>\n<\/ul><\/div>\n<\/p><\/div>\n<div style='flex: 1 1 250px; border: 1px solid rgba(150&comma; 150&comma; 150&comma; 0.4); border-radius: 8px; overflow: hidden; display: flex; flex-direction: column;'>\n<div style='padding: 15px; border-bottom: 1px solid rgba(150&comma; 150&comma; 150&comma; 0.2); font-weight: bold; font-size: 18px; color: inherit;'>Materiales y Acabados<\/div>\n<div style='padding: 15px; color: inherit;'>\n<ul style='padding-left: 20px; margin: 0; font-size: 14px; list-style-type: disc;'>\n<li style='margin-bottom: 5px;'>Caja&comma; tapa y contra de l\u00e1mina de acero con acabado en pintura electrost\u00e1tica<\/li>\n<li style='margin-bottom: 5px;'>Cuerpos y cilindros de lat\u00f3n macizo<\/li>\n<li style='margin-bottom: 5px;'>Cerrojo-resbal\u00f3n de lat\u00f3n<\/li>\n<li style='margin-bottom: 5px;'>Acabado en partes el\u00e9ctricas: Beige<\/li>\n<\/ul><\/div>\n<\/p><\/div>\n<\/p><\/div>\n<div style='display: flex; flex-wrap: wrap; gap: 20px; margin-bottom: 30px;'>\n<div style='flex: 1 1 250px; border: 1px solid rgba(150&comma; 150&comma; 150&comma; 0.4); border-radius: 8px; overflow: hidden; display: flex; flex-direction: column;'>\n<div style='padding: 15px; border-bottom: 1px solid rgba(150&comma; 150&comma; 150&comma; 0.2); font-weight: bold; font-size: 18px; color: inherit;'>Dimensiones<\/div>\n<div style='padding: 15px; color: inherit;'>\n<ul style='padding-left: 20px; margin: 0; font-size: 14px; list-style-type: disc;'>\n<li style='margin-bottom: 5px;'><strong>A:<\/strong> 129.0 mm (5.078&#8242;)<\/li>\n<li style='margin-bottom: 5px;'><strong>B:<\/strong> 105.8 mm (4.165&#8242;)<\/li>\n<li style='margin-bottom: 5px;'><strong>C:<\/strong> 60.0 mm (2.362&#8242;)<\/li>\n<li style='margin-bottom: 5px;'><strong>D:<\/strong> 38.8 mm (1.527&#8242;)<\/li>\n<li style='margin-bottom: 5px;'><strong>E:<\/strong> 14.1 mm (0.555&#8242;)<\/li>\n<li style='margin-bottom: 5px;'><strong>F:<\/strong> 12.5 mm (0.492&#8242;)<\/li>\n<li style='margin-bottom: 5px;'><strong>G:<\/strong> 40.5 mm (0.413&#8242;)<\/li>\n<li style='margin-bottom: 5px;'><strong>H:<\/strong> 58.0 mm (2.283&#8242;)<\/li>\n<li style='margin-bottom: 5px;'><strong>I:<\/strong> 72.3 mm (2.846&#8242;)<\/li>\n<\/ul><\/div>\n<\/p><\/div>\n<div style='flex: 1 1 250px; border: 1px solid rgba(150&comma; 150&comma; 150&comma; 0.4); border-radius: 8px; overflow: hidden; display: flex; flex-direction: column;'>\n<div style='padding: 15px; border-bottom: 1px solid rgba(150&comma; 150&comma; 150&comma; 0.2); font-weight: bold; font-size: 18px; color: inherit;'>Versiones Disponibles<\/div>\n<div style='padding: 15px; color: inherit;'>\n<ul style='padding-left: 20px; margin: 0; font-size: 14px; list-style-type: disc;'>\n<li style='margin-bottom: 5px;'>3411 321 DC D ABG<\/li>\n<li style='margin-bottom: 5px;'>3418 321 DC I ABG<\/li>\n<li style='margin-bottom: 5px;'>3410 321 DCBD ABG<\/li>\n<li style='margin-bottom: 5px;'>3419 321 DCB I ABG<\/li>\n<\/ul><\/div>\n<\/p><\/div>\n<\/p><\/div>\n<hr style='border: 0; border-top: 1px solid rgba(150&comma; 150&comma; 150&comma; 0.3); margin: 30px 0;'> <\/div>\n","protected":false},"excerpt":{"rendered":"<p>Solenoide EM Izquierda  para chapa 321DC : Refacci\u00f3n<\/p>\n","protected":false},"featured_media":32591,"comment_status":"open","ping_status":"closed","template":"","meta":[],"product_brand":[],"product_cat":[755],"product_tag":[218,756,751],"class_list":{"0":"post-32592","1":"product","2":"type-product","3":"status-publish","4":"has-post-thumbnail","6":"product_cat-general","7":"product_tag-assa-abloy","8":"product_tag-general","9":"product_tag-refacciones","11":"first","12":"instock","13":"sale","14":"shipping-taxable","15":"purchasable","16":"product-type-simple"},"_links":{"self":[{"href":"https:\/\/soydeaqui.ddns.net\/pachuca\/index.php\/wp-json\/wp\/v2\/product\/32592","targetHints":{"allow":["GET"]}}],"collection":[{"href":"https:\/\/soydeaqui.ddns.net\/pachuca\/index.php\/wp-json\/wp\/v2\/product"}],"about":[{"href":"https:\/\/soydeaqui.ddns.net\/pachuca\/index.php\/wp-json\/wp\/v2\/types\/product"}],"replies":[{"embeddable":true,"href":"https:\/\/soydeaqui.ddns.net\/pachuca\/index.php\/wp-json\/wp\/v2\/comments?post=32592"}],"wp:featuredmedia":[{"embeddable":true,"href":"https:\/\/soydeaqui.ddns.net\/pachuca\/index.php\/wp-json\/wp\/v2\/media\/32591"}],"wp:attachment":[{"href":"https:\/\/soydeaqui.ddns.net\/pachuca\/index.php\/wp-json\/wp\/v2\/media?parent=32592"}],"wp:term":[{"taxonomy":"product_brand","embeddable":true,"href":"https:\/\/soydeaqui.ddns.net\/pachuca\/index.php\/wp-json\/wp\/v2\/product_brand?post=32592"},{"taxonomy":"product_cat","embeddable":true,"href":"https:\/\/soydeaqui.ddns.net\/pachuca\/index.php\/wp-json\/wp\/v2\/product_cat?post=32592"},{"taxonomy":"product_tag","embeddable":true,"href":"https:\/\/soydeaqui.ddns.net\/pachuca\/index.php\/wp-json\/wp\/v2\/product_tag?post=32592"}],"curies":[{"name":"wp","href":"https:\/\/api.w.org\/{rel}","templated":true}]}}