{"id":32587,"date":"2026-03-18T14:39:04","date_gmt":"2026-03-18T14:39:04","guid":{"rendered":"https:\/\/soydeaqui.ddns.net\/pachuca\/index.php\/producto\/solenoide-em-derecha-para-chapa-321dc-refaccion\/"},"modified":"2026-03-18T14:39:09","modified_gmt":"2026-03-18T14:39:09","slug":"solenoide-em-derecha-para-chapa-321dc-refaccion","status":"publish","type":"product","link":"https:\/\/soydeaqui.ddns.net\/pachuca\/index.php\/producto\/solenoide-em-derecha-para-chapa-321dc-refaccion\/","title":{"rendered":"Solenoide EM Derecha para chapa 321DC: Refacci\u00f3n"},"content":{"rendered":"<div style='width: 100%; max-width: 1200px; margin: 0 auto; font-family: sans-serif; line-height: 1.6; color: inherit; background-color: transparent;'>\n<div style='display: flex; flex-wrap: wrap; gap: 30px; margin-bottom: 30px;'>\n<div style='flex: 1 1 300px; min-width: 280px;'>\n<h3 style='font-size: 22px; border-bottom: 2px solid currentColor; padding-bottom: 5px; margin-top: 0; color: inherit; opacity: 0.8;'>Caracter\u00edsticas Generales<\/h3>\n<ul style='padding-left: 20px; font-size: 15px; color: inherit;'>\n<li style='margin-bottom: 5px;'><strong>Modelo compatible:<\/strong> 321DC<\/li>\n<li style='margin-bottom: 5px;'><strong>Lado:<\/strong> Derecho<\/li>\n<li style='margin-bottom: 5px;'><strong>Tensi\u00f3n:<\/strong> 12V DC<\/li>\n<li style='margin-bottom: 5px;'><strong>Seguridad:<\/strong> Seguro y eficiente para cerraduras el\u00e9ctricas<\/li>\n<li style='margin-bottom: 5px;'><strong>Instalaci\u00f3n:<\/strong> Sencilla en sistemas existentes<\/li>\n<\/ul><\/div>\n<div style='flex: 1 1 300px; min-width: 280px;'>\n<h3 style='font-size: 22px; border-bottom: 2px solid currentColor; padding-bottom: 5px; margin-top: 0; color: inherit; opacity: 0.8;'>Caracter\u00edsticas T\u00e9cnicas<\/h3>\n<ul style='padding-left: 20px; font-size: 15px; color: inherit;'>\n<li style='margin-bottom: 5px;'><strong>Acabado:<\/strong> Pintura electrost\u00e1tica en partes met\u00e1licas<\/li>\n<li style='margin-bottom: 5px;'><strong>Material:<\/strong> L\u00e1mina de acero en caja&comma; tapa y contra<\/li>\n<li style='margin-bottom: 5px;'><strong>Cuerpos y cilindros:<\/strong> Lat\u00f3n macizo<\/li>\n<li style='margin-bottom: 5px;'><strong>Cerrojo-resbal\u00f3n:<\/strong> Lat\u00f3n<\/li>\n<li style='margin-bottom: 5px;'><strong>Key-way:<\/strong> Tipo &#8216;Y&#8217; para protecci\u00f3n contra ganz\u00faas<\/li>\n<\/ul><\/div>\n<div style='flex: 1 1 300px; min-width: 280px;'>\n<h3 style='font-size: 22px; border-bottom: 2px solid currentColor; padding-bottom: 5px; margin-top: 0; color: inherit; opacity: 0.8;'>Especificaciones El\u00e9ctricas<\/h3>\n<ul style='padding-left: 20px; font-size: 15px; color: inherit;'>\n<li style='margin-bottom: 5px;'><strong>Transformador requerido:<\/strong> 127V entrada&comma; 12V salida<\/li>\n<li style='margin-bottom: 5px;'><strong>Corriente:<\/strong> 1.2 Amp<\/li>\n<li style='margin-bottom: 5px;'><strong>Funcionamiento:<\/strong> Con una solo pulso del bot\u00f3n&comma; el resbal\u00f3n se abre y se mantiene abierto (memoria mec\u00e1nica) hasta volver a cerrar la puerta<\/li>\n<\/ul><\/div>\n<div style='flex: 1 1 300px; min-width: 280px;'>\n<h3 style='font-size: 22px; border-bottom: 2px solid currentColor; padding-bottom: 5px; margin-top: 0; color: inherit; opacity: 0.8;'>Aplicaciones<\/h3>\n<ul style='padding-left: 20px; font-size: 15px; color: inherit;'>\n<li style='margin-bottom: 5px;'><strong>Tipo de puerta:<\/strong> 35 a 45 mm de espesor<\/li>\n<li style='margin-bottom: 5px;'><strong>Apertura:<\/strong> Interior y exterior<\/li>\n<li style='margin-bottom: 5px;'><strong>Complemento:<\/strong> Interf\u00f3n<\/li>\n<li style='margin-bottom: 5px;'><strong>Operaci\u00f3n manual:<\/strong> Llave Y-55 para 5 pernos de combinaci\u00f3n<\/li>\n<\/ul><\/div>\n<div style='flex: 1 1 300px; min-width: 280px;'>\n<h3 style='font-size: 22px; border-bottom: 2px solid currentColor; padding-bottom: 5px; margin-top: 0; color: inherit; opacity: 0.8;'>Versiones Disponibles<\/h3>\n<ul style='padding-left: 20px; font-size: 15px; color: inherit;'>\n<li style='margin-bottom: 5px;'><strong>321 DC:<\/strong> Versi\u00f3n b\u00e1sica<\/li>\n<li style='margin-bottom: 5px;'><strong>321 DCB:<\/strong> Con bot\u00f3n<\/li>\n<li style='margin-bottom: 5px;'><strong>321 DCBD:<\/strong> Versi\u00f3n Instaf\u00e1cil<\/li>\n<\/ul><\/div>\n<div style='flex: 1 1 300px; min-width: 280px;'>\n<h3 style='font-size: 22px; border-bottom: 2px solid currentColor; padding-bottom: 5px; margin-top: 0; color: inherit; opacity: 0.8;'>Funcionalidades<\/h3>\n<ul style='padding-left: 20px; font-size: 15px; color: inherit;'>\n<li style='margin-bottom: 5px;'>Apertura a distancia del resbal\u00f3n por medio del bot\u00f3n el\u00e9ctrico<\/li>\n<li style='margin-bottom: 5px;'>Operaci\u00f3n con llave en caso de interrupci\u00f3n el\u00e9ctrica (exterior)<\/li>\n<li style='margin-bottom: 5px;'>Bot\u00f3n interior para operar el cerrojo-resbal\u00f3n<\/li>\n<li style='margin-bottom: 5px;'>Bloqueo del bot\u00f3n al accionar la llave por el interior (versi\u00f3n con bot\u00f3n)<\/li>\n<\/ul><\/div>\n<div style='flex: 1 1 300px; min-width: 280px;'>\n<h3 style='font-size: 22px; border-bottom: 2px solid currentColor; padding-bottom: 5px; margin-top: 0; color: inherit; opacity: 0.8;'>Dimensiones<\/h3>\n<div style='font-size: 15px; color: inherit;'>\n<p style='margin-bottom: 10px;'><strong>Medidas:<\/strong><\/p>\n<ul style='padding-left: 20px; margin-bottom: 10px; font-size: 14px; list-style-type: disc;'>\n<li style='margin-bottom: 5px;'>A: 129.0 mm \/ 5.078 in<\/li>\n<li style='margin-bottom: 5px;'>B: 105.8 mm \/ 4.165 in<\/li>\n<li style='margin-bottom: 5px;'>C: 60.0 mm \/ 2.362 in<\/li>\n<li style='margin-bottom: 5px;'>D: 38.8 mm \/ 1.527 in<\/li>\n<li style='margin-bottom: 5px;'>E: 14.1 mm \/ 0.555 in<\/li>\n<li style='margin-bottom: 5px;'>F: 12.5 mm \/ 0.492 in<\/li>\n<li style='margin-bottom: 5px;'>G: 40.5 mm \/ 1.594 in<\/li>\n<li style='margin-bottom: 5px;'>H: 58.0 mm \/ 2.283 in<\/li>\n<li style='margin-bottom: 5px;'>I: 72.3 mm \/ 2.846 in<\/li>\n<\/ul>\n<p style='margin: 0;'><strong>Color:<\/strong> Beige (en partes el\u00e9ctricas)<\/p>\n<\/p><\/div>\n<\/p><\/div>\n<\/p><\/div>\n<p> <!-- Separador --> <\/p>\n<hr style='border: 0; border-top: 1px solid rgba(150&comma; 150&comma; 150&comma; 0.3); margin: 30px 0;'>\n<div style='display: flex; flex-wrap: wrap; gap: 20px; margin-bottom: 30px;'>\n<div style='flex: 1 1 250px; border: 1px solid rgba(150&comma; 150&comma; 150&comma; 0.4); border-radius: 8px; overflow: hidden; display: flex; flex-direction: column;'>\n<div style='padding: 15px; border-bottom: 1px solid rgba(150&comma; 150&comma; 150&comma; 0.2); font-weight: bold; font-size: 18px; color: inherit;'>Modelos Disponibles<\/div>\n<div style='padding: 15px; color: inherit;'>\n<ul style='padding-left: 20px; margin: 0; font-size: 14px; list-style-type: disc;'>\n<li style='margin-bottom: 5px;'><strong>3411:<\/strong> 321 DC D ABG<\/li>\n<li style='margin-bottom: 5px;'><strong>3418:<\/strong> 321 DC I ABG<\/li>\n<li style='margin-bottom: 5px;'><strong>3410:<\/strong> 321 DCBD ABG<\/li>\n<li style='margin-bottom: 5px;'><strong>3419:<\/strong> 321 DCB I ABG<\/li>\n<\/ul><\/div>\n<\/p><\/div>\n<div style='flex: 1 1 250px; border: 1px solid rgba(150&comma; 150&comma; 150&comma; 0.4); border-radius: 8px; overflow: hidden; display: flex; flex-direction: column;'>\n<div style='padding: 15px; border-bottom: 1px solid rgba(150&comma; 150&comma; 150&comma; 0.2); font-weight: bold; font-size: 18px; color: inherit;'>Beneficios<\/div>\n<div style='padding: 15px; color: inherit;'>\n<ul style='padding-left: 20px; margin: 0; font-size: 14px; list-style-type: disc;'>\n<li style='margin-bottom: 5px;'>Opera con llave Y-55 para 5 pernos de combinaci\u00f3n que incrementan la seguridad contra ganz\u00faas<\/li>\n<li style='margin-bottom: 5px;'>Para puertas que requieren apertura a distancia<\/li>\n<li style='margin-bottom: 5px;'>Disponible en versi\u00f3n Instaf\u00e1cil<\/li>\n<\/ul><\/div>\n<\/p><\/div>\n<div style='flex: 1 1 250px; border: 1px solid rgba(150&comma; 150&comma; 150&comma; 0.4); border-radius: 8px; overflow: hidden; display: flex; flex-direction: column;'>\n<div style='padding: 15px; border-bottom: 1px solid rgba(150&comma; 150&comma; 150&comma; 0.2); font-weight: bold; font-size: 18px; color: inherit;'>Identificaci\u00f3n<\/div>\n<div style='padding: 15px; color: inherit;'>\n<ul style='padding-left: 20px; margin: 0; font-size: 14px; list-style-type: disc;'>\n<li style='margin-bottom: 5px;'><strong>C\u00f3digo:<\/strong> 3476<\/li>\n<li style='margin-bottom: 5px;'><strong>Referencia:<\/strong> Solenoide EM Derecha para chapa 321DC<\/li>\n<li style='margin-bottom: 5px;'><strong>Marca:<\/strong> ASSA ABLOY<\/li>\n<\/ul><\/div>\n<\/p><\/div>\n<\/p><\/div>\n<\/p><\/div>\n","protected":false},"excerpt":{"rendered":"<p>Solenoide EM Derecha para chapa 321DC: Refacci\u00f3n<\/p>\n","protected":false},"featured_media":32586,"comment_status":"open","ping_status":"closed","template":"","meta":[],"product_brand":[],"product_cat":[755],"product_tag":[218,756,751],"class_list":{"0":"post-32587","1":"product","2":"type-product","3":"status-publish","4":"has-post-thumbnail","6":"product_cat-general","7":"product_tag-assa-abloy","8":"product_tag-general","9":"product_tag-refacciones","11":"first","12":"instock","13":"sale","14":"shipping-taxable","15":"purchasable","16":"product-type-simple"},"_links":{"self":[{"href":"https:\/\/soydeaqui.ddns.net\/pachuca\/index.php\/wp-json\/wp\/v2\/product\/32587","targetHints":{"allow":["GET"]}}],"collection":[{"href":"https:\/\/soydeaqui.ddns.net\/pachuca\/index.php\/wp-json\/wp\/v2\/product"}],"about":[{"href":"https:\/\/soydeaqui.ddns.net\/pachuca\/index.php\/wp-json\/wp\/v2\/types\/product"}],"replies":[{"embeddable":true,"href":"https:\/\/soydeaqui.ddns.net\/pachuca\/index.php\/wp-json\/wp\/v2\/comments?post=32587"}],"wp:featuredmedia":[{"embeddable":true,"href":"https:\/\/soydeaqui.ddns.net\/pachuca\/index.php\/wp-json\/wp\/v2\/media\/32586"}],"wp:attachment":[{"href":"https:\/\/soydeaqui.ddns.net\/pachuca\/index.php\/wp-json\/wp\/v2\/media?parent=32587"}],"wp:term":[{"taxonomy":"product_brand","embeddable":true,"href":"https:\/\/soydeaqui.ddns.net\/pachuca\/index.php\/wp-json\/wp\/v2\/product_brand?post=32587"},{"taxonomy":"product_cat","embeddable":true,"href":"https:\/\/soydeaqui.ddns.net\/pachuca\/index.php\/wp-json\/wp\/v2\/product_cat?post=32587"},{"taxonomy":"product_tag","embeddable":true,"href":"https:\/\/soydeaqui.ddns.net\/pachuca\/index.php\/wp-json\/wp\/v2\/product_tag?post=32587"}],"curies":[{"name":"wp","href":"https:\/\/api.w.org\/{rel}","templated":true}]}}