{"id":32585,"date":"2026-03-18T14:39:02","date_gmt":"2026-03-18T14:39:02","guid":{"rendered":"https:\/\/soydeaqui.ddns.net\/pachuca\/index.php\/producto\/transmisor-am-acustic-magnetic-para-proteccion-contra-robo-de-ropa-y-accesorios\/"},"modified":"2026-03-18T14:39:03","modified_gmt":"2026-03-18T14:39:03","slug":"transmisor-am-acustic-magnetic-para-proteccion-contra-robo-de-ropa-y-accesorios","status":"publish","type":"product","link":"https:\/\/soydeaqui.ddns.net\/pachuca\/index.php\/producto\/transmisor-am-acustic-magnetic-para-proteccion-contra-robo-de-ropa-y-accesorios\/","title":{"rendered":"Transmisor AM (Acustic Magnetic)  Para Protecci\u00f3n Contra Robo de Ropa, y Accesorios"},"content":{"rendered":"<div style='width: 100%; max-width: 1200px; margin: 0 auto; font-family: sans-serif; line-height: 1.6; color: inherit; background-color: transparent;'> <!-- Secci\u00f3n de caracter\u00edsticas --> <\/p>\n<div style='display: flex; flex-wrap: wrap; gap: 30px; margin-bottom: 30px;'>\n<div style='flex: 1 1 300px; min-width: 280px;'>\n<h3 style='font-size: 22px; border-bottom: 2px solid currentColor; padding-bottom: 5px; margin-top: 0; color: inherit; opacity: 0.8;'>Caracter\u00edsticas t\u00e9cnicas<\/h3>\n<ul style='padding-left: 20px; font-size: 15px; color: inherit;'>\n<li style='margin-bottom: 5px;'><strong>Frecuencia de operaci\u00f3n:<\/strong> 58 kHz<\/li>\n<li style='margin-bottom: 5px;'><strong>Rango de detecci\u00f3n:<\/strong> hasta 1.2 m<\/li>\n<li style='margin-bottom: 5px;'><strong>Alimentaci\u00f3n:<\/strong> 24 Vcc<\/li>\n<li style='margin-bottom: 5px;'><strong>Incluye:<\/strong> 1 piezas: transmisor<\/li>\n<li style='margin-bottom: 5px;'><strong>Material:<\/strong> PVC<\/li>\n<li style='margin-bottom: 5px;'><strong>Dimensiones:<\/strong> 42 x 158 x 29 cm<\/li>\n<li style='margin-bottom: 5px;'><strong>Peso:<\/strong> 10 kg<\/li>\n<\/ul><\/div>\n<\/p><\/div>\n<p> <!-- Secci\u00f3n de informaci\u00f3n importante --> <\/p>\n<div style='display: flex; flex-wrap: wrap; gap: 20px; margin-bottom: 30px;'>\n<div style='flex: 1 1 250px; border: 1px solid rgba(150&comma; 150&comma; 150&comma; 0.4); border-radius: 8px; overflow: hidden; display: flex; flex-direction: column;'>\n<div style='padding: 15px; border-bottom: 1px solid rgba(150&comma; 150&comma; 150&comma; 0.2); font-weight: bold; font-size: 18px; color: inherit;'>Importante<\/div>\n<div style='padding: 15px; color: inherit;'>\n<ul style='padding-left: 20px; margin: 0; font-size: 14px; list-style-type: disc;'>\n<li style='margin-bottom: 5px;'>Requiere tags y desactivador o removedor de tags seg\u00fan corresponda (no incluidos)<\/li>\n<li style='margin-bottom: 5px;'>Pregunte por disponibilidad. Hasta agotar existencias<\/li>\n<\/ul><\/div>\n<\/p><\/div>\n<\/p><\/div>\n<p> <!-- Secci\u00f3n de EAS --> <\/p>\n<div style='margin-bottom: 30px;'>\n<h3 style='font-size: 22px; border-bottom: 2px solid currentColor; padding-bottom: 5px; margin-top: 0; color: inherit; opacity: 0.8;'>\u00bfQu\u00e9 es EAS?<\/h3>\n<p style='color: inherit; font-size: 15px; margin-bottom: 15px;'> EAS es la abreviatura de sus siglas en ingl\u00e9s&comma; &#8216;sistema de vigilancia electr\u00f3nica de art\u00edculos&#8217;&comma; que hace referencia al uso de la tecnolog\u00eda electr\u00f3nica para la protecci\u00f3n de activos comerciales. <\/p>\n<h4 style='font-size: 18px; margin-top: 20px; margin-bottom: 10px; color: inherit; opacity: 0.8;'>Aplicaciones recomendadas:<\/h4>\n<ul style='padding-left: 20px; font-size: 15px; color: inherit;'>\n<li style='margin-bottom: 5px;'>Cuando el flujo de personas sea muy grande y sea dif\u00edcil el control de la seguridad de un establecimiento<\/li>\n<li style='margin-bottom: 5px;'>La tecnolog\u00eda reduce el n\u00famero de personal para vigilancia<\/li>\n<\/ul><\/div>\n<p> <!-- Secci\u00f3n de notas --> <\/p>\n<div style='margin-bottom: 30px;'>\n<h3 style='font-size: 22px; border-bottom: 2px solid currentColor; padding-bottom: 5px; margin-top: 0; color: inherit; opacity: 0.8;'>Notas<\/h3>\n<p style='color: inherit; font-size: 15px; margin-bottom: 15px;'> Para asegurar el correcto desempe\u00f1o del producto&comma; debe asegurar que no exista interferencia electromagn\u00e9tica (balastros&comma; tomas de alto voltaje&comma; etc) a una distancia de al menos 1.2 m. As\u00ed mismo debe asegurar que en el suelo y techo cercano donde se realice la instalaci\u00f3n&comma; no se encuentren metales que pudieran interferir con la operaci\u00f3n en una distancia de al menos 1.2 mts.&comma; puede asegurarse de ello utilizando un detector manual de metales modelo Ranger1000\/1500. <\/p>\n<p style='color: inherit; font-size: 15px; margin-bottom: 15px;'> La instalaci\u00f3n de las antenas debe realizarse en un lugar con piso nivelado&comma; evitar lugares donde exista riesgo de vibraci\u00f3n&comma; y en el caso de ser una antena APLIB fijarse con su base de madera. <\/p>\n<\/p><\/div>\n<p> <!-- Separador --> <\/p>\n<hr style='border: 0; border-top: 1px solid rgba(150&comma; 150&comma; 150&comma; 0.3); margin: 30px 0;'> <\/div>\n","protected":false},"excerpt":{"rendered":"<p>Transmisor AM (Acustic Magnetic)  Para Protecci\u00f3n Contra Robo de Ropa, y Accesorios<\/p>\n","protected":false},"featured_media":32584,"comment_status":"open","ping_status":"closed","template":"","meta":[],"product_brand":[],"product_cat":[942],"product_tag":[234,943,881],"class_list":{"0":"post-32585","1":"product","2":"type-product","3":"status-publish","4":"has-post-thumbnail","6":"product_cat-lectores-eas","7":"product_tag-accesspro","8":"product_tag-lectores-eas","9":"product_tag-proteccion-de-mercancia-eas","11":"first","12":"outofstock","13":"sale","14":"shipping-taxable","15":"purchasable","16":"product-type-simple"},"_links":{"self":[{"href":"https:\/\/soydeaqui.ddns.net\/pachuca\/index.php\/wp-json\/wp\/v2\/product\/32585","targetHints":{"allow":["GET"]}}],"collection":[{"href":"https:\/\/soydeaqui.ddns.net\/pachuca\/index.php\/wp-json\/wp\/v2\/product"}],"about":[{"href":"https:\/\/soydeaqui.ddns.net\/pachuca\/index.php\/wp-json\/wp\/v2\/types\/product"}],"replies":[{"embeddable":true,"href":"https:\/\/soydeaqui.ddns.net\/pachuca\/index.php\/wp-json\/wp\/v2\/comments?post=32585"}],"wp:featuredmedia":[{"embeddable":true,"href":"https:\/\/soydeaqui.ddns.net\/pachuca\/index.php\/wp-json\/wp\/v2\/media\/32584"}],"wp:attachment":[{"href":"https:\/\/soydeaqui.ddns.net\/pachuca\/index.php\/wp-json\/wp\/v2\/media?parent=32585"}],"wp:term":[{"taxonomy":"product_brand","embeddable":true,"href":"https:\/\/soydeaqui.ddns.net\/pachuca\/index.php\/wp-json\/wp\/v2\/product_brand?post=32585"},{"taxonomy":"product_cat","embeddable":true,"href":"https:\/\/soydeaqui.ddns.net\/pachuca\/index.php\/wp-json\/wp\/v2\/product_cat?post=32585"},{"taxonomy":"product_tag","embeddable":true,"href":"https:\/\/soydeaqui.ddns.net\/pachuca\/index.php\/wp-json\/wp\/v2\/product_tag?post=32585"}],"curies":[{"name":"wp","href":"https:\/\/api.w.org\/{rel}","templated":true}]}}