{"id":32258,"date":"2026-03-18T14:30:51","date_gmt":"2026-03-18T14:30:51","guid":{"rendered":"https:\/\/soydeaqui.ddns.net\/pachuca\/index.php\/producto\/sensor-laser-de-seguridad-para-portones-barreras-puertas-rapidas-alternativa-segura-al-uso-de-fotoceldas-protege-areas-de-10-x-10-m-campo-de-proteccion-ajustable\/"},"modified":"2026-03-18T14:30:56","modified_gmt":"2026-03-18T14:30:56","slug":"sensor-laser-de-seguridad-para-portones-barreras-puertas-rapidas-alternativa-segura-al-uso-de-fotoceldas-protege-areas-de-10-x-10-m-campo-de-proteccion-ajustable","status":"publish","type":"product","link":"https:\/\/soydeaqui.ddns.net\/pachuca\/index.php\/producto\/sensor-laser-de-seguridad-para-portones-barreras-puertas-rapidas-alternativa-segura-al-uso-de-fotoceldas-protege-areas-de-10-x-10-m-campo-de-proteccion-ajustable\/","title":{"rendered":"Sensor l\u00e1ser de seguridad para portones \/ barreras \/ puertas r\u00e1pidas \/ Alternativa segura al uso de fotoceldas \/ Protege \u00e1reas de 10 x 10 m \/ Campo de protecci\u00f3n ajustable"},"content":{"rendered":"<div style='width: 100%; max-width: 1200px; margin: 0 auto; font-family: sans-serif; line-height: 1.6; color: inherit; background-color: transparent;'>\n<div style='margin-bottom: 30px;'>\n<p style='font-size: 14px; margin: 0 0 15px; color: inherit;'>El sensor LZR-i30 es un sensor l\u00e1ser basado en la tecnolog\u00eda &#8216;Time of Flight&#8217;. Esta tecnolog\u00eda es de alta precisi\u00f3n con resoluci\u00f3n definida de 272 puntos por cortina con lo cual asegura una detecci\u00f3n precisa de objetos. La configuraci\u00f3n de este producto provee 4 cortinas l\u00e1ser que ofrecen un zona de seguridad tridimensional. El LZR I30 cuenta con 2 salidas de rel\u00e9. Las salidas son configurables con las cortinas para optimizar mediante de seguridad e incluso accionamiento virtual. El l\u00e1ser no usa el piso como referencia lo cual es sumamente m\u00e1s confiable con interferencias din\u00e1micas tales como el exterior \/ acabados brillantes \/ condensaci\u00f3n \/ neblina \/ entre m\u00e1s.<\/p>\n<p style='font-size: 14px; margin: 15px 0; color: inherit;'>El sensor est\u00e1 dise\u00f1ado para la detecci\u00f3n de personas y veh\u00edculos&comma; tanto en exterior como en interior. La alta precisi\u00f3n durante la detecci\u00f3n&comma; hacen este sensor ideal para aplicaciones de alto rendimiento como puertas industriales&comma; seguridad en control de flujo vehicular&comma; protecci\u00f3n perimetral y una gran variedad de aplicaciones.<\/p>\n<p style='font-size: 14px; margin: 15px 0; color: inherit;'>El LZR-i30 cuenta con un gabinete certificado bajo la norma NEMA 4 y puede ser instalado tanto en interior como exterior en ambientes industriales o residenciales. Adem\u00e1s&comma; cuenta con 3 indicadores LED que proveen un punto de referencia m\u00e1s preciso para los ajustes del \u00e1ngulo de inclinaci\u00f3n durante la instalaci\u00f3n del equipo.<\/p>\n<p style='font-size: 14px; margin: 15px 0 0; color: inherit;'>En cuanto a la programaci\u00f3n&comma; BEA provee un control remoto con comandos f\u00e1ciles y sencillos que permiten programar el equipo de una manera c\u00f3moda.<\/p>\n<\/p><\/div>\n<hr style='border: 0; border-top: 1px solid rgba(150&comma; 150&comma; 150&comma; 0.3); margin: 30px 0;'>\n<h2 style='font-size: 24px; margin: 0 0 20px; color: inherit;'>Aplicaciones Comunes<\/h2>\n<div style='display: grid; grid-template-columns: repeat(auto-fit&comma; minmax(280px&comma; 1fr)); gap: 20px; margin-bottom: 30px;'>\n<div style='border: 1px solid rgba(150&comma; 150&comma; 150&comma; 0.4); border-radius: 8px; overflow: hidden; background-color: rgba(255&comma; 255&comma; 255&comma; 0.03);'>\n<div style='padding: 15px; border-bottom: 1px solid rgba(150&comma; 150&comma; 150&comma; 0.2); font-weight: bold; font-size: 18px; color: inherit;'>Puertas r\u00e1pidas industriales<\/div>\n<div style='padding: 15px; color: inherit;'>\n<p style='margin: 0 0 15px; font-size: 14px; color: inherit;'>4 cortinas de seguridad para detecci\u00f3n de proximidad a la zona de apertura<\/p>\n<p> <img style='width: 100%; height: auto; border: 1px solid rgba(150&comma;150&comma;150&comma;0.3); border-radius: 8px;' src='https:\/\/ftp3.syscom.mx\/usuarios\/fmedina\/erp-images\/puerta-rapida-BEA.jpg' alt=''> <\/div>\n<\/p><\/div>\n<div style='border: 1px solid rgba(150&comma; 150&comma; 150&comma; 0.4); border-radius: 8px; overflow: hidden; background-color: rgba(255&comma; 255&comma; 255&comma; 0.03);'>\n<div style='padding: 15px; border-bottom: 1px solid rgba(150&comma; 150&comma; 150&comma; 0.2); font-weight: bold; font-size: 18px; color: inherit;'>Barreras vehiculares<\/div>\n<div style='padding: 15px; color: inherit;'>\n<p style='margin: 0 0 15px; font-size: 14px; color: inherit;'>Cortina de alta resoluci\u00f3n para camiones con carga y\/o evitar el concepto de piggy backing<\/p>\n<p> <img style='width: 100%; height: auto; border: 1px solid rgba(150&comma;150&comma;150&comma;0.3); border-radius: 8px;' src='https:\/\/ftp3.syscom.mx\/usuarios\/fmedina\/erp-images\/i30_piggy%20backing.jpg' alt=''> <\/div>\n<\/p><\/div>\n<div style='border: 1px solid rgba(150&comma; 150&comma; 150&comma; 0.4); border-radius: 8px; overflow: hidden; background-color: rgba(255&comma; 255&comma; 255&comma; 0.03);'>\n<div style='padding: 15px; border-bottom: 1px solid rgba(150&comma; 150&comma; 150&comma; 0.2); font-weight: bold; font-size: 18px; color: inherit;'>Portones corredizos<\/div>\n<div style='padding: 15px; color: inherit;'>\n<p style='margin: 0 0 15px; font-size: 14px; color: inherit;'>Seguridad para detecci\u00f3n de obst\u00e1culos en el \u00e1rea de cierre de la puerta. Soluci\u00f3n alternativa para fotoceldas<\/p>\n<p> <img style='width: 100%; height: auto; border: 1px solid rgba(150&comma;150&comma;150&comma;0.3); border-radius: 8px;' src='https:\/\/ftp3.syscom.mx\/usuarios\/fmedina\/erp-images\/LZR%20i30_sliding%20gate.jpg' alt=''> <\/div>\n<\/p><\/div>\n<\/p><\/div>\n<hr style='border: 0; border-top: 1px solid rgba(150&comma; 150&comma; 150&comma; 0.3); margin: 30px 0;'>\n<h2 style='font-size: 24px; margin: 0 0 20px; color: inherit;'>Videos Disponibles<\/h2>\n<div style='display: flex; flex-wrap: wrap; gap: 20px; margin-bottom: 30px;'>\n<div style='flex: 1 1 48%; min-width: 300px; position: relative; padding-bottom: 56.25%; height: 0; overflow: hidden;'>   <\/div>\n<div style='flex: 1 1 48%; min-width: 300px; position: relative; padding-bottom: 56.25%; height: 0; overflow: hidden;'>   <\/div>\n<\/p><\/div>\n<\/p><\/div>\n","protected":false},"excerpt":{"rendered":"<p>Sensor l\u00e1ser de seguridad para portones \/ barreras \/ puertas r\u00e1pidas \/ Alternativa segura al uso de fotoceldas \/ Protege \u00e1reas de 10 x 10 m \/ Campo de protecci\u00f3n ajustable<\/p>\n","protected":false},"featured_media":32257,"comment_status":"open","ping_status":"closed","template":"","meta":[],"product_brand":[],"product_cat":[777],"product_tag":[401,93,843],"class_list":{"0":"post-32258","1":"product","2":"type-product","3":"status-publish","4":"has-post-thumbnail","6":"product_cat-accesorios-acceso-vehicular","7":"product_tag-acceso-vehicular","8":"product_tag-accesorios","9":"product_tag-bea","11":"first","12":"instock","13":"sale","14":"shipping-taxable","15":"purchasable","16":"product-type-simple"},"_links":{"self":[{"href":"https:\/\/soydeaqui.ddns.net\/pachuca\/index.php\/wp-json\/wp\/v2\/product\/32258","targetHints":{"allow":["GET"]}}],"collection":[{"href":"https:\/\/soydeaqui.ddns.net\/pachuca\/index.php\/wp-json\/wp\/v2\/product"}],"about":[{"href":"https:\/\/soydeaqui.ddns.net\/pachuca\/index.php\/wp-json\/wp\/v2\/types\/product"}],"replies":[{"embeddable":true,"href":"https:\/\/soydeaqui.ddns.net\/pachuca\/index.php\/wp-json\/wp\/v2\/comments?post=32258"}],"wp:featuredmedia":[{"embeddable":true,"href":"https:\/\/soydeaqui.ddns.net\/pachuca\/index.php\/wp-json\/wp\/v2\/media\/32257"}],"wp:attachment":[{"href":"https:\/\/soydeaqui.ddns.net\/pachuca\/index.php\/wp-json\/wp\/v2\/media?parent=32258"}],"wp:term":[{"taxonomy":"product_brand","embeddable":true,"href":"https:\/\/soydeaqui.ddns.net\/pachuca\/index.php\/wp-json\/wp\/v2\/product_brand?post=32258"},{"taxonomy":"product_cat","embeddable":true,"href":"https:\/\/soydeaqui.ddns.net\/pachuca\/index.php\/wp-json\/wp\/v2\/product_cat?post=32258"},{"taxonomy":"product_tag","embeddable":true,"href":"https:\/\/soydeaqui.ddns.net\/pachuca\/index.php\/wp-json\/wp\/v2\/product_tag?post=32258"}],"curies":[{"name":"wp","href":"https:\/\/api.w.org\/{rel}","templated":true}]}}