{"id":32142,"date":"2026-03-18T14:27:46","date_gmt":"2026-03-18T14:27:46","guid":{"rendered":"https:\/\/soydeaqui.ddns.net\/pachuca\/index.php\/producto\/corestation-panel-de-control-de-acceso-biometria-integrada-compatible-con-sistema-de-elevadores-200000-huellas-4-puertas\/"},"modified":"2026-03-18T14:27:54","modified_gmt":"2026-03-18T14:27:54","slug":"corestation-panel-de-control-de-acceso-biometria-integrada-compatible-con-sistema-de-elevadores-200000-huellas-4-puertas","status":"publish","type":"product","link":"https:\/\/soydeaqui.ddns.net\/pachuca\/index.php\/producto\/corestation-panel-de-control-de-acceso-biometria-integrada-compatible-con-sistema-de-elevadores-200000-huellas-4-puertas\/","title":{"rendered":"CoreStation Panel de Control de Acceso \/ Biometr\u00eda Integrada \/ Compatible con Sistema de Elevadores \/ 200,000 Huellas  \/ 4 Puertas"},"content":{"rendered":"<div style='width: 100%; max-width: 1200px; margin: 0 auto; font-family: sans-serif; line-height: 1.6; color: inherit; background-color: transparent;'> <!-- Imagen principal --> <img style='width: 100%; height: auto; border: 1px solid rgba(150&comma;150&comma;150&comma;0.3); border-radius: 8px;' src='https:\/\/ftp3.syscom.mx\/usuarios\/maguilar\/Suprema\/CoreStation\/corestation_1.jpg' alt=''> <!-- Secci\u00f3n de funciones --> <\/p>\n<div style='margin: 30px 0;'>\n<h3 style='font-size: 22px; border-bottom: 2px solid currentColor; padding-bottom: 5px; margin-top: 0; color: inherit; opacity: 0.8;'>Funciones<\/h3>\n<ul style='padding-left: 20px; font-size: 15px; color: inherit;'>\n<li style='margin-bottom: 5px;'>Control de Acceso con software Biostar2 (ver licencias)<\/li>\n<\/ul><\/div>\n<p> <!-- Secci\u00f3n de capacidad --> <\/p>\n<div style='margin: 30px 0;'>\n<h3 style='font-size: 22px; border-bottom: 2px solid currentColor; padding-bottom: 5px; margin-top: 0; color: inherit; opacity: 0.8;'>Capacidad<\/h3>\n<ul style='padding-left: 20px; font-size: 15px; color: inherit;'>\n<li style='margin-bottom: 5px;'>Usuarios (1:1): 500&comma;000<\/li>\n<li style='margin-bottom: 5px;'>Usuarios (1:N): 100&comma;000<\/li>\n<li style='margin-bottom: 5px;'>Plantillas (huellas) (1:1): 1&comma;000&comma;000<\/li>\n<li style='margin-bottom: 5px;'>Plantillas (huellas) (1:N): 200&comma;000<\/li>\n<li style='margin-bottom: 5px;'>Tarjetas: 500&comma;000<\/li>\n<li style='margin-bottom: 5px;'>Eventos: 5&comma;000&comma;000<\/li>\n<\/ul><\/div>\n<p> <!-- Secci\u00f3n de comunicaci\u00f3n --> <\/p>\n<div style='margin: 30px 0;'>\n<h3 style='font-size: 22px; border-bottom: 2px solid currentColor; padding-bottom: 5px; margin-top: 0; color: inherit; opacity: 0.8;'>Comunicaci\u00f3n<\/h3>\n<ul style='padding-left: 20px; font-size: 15px; color: inherit;'>\n<li style='margin-bottom: 5px;'>TCP\/IP (10\/100MBps)<\/li>\n<li style='margin-bottom: 5px;'>RS-485 OSDP V2<\/li>\n<li style='margin-bottom: 5px;'>Entrada Wiegand Multi-Formato<\/li>\n<\/ul><\/div>\n<p> <!-- Secci\u00f3n de funciones de control de acceso --> <\/p>\n<div style='margin: 30px 0;'>\n<h3 style='font-size: 22px; border-bottom: 2px solid currentColor; padding-bottom: 5px; margin-top: 0; color: inherit; opacity: 0.8;'>Funciones de Control de Acceso<\/h3>\n<ul style='padding-left: 20px; font-size: 15px; color: inherit;'>\n<li style='margin-bottom: 5px;'>Control de Acceso por Horarios y Puertas<\/li>\n<li style='margin-bottom: 5px;'>M\u00e9todos de Verificaci\u00f3n Combinables:<\/li>\n<ul style='padding-left: 30px; margin-top: 5px; margin-bottom: 10px;'>\n<li style='margin-bottom: 5px;'>Huella + Tarjeta<\/li>\n<\/ul>\n<li style='margin-bottom: 5px;'>Anti-Passback<\/li>\n<\/ul><\/div>\n<p> <!-- Secci\u00f3n de control de elevadores --> <\/p>\n<div style='margin: 30px 0;'>\n<h3 style='font-size: 22px; border-bottom: 2px solid currentColor; padding-bottom: 5px; margin-top: 0; color: inherit; opacity: 0.8;'>Funciones de Control de Elevadores<\/h3>\n<p style='font-size: 15px; color: inherit; margin-top: 10px; margin-bottom: 10px;'>Para esta funci\u00f3n agregue el m\u00f3dulo OM-120. Requiere licencia BIOSTAR2ADV o BIOSTAR2PRO o BIOTAR2ENT<\/p>\n<\/p><\/div>\n<p> <!-- Secci\u00f3n de conexiones --> <\/p>\n<div style='margin: 30px 0;'>\n<h3 style='font-size: 22px; border-bottom: 2px solid currentColor; padding-bottom: 5px; margin-top: 0; color: inherit; opacity: 0.8;'>Conexiones<\/h3>\n<ul style='padding-left: 20px; font-size: 15px; color: inherit;'>\n<li style='margin-bottom: 5px;'>4 Salidas de Relevador NC\/NO\/COM para Chapas<\/li>\n<li style='margin-bottom: 5px;'>8 Salidas de Relevador Auxiliares NC\/NO\/COM<\/li>\n<li style='margin-bottom: 5px;'>2 Entradas Auxiliares<\/li>\n<li style='margin-bottom: 5px;'>Bot\u00f3n de Salida y Sensor Magn\u00e9tico por Puerta<\/li>\n<\/ul><\/div>\n<p> <!-- Secci\u00f3n de alimentaci\u00f3n --> <\/p>\n<div style='margin: 30px 0;'>\n<h3 style='font-size: 22px; border-bottom: 2px solid currentColor; padding-bottom: 5px; margin-top: 0; color: inherit; opacity: 0.8;'>Alimentaci\u00f3n<\/h3>\n<ul style='padding-left: 20px; font-size: 15px; color: inherit;'>\n<li style='margin-bottom: 5px;'>12Vcc \/ 3A (Fuente no incluida). Recomendable el modelo ENCR10<\/li>\n<\/ul><\/div>\n<p> <!-- Secci\u00f3n de lectores compatibles --> <\/p>\n<div style='margin: 30px 0;'>\n<h3 style='font-size: 22px; border-bottom: 2px solid currentColor; padding-bottom: 5px; margin-top: 0; color: inherit; opacity: 0.8;'>Lectores Compatibles<\/h3>\n<ul style='padding-left: 20px; font-size: 15px; color: inherit;'>\n<li style='margin-bottom: 5px;'>Lectores Biom\u00e9tricos:<\/li>\n<ul style='padding-left: 30px; margin-top: 5px; margin-bottom: 10px;'>\n<li style='margin-bottom: 5px;'>Lector de Huella y Proximidad BioEntryW2 para Interior \/ Exterior (<a style='color: inherit; text-decoration: underline;' href='https:\/\/www.syscom.mx\/principal\/searchcont?route=BEW2OAP-SUPREMA-93543&#038;autodetect=bew2'>BEW2OAP<\/a>&comma; <a style='color: inherit; text-decoration: underline;' href='https:\/\/www.syscom.mx\/principal\/searchcont?route=BEW2ODP-SUPREMA-136188&#038;autodetect=bew2'>BEW2ODP<\/a>&comma; <a style='color: inherit; text-decoration: underline;' href='https:\/\/www.syscom.mx\/principal\/searchcont?route=BEW2OHP-SUPREMA-136184&#038;autodetect=bew2'>BEW2OHP<\/a>)<\/li>\n<li style='margin-bottom: 5px;'>Lector de Huella y Proximidad BioStationR2 para Interior (<a style='color: inherit; text-decoration: underline;' href='https:\/\/www.syscom.mx\/principal\/searchcont?route=BER2OD-SUPREMA-143232&#038;autodetect=ber2'>BER2OD<\/a>)<\/li>\n<li style='margin-bottom: 5px;'>Lector de Huella y Proximidad BioStationP2 para Interior (<a style='color: inherit; text-decoration: underline;' href='https:\/\/www.syscom.mx\/principal\/searchcont?route=BEP2OD-SUPREMA-143229&#038;autodetect=bep2'>BEP2OD<\/a>&comma; <a style='color: inherit; text-decoration: underline;' href='https:\/\/www.syscom.mx\/principal\/searchcont?route=BEP2OA-SUPREMA-143228&#038;autodetect=bep2'>BEP2OA<\/a>)<\/li>\n<li style='margin-bottom: 5px;'>Lector de Huella y Proximidad BioStationL2 para Interior (<a style='color: inherit; text-decoration: underline;' href='https:\/\/www.syscom.mx\/principal\/searchcont?route=BSL2OE-SUPREMA-136183&#038;autodetect=bsl2'>BSL2OE<\/a>&comma; <a style='color: inherit; text-decoration: underline;' href='https:\/\/www.syscom.mx\/principal\/searchcont?route=BSL2OM-SUPREMA-93540&#038;autodetect=bsl2'>BSL2OM<\/a>)<\/li>\n<li style='margin-bottom: 5px;'>Lector de Huella y Proximidad BioStation2 para Interior \/ Exterior (<a style='color: inherit; text-decoration: underline;' href='https:\/\/www.syscom.mx\/principal\/searchcont?route=BS2OEPW-SUPREMA-136179&#038;autodetect=bs2'>BS2OEPW<\/a>&comma; <a style='color: inherit; text-decoration: underline;' href='https:\/\/www.syscom.mx\/principal\/searchcont?route=BS2OMPW-SUPREMA-93536&#038;autodetect=bs2'>BS2OMPW<\/a>&comma; <a style='color: inherit; text-decoration: underline;' href='https:\/\/www.syscom.mx\/principal\/searchcont?route=BS2OIPW-SUPREMA-136185&#038;autodetect=bs2'>BS2OIPW<\/a>&comma; <a style='color: inherit; text-decoration: underline;' href='https:\/\/www.syscom.mx\/principal\/searchcont?route=BS2OHPW-SUPREMA-93537&#038;autodetect=bs2'>BS2OHPW<\/a>)<\/li>\n<li style='margin-bottom: 5px;'>Lector de Huella y Proximidad BioStationA2 para Interior (<a style='color: inherit; text-decoration: underline;' href='https:\/\/www.syscom.mx\/principal\/searchcont?route=BSA2OEPW-SUPREMA-93531&#038;autodetect=bsa2'>BSA2OEPW<\/a>&comma; <a style='color: inherit; text-decoration: underline;' href='https:\/\/www.syscom.mx\/principal\/searchcont?route=BSA2OIPW-SUPREMA-93534&#038;autodetect=bsa2'>BSA2OIPW<\/a>&comma; <a style='color: inherit; text-decoration: underline;' href='https:\/\/www.syscom.mx\/principal\/searchcont?route=BSA2OHPW-SUPREMA-93533&#038;autodetect=bsa2'>BSA2OHPW<\/a>&comma; <a style='color: inherit; text-decoration: underline;' href='https:\/\/www.syscom.mx\/principal\/searchcont?route=BSA2OMPW-SUPREMA-93532&#038;autodetect=bsa2'>BSA2OMPW<\/a>)<\/li>\n<li style='margin-bottom: 5px;'>Soporta hasta 64 Lectores Esclavos (Lector de Entrada y Salida)<\/li>\n<li style='margin-bottom: 5px;'>Lector USB <a style='color: inherit; text-decoration: underline;' href='https:\/\/www.syscom.mx\/principal\/searchcont?route=BIOMINI-SUPREMA-136182&#038;autodetect=biomin'>BIOMINI<\/a> para registro de huellas<\/li>\n<\/ul>\n<li style='margin-bottom: 5px;'>Proximidad:<\/li>\n<ul style='padding-left: 30px; margin-top: 5px; margin-bottom: 10px;'>\n<li style='margin-bottom: 5px;'>Soporta 1 Lector por Puerta<\/li>\n<\/ul>\n<\/ul><\/div>\n<p> <!-- Secci\u00f3n de informaci\u00f3n adicional --> <\/p>\n<div style='margin: 30px 0;'>\n<h3 style='font-size: 22px; border-bottom: 2px solid currentColor; padding-bottom: 5px; margin-top: 0; color: inherit; opacity: 0.8;'>Informaci\u00f3n Adicional<\/h3>\n<ul style='padding-left: 20px; font-size: 15px; color: inherit;'>\n<li style='margin-bottom: 5px;'>Temperatura de Operaci\u00f3n: 0 a 50 \u00b0C<\/li>\n<li style='margin-bottom: 5px;'>Dimensiones: 150 x 214 x 21 mm<\/li>\n<li style='margin-bottom: 5px;'>Peso: 415 g<\/li>\n<li style='margin-bottom: 5px;'>Certificados: CE&comma; KC&comma; RoHS&comma; REACH&comma; WEEE<\/li>\n<li style='margin-bottom: 5px;'>Incluye Software de Administraci\u00f3n en Espa\u00f1ol<\/li>\n<li style='margin-bottom: 5px;'>1 A\u00f1o de Garant\u00eda<\/li>\n<li style='margin-bottom: 5px;'>Para la funci\u00f3n de tiempo y asistencia es necesario utilizar biom\u00e9tricos de SUPREMA&comma; la funci\u00f3n de tiempo y asistencia no es compatible con las entradas Wiegand<\/li>\n<\/ul><\/div>\n<p> <!-- Separador --> <\/p>\n<hr style='border: 0; border-top: 1px solid rgba(150&comma; 150&comma; 150&comma; 0.3); margin: 30px 0;'> <!-- Secci\u00f3n de software --> <\/p>\n<div style='margin: 30px 0;'>\n<h3 style='font-size: 22px; border-bottom: 2px solid currentColor; padding-bottom: 5px; margin-top: 0; color: inherit; opacity: 0.8;'>Software de Administraci\u00f3n BioStar2<\/h3>\n<ul style='padding-left: 20px; font-size: 15px; color: inherit;'>\n<li style='margin-bottom: 5px;'>Control de acceso<\/li>\n<li style='margin-bottom: 5px;'>Horarios de acceso<\/li>\n<li style='margin-bottom: 5px;'>Funci\u00f3n de Elevadores con m\u00f3dulo OM-120<\/li>\n<li style='margin-bottom: 5px;'>Antipass-back<\/li>\n<\/ul><\/div>\n<p> <!-- Secci\u00f3n de notas --> <\/p>\n<div style='margin: 30px 0;'>\n<h3 style='font-size: 22px; border-bottom: 2px solid currentColor; padding-bottom: 5px; margin-top: 0; color: inherit; opacity: 0.8;'>Notas<\/h3>\n<p style='font-size: 15px; color: inherit; margin-top: 10px; margin-bottom: 10px;'>Solo se da soporte al software suministrado con el equipo o proporcionado por SYSCOM y siempre y cuando se utilice el mismo motor de base de datos que se incluye. Cualquier otra implementaci\u00f3n hacia otro software u otra versi\u00f3n de base de datos&comma; es responsabilidad del integrador o desarrollador a cargo.<\/p>\n<\/p><\/div>\n<p> <!-- Im\u00e1genes adicionales --> <\/p>\n<div style='display: flex; flex-wrap: wrap; gap: 20px; margin: 30px 0;'> <img style='flex: 1 1 300px; min-width: 280px; height: auto; border: 1px solid rgba(150&comma;150&comma;150&comma;0.3); border-radius: 8px;' src='https:\/\/ftp3.syscom.mx\/usuarios\/maguilar\/Suprema\/CoreStation\/corestation_2_2.jpg' alt=''> <img style='flex: 1 1 300px; min-width: 280px; height: auto; border: 1px solid rgba(150&comma;150&comma;150&comma;0.3); border-radius: 8px;' src='https:\/\/ftp3.syscom.mx\/usuarios\/maguilar\/Suprema\/CoreStation\/corestation_2_3.jpg' alt=''> <\/div>\n<p> <!-- Secci\u00f3n de lectores compatibles - segunda parte --> <\/p>\n<div style='margin: 30px 0;'>\n<h3 style='font-size: 22px; border-bottom: 2px solid currentColor; padding-bottom: 5px; margin-top: 0; color: inherit; opacity: 0.8;'>Lectores Compatibles<\/h3>\n<div style='display: grid; grid-template-columns: repeat(auto-fill&comma; minmax(160px&comma; 1fr)); gap: 20px; margin-top: 20px;'>\n<div style='border: 1px solid rgba(150&comma;150&comma;150&comma;0.3); border-radius: 8px; overflow: hidden; text-align: center; padding: 10px;'> <a href='https:\/\/www.syscom.mx\/principal\/consultarproductosazul?global_search=biostation%20a2&#038;ordenar=Relevancia&#038;pag=1'> <img style='width: 160px; height: 124px; object-fit: contain; margin: auto;' src='https:\/\/www.supremainc.com\/sites\/default\/files\/corestation\/CompatibleDevices\/BioStation_A2.jpg' alt='BioStation A2'> <\/p>\n<p style='margin-top: 10px; font-size: 14px; color: inherit;'>BioStation A2<\/p>\n<p> <\/a> <\/div>\n<div style='border: 1px solid rgba(150&comma;150&comma;150&comma;0.3); border-radius: 8px; overflow: hidden; text-align: center; padding: 10px;'> <img style='width: 160px; height: 124px; object-fit: contain; margin: auto;' src='https:\/\/www.supremainc.com\/sites\/default\/files\/corestation\/CompatibleDevices\/BioStation_2.jpg' alt='BioStation 2'> <\/p>\n<p style='margin-top: 10px; font-size: 14px; color: inherit;'>BioStation 2<\/p>\n<\/p><\/div>\n<div style='border: 1px solid rgba(150&comma;150&comma;150&comma;0.3); border-radius: 8px; overflow: hidden; text-align: center; padding: 10px;'> <img style='width: 160px; height: 124px; object-fit: contain; margin: auto;' src='https:\/\/www.supremainc.com\/sites\/default\/files\/corestation\/CompatibleDevices\/BioStation_L2.jpg' alt='BioStation L2'> <\/p>\n<p style='margin-top: 10px; font-size: 14px; color: inherit;'>BioStation L2<\/p>\n<\/p><\/div>\n<div style='border: 1px solid rgba(150&comma;150&comma;150&comma;0.3); border-radius: 8px; overflow: hidden; text-align: center; padding: 10px;'> <img style='width: 160px; height: 124px; object-fit: contain; margin: auto;' src='https:\/\/www.supremainc.com\/sites\/default\/files\/corestation\/CompatibleDevices\/BioLite_Net.jpg' alt='BioLite Net'> <\/p>\n<p style='margin-top: 10px; font-size: 14px; color: inherit;'>BioLite Net<\/p>\n<\/p><\/div>\n<div style='border: 1px solid rgba(150&comma;150&comma;150&comma;0.3); border-radius: 8px; overflow: hidden; text-align: center; padding: 10px;'> <img style='width: 160px; height: 124px; object-fit: contain; margin: auto;' src='https:\/\/www.supremainc.com\/sites\/default\/files\/corestation\/CompatibleDevices\/BioLite_Solo.png' alt='BioLite Solo'> <\/p>\n<p style='margin-top: 10px; font-size: 14px; color: inherit;'>BioLite Solo<\/p>\n<\/p><\/div>\n<div style='border: 1px solid rgba(150&comma;150&comma;150&comma;0.3); border-radius: 8px; overflow: hidden; text-align: center; padding: 10px;'> <a href='https:\/\/www.syscom.mx\/principal\/consultarproductosazul?global_search=bioentryw2&#038;ordenar=Relevancia&#038;pag=1'> <img style='width: 160px; height: 124px; object-fit: contain; margin: auto;' src='https:\/\/www.supremainc.com\/sites\/default\/files\/corestation\/CompatibleDevices\/BioEntry_W2.jpg' alt='BioEntry W2'> <\/p>\n<p style='margin-top: 10px; font-size: 14px; color: inherit;'>BioEntry W2<\/p>\n<p> <\/a> <\/div>\n<div style='border: 1px solid rgba(150&comma;150&comma;150&comma;0.3); border-radius: 8px; overflow: hidden; text-align: center; padding: 10px;'> <img style='width: 160px; height: 124px; object-fit: contain; margin: auto;' src='https:\/\/www.supremainc.com\/sites\/default\/files\/corestation\/CompatibleDevices\/BioEntry_P2.jpg' alt='BioEntry P2'> <\/p>\n<p style='margin-top: 10px; font-size: 14px; color: inherit;'>BioEntry P2<\/p>\n<\/p><\/div>\n<div style='border: 1px solid rgba(150&comma;150&comma;150&comma;0.3); border-radius: 8px; overflow: hidden; text-align: center; padding: 10px;'> <img style='width: 160px; height: 124px; object-fit: contain; margin: auto;' src='https:\/\/www.supremainc.com\/sites\/default\/files\/corestation\/CompatibleDevices\/BioEntry_Plus.jpg' alt='BioEntry Plus'> <\/p>\n<p style='margin-top: 10px; font-size: 14px; color: inherit;'>BioEntry Plus<\/p>\n<\/p><\/div>\n<div style='border: 1px solid rgba(150&comma;150&comma;150&comma;0.3); border-radius: 8px; overflow: hidden; text-align: center; padding: 10px;'> <img style='width: 160px; height: 124px; object-fit: contain; margin: auto;' src='https:\/\/www.supremainc.com\/sites\/default\/files\/corestation\/CompatibleDevices\/BioEntry_R2.jpg' alt='BioEntry R2'> <\/p>\n<p style='margin-top: 10px; font-size: 14px; color: inherit;'>BioEntry R2<\/p>\n<\/p><\/div>\n<div style='border: 1px solid rgba(150&comma;150&comma;150&comma;0.3); border-radius: 8px; overflow: hidden; text-align: center; padding: 10px;'> <img style='width: 160px; height: 124px; object-fit: contain; margin: auto;' src='https:\/\/www.supremainc.com\/sites\/default\/files\/corestation\/CompatibleDevices\/X_Pass.jpg' alt='XPass'> <\/p>\n<p style='margin-top: 10px; font-size: 14px; color: inherit;'>XPass<\/p>\n<\/p><\/div>\n<div style='border: 1px solid rgba(150&comma;150&comma;150&comma;0.3); border-radius: 8px; overflow: hidden; text-align: center; padding: 10px;'> <img style='width: 160px; height: 124px; object-fit: contain; margin: auto;' src='https:\/\/www.supremainc.com\/sites\/default\/files\/corestation\/CompatibleDevices\/XPass_S2.jpg' alt='XPass S2'> <\/p>\n<p style='margin-top: 10px; font-size: 14px; color: inherit;'>XPass S2<\/p>\n<\/p><\/div>\n<\/p><\/div>\n<\/p><\/div>\n<p> <!-- Secci\u00f3n de m\u00f3dulos de extensi\u00f3n --> <\/p>\n<div style='margin: 30px 0;'>\n<h3 style='font-size: 22px; border-bottom: 2px solid currentColor; padding-bottom: 5px; margin-top: 0; color: inherit; opacity: 0.8;'>M\u00f3dulos de Extensi\u00f3n de Relevadores Compatibles<\/h3>\n<div style='display: grid; grid-template-columns: repeat(auto-fill&comma; minmax(160px&comma; 1fr)); gap: 20px; margin-top: 20px;'>\n<div style='border: 1px solid rgba(150&comma;150&comma;150&comma;0.3); border-radius: 8px; overflow: hidden; text-align: center; padding: 10px;'> <a href='https:\/\/www.syscom.mx\/producto\/DM20-SUPREMA-143234.html'> <img style='width: 160px; height: 124px; object-fit: contain; margin: auto;' src='https:\/\/www.supremainc.com\/sites\/default\/files\/thumb.jpg' alt='DM-20'> <\/p>\n<p style='margin-top: 10px; font-size: 14px; color: inherit;'>DM-20<\/p>\n<p> <\/a> <\/div>\n<div style='border: 1px solid rgba(150&comma;150&comma;150&comma;0.3); border-radius: 8px; overflow: hidden; text-align: center; padding: 10px;'> <a href='https:\/\/www.syscom.mx\/producto\/OM120-SUPREMA-141742.html'> <img style='width: 160px; height: 124px; object-fit: contain; margin: auto;' src='https:\/\/www.supremainc.com\/sites\/default\/files\/uploads\/accessories\/accessories_OM-120.png' alt='OM-120'> <\/p>\n<p style='margin-top: 10px; font-size: 14px; color: inherit;'>OM-120<\/p>\n<p> <\/a> <\/div>\n<\/p><\/div>\n<\/p><\/div>\n<p> <!-- Video de YouTube --> <\/p>\n<div style='position: relative; padding-bottom: 56.25%; height: 0; overflow: hidden; margin: 30px 0;'>   <\/div>\n<p> <!-- Video adicional --> <\/p>\n<div style='position: relative; padding-bottom: 56.25%; height: 0; overflow: hidden; margin: 30px 0;'>   <\/div>\n<\/p><\/div>\n","protected":false},"excerpt":{"rendered":"<p>CoreStation Panel de Control de Acceso \/ Biometr\u00eda Integrada \/ Compatible con Sistema de Elevadores \/ 200,000 Huellas  \/ 4 Puertas<\/p>\n","protected":false},"featured_media":32141,"comment_status":"open","ping_status":"closed","template":"","meta":[],"product_brand":[],"product_cat":[783],"product_tag":[785,784,798],"class_list":{"0":"post-32142","1":"product","2":"type-product","3":"status-publish","4":"has-post-thumbnail","6":"product_cat-controladores-de-acceso","7":"product_tag-controladores-de-acceso","8":"product_tag-paneles-de-control-de-acceso","9":"product_tag-suprema","11":"first","12":"instock","13":"sale","14":"shipping-taxable","15":"purchasable","16":"product-type-simple"},"_links":{"self":[{"href":"https:\/\/soydeaqui.ddns.net\/pachuca\/index.php\/wp-json\/wp\/v2\/product\/32142","targetHints":{"allow":["GET"]}}],"collection":[{"href":"https:\/\/soydeaqui.ddns.net\/pachuca\/index.php\/wp-json\/wp\/v2\/product"}],"about":[{"href":"https:\/\/soydeaqui.ddns.net\/pachuca\/index.php\/wp-json\/wp\/v2\/types\/product"}],"replies":[{"embeddable":true,"href":"https:\/\/soydeaqui.ddns.net\/pachuca\/index.php\/wp-json\/wp\/v2\/comments?post=32142"}],"wp:featuredmedia":[{"embeddable":true,"href":"https:\/\/soydeaqui.ddns.net\/pachuca\/index.php\/wp-json\/wp\/v2\/media\/32141"}],"wp:attachment":[{"href":"https:\/\/soydeaqui.ddns.net\/pachuca\/index.php\/wp-json\/wp\/v2\/media?parent=32142"}],"wp:term":[{"taxonomy":"product_brand","embeddable":true,"href":"https:\/\/soydeaqui.ddns.net\/pachuca\/index.php\/wp-json\/wp\/v2\/product_brand?post=32142"},{"taxonomy":"product_cat","embeddable":true,"href":"https:\/\/soydeaqui.ddns.net\/pachuca\/index.php\/wp-json\/wp\/v2\/product_cat?post=32142"},{"taxonomy":"product_tag","embeddable":true,"href":"https:\/\/soydeaqui.ddns.net\/pachuca\/index.php\/wp-json\/wp\/v2\/product_tag?post=32142"}],"curies":[{"name":"wp","href":"https:\/\/api.w.org\/{rel}","templated":true}]}}