{"id":32022,"date":"2026-03-18T14:24:54","date_gmt":"2026-03-18T14:24:54","guid":{"rendered":"https:\/\/soydeaqui.ddns.net\/pachuca\/index.php\/producto\/arco-detector-de-metales-de-18-zonas-pantalla-lcd-3-7\/"},"modified":"2026-03-18T14:24:55","modified_gmt":"2026-03-18T14:24:55","slug":"arco-detector-de-metales-de-18-zonas-pantalla-lcd-3-7","status":"publish","type":"product","link":"https:\/\/soydeaqui.ddns.net\/pachuca\/index.php\/producto\/arco-detector-de-metales-de-18-zonas-pantalla-lcd-3-7\/","title":{"rendered":"Arco detector de metales de 18 zonas \/ Pantalla LCD 3.7&#8243;"},"content":{"rendered":"<div style='width: 100%; max-width: 1200px; margin: 0 auto; font-family: sans-serif; line-height: 1.6; color: inherit; background-color: transparent;'>\n<div style='display: flex; flex-wrap: wrap; gap: 30px; margin-bottom: 30px;'>\n<div style='flex: 1 1 300px; min-width: 280px;'>\n<h3 style='font-size: 22px; border-bottom: 2px solid currentColor; padding-bottom: 5px; margin-top: 0; color: inherit; opacity: 0.8;'>Caracter\u00edsticas<\/h3>\n<ul style='padding-left: 20px; font-size: 15px; color: inherit;'>\n<li style='margin-bottom: 5px;'>18 zonas de detecci\u00f3n interconectadas en diferentes \u00e1reas y alarma simult\u00e1nea de m\u00faltiples zonas.<\/li>\n<li style='margin-bottom: 5px;'>Pantalla LCD 3.7&#8242;.<\/li>\n<li style='margin-bottom: 5px;'>Sensibilidad ajustable: Cada zona tiene 256 niveles de sensibilidad.<\/li>\n<li style='margin-bottom: 5px;'>Alarma de sonido y LEDs para indicar la zona del metal detectado.<\/li>\n<li style='margin-bottom: 5px;'>Conteo autom\u00e1tico de personas y alarmas.<\/li>\n<li style='margin-bottom: 5px;'>Intensidad de alarma mostrada en el panel.<\/li>\n<li style='margin-bottom: 5px;'>Contrase\u00f1a de programaci\u00f3n.<\/li>\n<li style='margin-bottom: 5px;'>Dise\u00f1ado con material de alta densidad anti-inflamable.<\/li>\n<li style='margin-bottom: 5px;'>Funci\u00f3n de autodiagn\u00f3stico al encenderse&comma; sin necesidad de calibraci\u00f3n inicial o peri\u00f3dica.<\/li>\n<li style='margin-bottom: 5px;'>F\u00e1cil instalaci\u00f3n.<\/li>\n<li style='margin-bottom: 5px;'>Dise\u00f1o modular para f\u00e1cil mantenimiento y reemplazo.<\/li>\n<li style='margin-bottom: 5px;'>Bater\u00eda de respaldo con duraci\u00f3n de 4-8 horas (opcional).<\/li>\n<li style='margin-bottom: 5px;'>Inofensivo para el cuerpo humano&comma; personas con marcapasos&comma; colgantes magn\u00e9ticos&comma; pr\u00f3tesis&comma; mujeres embarazadas&comma; etc.<\/li>\n<\/ul><\/div>\n<\/p><\/div>\n<\/p><\/div>\n","protected":false},"excerpt":{"rendered":"<p>Arco detector de metales de 18 zonas \/ Pantalla LCD 3.7&#8243;<\/p>\n","protected":false},"featured_media":32021,"comment_status":"open","ping_status":"closed","template":"","meta":[],"product_brand":[],"product_cat":[826],"product_tag":[827,844],"class_list":{"0":"post-32022","1":"product","2":"type-product","3":"status-publish","4":"has-post-thumbnail","6":"product_cat-detectores-de-metal-detectores-de-metal","7":"product_tag-detectores-de-metal","8":"product_tag-zkteco","10":"first","11":"outofstock","12":"sale","13":"shipping-taxable","14":"purchasable","15":"product-type-simple"},"_links":{"self":[{"href":"https:\/\/soydeaqui.ddns.net\/pachuca\/index.php\/wp-json\/wp\/v2\/product\/32022","targetHints":{"allow":["GET"]}}],"collection":[{"href":"https:\/\/soydeaqui.ddns.net\/pachuca\/index.php\/wp-json\/wp\/v2\/product"}],"about":[{"href":"https:\/\/soydeaqui.ddns.net\/pachuca\/index.php\/wp-json\/wp\/v2\/types\/product"}],"replies":[{"embeddable":true,"href":"https:\/\/soydeaqui.ddns.net\/pachuca\/index.php\/wp-json\/wp\/v2\/comments?post=32022"}],"wp:featuredmedia":[{"embeddable":true,"href":"https:\/\/soydeaqui.ddns.net\/pachuca\/index.php\/wp-json\/wp\/v2\/media\/32021"}],"wp:attachment":[{"href":"https:\/\/soydeaqui.ddns.net\/pachuca\/index.php\/wp-json\/wp\/v2\/media?parent=32022"}],"wp:term":[{"taxonomy":"product_brand","embeddable":true,"href":"https:\/\/soydeaqui.ddns.net\/pachuca\/index.php\/wp-json\/wp\/v2\/product_brand?post=32022"},{"taxonomy":"product_cat","embeddable":true,"href":"https:\/\/soydeaqui.ddns.net\/pachuca\/index.php\/wp-json\/wp\/v2\/product_cat?post=32022"},{"taxonomy":"product_tag","embeddable":true,"href":"https:\/\/soydeaqui.ddns.net\/pachuca\/index.php\/wp-json\/wp\/v2\/product_tag?post=32022"}],"curies":[{"name":"wp","href":"https:\/\/api.w.org\/{rel}","templated":true}]}}