{"id":3202,"date":"2026-03-18T06:05:42","date_gmt":"2026-03-18T06:05:42","guid":{"rendered":"https:\/\/soydeaqui.ddns.net\/pachuca\/index.php\/producto\/bateria-12v-3-4ah-para-respaldo-tecnologias-agm-vrla-5-anos-vida-util-terminales-f1-reconocida-ul\/"},"modified":"2026-03-18T06:05:43","modified_gmt":"2026-03-18T06:05:43","slug":"bateria-12v-3-4ah-para-respaldo-tecnologias-agm-vrla-5-anos-vida-util-terminales-f1-reconocida-ul","status":"publish","type":"product","link":"https:\/\/soydeaqui.ddns.net\/pachuca\/index.php\/producto\/bateria-12v-3-4ah-para-respaldo-tecnologias-agm-vrla-5-anos-vida-util-terminales-f1-reconocida-ul\/","title":{"rendered":"Bater\u00eda 12V, 3.4AH, Para Respaldo, Tecnolog\u00edas AGM\/VRLA, 5 A\u00f1os Vida \u00datil, Terminales F1, Reconocida UL"},"content":{"rendered":"<div style='width: 100%; max-width: 1200px; margin: 0 auto; font-family: sans-serif; line-height: 1.6; color: inherit; background-color: transparent;'> <!-- Introducci\u00f3n --> <\/p>\n<div style='margin-bottom: 30px;'>\n<p style='margin: 0 0 15px; text-align: justify; font-size: 14px; color: inherit;'>Power Sonic ofrece una amplia gama de productos de bater\u00eda innovadores que incluyen tecnolog\u00edas de litio y \u00e1cido de plomo selladas. Esto garantiza que tengamos la bater\u00eda adecuada para satisfacer las demandas \u00fanicas de su aplicaci\u00f3n.<\/p>\n<p style='margin: 0 0 15px; text-align: justify; font-size: 14px; color: inherit;'>Power Sonic ha brindado soluciones de bater\u00edas seguras&comma; confiables y de calidad en todo el mundo durante m\u00e1s de 50 a\u00f1os. Nuestros productos de bater\u00eda est\u00e1n dise\u00f1ados y fabricados con los \u00faltimos equipos de \u00faltima generaci\u00f3n y est\u00e1n sujetos al control de calidad m\u00e1s estricto. Este proceso es clave para garantizar tanto la consistencia como la confiabilidad con cualquier producto que lleve el nombre de Power Sonic.<\/p>\n<\/p><\/div>\n<p> <!-- Caracter\u00edsticas Generales --> <\/p>\n<div style='margin-bottom: 30px;'>\n<h3 style='font-size: 20px; border-bottom: 2px solid currentColor; padding-bottom: 5px; margin-top: 0; margin-bottom: 15px; color: inherit; opacity: 0.8;'>Caracter\u00edsticas Generales Serie PS<\/h3>\n<ul style='padding-left: 20px; font-size: 14px; color: inherit;'>\n<li style='margin-bottom: 5px;'>Bater\u00edas selladas de plomo \u00e1cido<\/li>\n<li style='margin-bottom: 5px;'>Dise\u00f1o de 5 a\u00f1os de vida \u00fatil<\/li>\n<li style='margin-bottom: 5px;'>Reconocida UL<\/li>\n<li style='margin-bottom: 5px;'><strong>Tecnolog\u00eda VRLA<\/strong> (Valve Regulated Lead Acid) para larga vida \u00fatil por liberaci\u00f3n controlada de gases<\/li>\n<li style='margin-bottom: 5px;'><strong>Tecnolog\u00eda AGM<\/strong> (Absorbent Glass Mat) para garantizar un rendimiento y una fiabilidad superiores<\/li>\n<li style='margin-bottom: 5px;'>Relaci\u00f3n de potencia y volumen que produce una densidad de energ\u00eda inigualable<\/li>\n<li style='margin-bottom: 5px;'>Libre de mantenimiento<\/li>\n<li style='margin-bottom: 5px;'><strong>Recargables con cargadores VRLA<\/strong><\/li>\n<li style='margin-bottom: 5px;'>Construcci\u00f3n a prueba de derrames regulada por v\u00e1lvula permite una operaci\u00f3n segura en cualquier orientaci\u00f3n (excepto el uso continuo invertido)<\/li>\n<li style='margin-bottom: 5px;'>Caja de <strong>ABS resistente a impactos<\/strong> y cubierta <strong>retardante de llama<\/strong> seg\u00fan <strong>UL94:HB<\/strong> y <strong>UL94:V0<\/strong><\/li>\n<li style='margin-bottom: 5px;'>Baja tasa de descarga para una <strong>larga vida \u00fatil<\/strong><\/li>\n<li style='margin-bottom: 5px;'>Certificado <strong>ISO 9001:2015<\/strong><\/li>\n<\/ul><\/div>\n<p> <!-- Caracter\u00edsticas Espec\u00edficas --> <\/p>\n<div style='margin-bottom: 30px;'>\n<h3 style='font-size: 20px; border-bottom: 2px solid currentColor; padding-bottom: 5px; margin-top: 0; margin-bottom: 15px; color: inherit; opacity: 0.8;'>Caracter\u00edsticas PS-1230-F1<\/h3>\n<ul style='padding-left: 20px; font-size: 14px; color: inherit;'>\n<li style='margin-bottom: 5px;'>Dise\u00f1o de 5 a\u00f1os de vida \u00fatil<\/li>\n<li style='margin-bottom: 5px;'>Reconocida UL<\/li>\n<li style='margin-bottom: 5px;'><strong>Tipo de terminal:<\/strong> F1<\/li>\n<li style='margin-bottom: 5px;'><strong>Voltaje Nominal:<\/strong> 12V<\/li>\n<li style='margin-bottom: 5px;'><strong>Capacidad @20HR:<\/strong> 3.40 AH<\/li>\n<li style='margin-bottom: 5px;'><strong>Capacidad @10HR:<\/strong> 3.30 AH<\/li>\n<li style='margin-bottom: 5px;'><strong>Peso:<\/strong> 1.3 kg \/ 2.9 lbs<\/li>\n<li style='margin-bottom: 5px;'><strong>Dimensiones:<\/strong> 5.24&#8242; \/ 133 mm (L) x 2.64&#8242; \/ 67 mm (A) x 2.36&#8242; \/ 60 mm (H)<\/li>\n<li style='margin-bottom: 5px;'><strong>Recargable con cargador:<\/strong> <a class='text-body' style='color: inherit; text-decoration: underline;' href='https:\/\/www.syscom.mx\/producto\/PSC-12500ACX-POWER-SONIC-218408.html'>PSC-12500ACX<\/a><\/li>\n<\/ul><\/div>\n<p> <!-- Aplicaciones --> <\/p>\n<div style='margin-bottom: 30px;'>\n<h3 style='font-size: 20px; border-bottom: 2px solid currentColor; padding-bottom: 5px; margin-top: 0; margin-bottom: 15px; color: inherit; opacity: 0.8;'>Aplicaciones<\/h3>\n<ul style='padding-left: 20px; font-size: 14px; color: inherit;'>\n<li style='margin-bottom: 5px;'>Sistemas de seguridad y emergencia<\/li>\n<li style='margin-bottom: 5px;'>Sistemas de control de acceso<\/li>\n<li style='margin-bottom: 5px;'>Sistemas de alarma<\/li>\n<li style='margin-bottom: 5px;'>Sistemas de detecci\u00f3n de incendio<\/li>\n<li style='margin-bottom: 5px;'>Sistemas de videovigilancia<\/li>\n<\/ul><\/div>\n<\/p><\/div>\n","protected":false},"excerpt":{"rendered":"<p>Bater\u00eda 12V, 3.4AH, Para Respaldo, Tecnolog\u00edas AGM\/VRLA, 5 A\u00f1os Vida \u00datil, Terminales F1, Reconocida UL<\/p>\n","protected":false},"featured_media":3201,"comment_status":"open","ping_status":"closed","template":"","meta":[],"product_brand":[],"product_cat":[141],"product_tag":[143,142,236],"class_list":{"0":"post-3202","1":"product","2":"type-product","3":"status-publish","4":"has-post-thumbnail","6":"product_cat-baterias","7":"product_tag-baterias","8":"product_tag-energia","9":"product_tag-power-sonic","11":"first","12":"instock","13":"sale","14":"shipping-taxable","15":"purchasable","16":"product-type-simple"},"_links":{"self":[{"href":"https:\/\/soydeaqui.ddns.net\/pachuca\/index.php\/wp-json\/wp\/v2\/product\/3202","targetHints":{"allow":["GET"]}}],"collection":[{"href":"https:\/\/soydeaqui.ddns.net\/pachuca\/index.php\/wp-json\/wp\/v2\/product"}],"about":[{"href":"https:\/\/soydeaqui.ddns.net\/pachuca\/index.php\/wp-json\/wp\/v2\/types\/product"}],"replies":[{"embeddable":true,"href":"https:\/\/soydeaqui.ddns.net\/pachuca\/index.php\/wp-json\/wp\/v2\/comments?post=3202"}],"wp:featuredmedia":[{"embeddable":true,"href":"https:\/\/soydeaqui.ddns.net\/pachuca\/index.php\/wp-json\/wp\/v2\/media\/3201"}],"wp:attachment":[{"href":"https:\/\/soydeaqui.ddns.net\/pachuca\/index.php\/wp-json\/wp\/v2\/media?parent=3202"}],"wp:term":[{"taxonomy":"product_brand","embeddable":true,"href":"https:\/\/soydeaqui.ddns.net\/pachuca\/index.php\/wp-json\/wp\/v2\/product_brand?post=3202"},{"taxonomy":"product_cat","embeddable":true,"href":"https:\/\/soydeaqui.ddns.net\/pachuca\/index.php\/wp-json\/wp\/v2\/product_cat?post=3202"},{"taxonomy":"product_tag","embeddable":true,"href":"https:\/\/soydeaqui.ddns.net\/pachuca\/index.php\/wp-json\/wp\/v2\/product_tag?post=3202"}],"curies":[{"name":"wp","href":"https:\/\/api.w.org\/{rel}","templated":true}]}}