{"id":32015,"date":"2026-03-18T14:24:43","date_gmt":"2026-03-18T14:24:43","guid":{"rendered":"https:\/\/soydeaqui.ddns.net\/pachuca\/index.php\/producto\/enrolador-usb-de-huellas-para-software-hikvision-ivms-4200-hikcentral-hikconnect-teams-facilita-el-alta-de-huellas-al-software-conexion-usb-sdk-gratuito-para-desarrollos-propios\/"},"modified":"2026-03-18T14:24:48","modified_gmt":"2026-03-18T14:24:48","slug":"enrolador-usb-de-huellas-para-software-hikvision-ivms-4200-hikcentral-hikconnect-teams-facilita-el-alta-de-huellas-al-software-conexion-usb-sdk-gratuito-para-desarrollos-propios","status":"publish","type":"product","link":"https:\/\/soydeaqui.ddns.net\/pachuca\/index.php\/producto\/enrolador-usb-de-huellas-para-software-hikvision-ivms-4200-hikcentral-hikconnect-teams-facilita-el-alta-de-huellas-al-software-conexion-usb-sdk-gratuito-para-desarrollos-propios\/","title":{"rendered":"Enrolador USB de Huellas para Software Hikvision \/ iVMS-4200 \/ HikCentral \/ HikConnect Teams \/ Facilita el Alta de Huellas al Software \/ Conexi\u00f3n USB \/ SDK GRATUITO para desarrollos propios"},"content":{"rendered":"<div style='width: 100%; max-width: 1200px; margin: 0 auto; font-family: sans-serif; line-height: 1.6; color: inherit; background-color: transparent;'>\n<div style='width: 100%; margin-bottom: 30px;'> <img style='width: 100%; height: auto; border: 1px solid rgba(150&comma;150&comma;150&comma;0.3); border-radius: 8px;' src='https:\/\/ftp3.syscom.mx\/usuarios\/fespinoza\/HIKVISION\/Dispositivos\/Banners\/BannerControladores.jpg' alt='Banner Controladores'> <\/div>\n<div style='display: flex; flex-wrap: wrap; gap: 30px; margin-bottom: 30px;'>\n<div style='flex: 1 1 300px; min-width: 280px;'>\n<h3 style='font-size: 22px; border-bottom: 2px solid currentColor; padding-bottom: 5px; margin-top: 0; color: inherit; opacity: 0.8;'>Caracter\u00edsticas principales<\/h3>\n<ul style='padding-left: 20px; font-size: 15px; color: inherit;'>\n<li style='margin-bottom: 5px;'>Resoluci\u00f3n 508 DPI de alta definici\u00f3n<\/li>\n<li style='margin-bottom: 5px;'>Sensor \u00f3ptico de huellas dactilares dise\u00f1ado con material resistente a rayaduras.<\/li>\n<li style='margin-bottom: 5px;'>Aplicable a sistema windows XP&comma; 7 y 10.<\/li>\n<li style='margin-bottom: 5px;'>Admite configuracion sofware cliente.<\/li>\n<\/ul><\/div>\n<div style='flex: 1 1 300px; min-width: 280px;'>\n<h3 style='font-size: 22px; border-bottom: 2px solid currentColor; padding-bottom: 5px; margin-top: 0; color: inherit; opacity: 0.8;'>Caracteristicas Fisicas y Electricas<\/h3>\n<ul style='padding-left: 20px; font-size: 15px; color: inherit;'>\n<li style='margin-bottom: 5px;'>Uso interior.<\/li>\n<li style='margin-bottom: 5px;'>Temperatura de operaci\u00f3n: -30 \u00baC hasta 70 \u00baC.<\/li>\n<li style='margin-bottom: 5px;'>Dimensiones: 100 mm \u00d7 48 mm \u00d7 35 mm (W \u00d7 D \u00d7 H)<\/li>\n<\/ul><\/div>\n<div style='flex: 1 1 300px; min-width: 280px;'>\n<h3 style='font-size: 22px; border-bottom: 2px solid currentColor; padding-bottom: 5px; margin-top: 0; color: inherit; opacity: 0.8;'>Caracter\u00edsticas Destacadas<\/h3>\n<ul style='padding-left: 20px; font-size: 15px; color: inherit;'>\n<li style='margin-bottom: 5px;'>Compatible con iVMS-4200&comma; HikConnect Teams y HikCentral Profesional.<\/li>\n<li style='margin-bottom: 5px;'>Enrola las huellas al software mediante USB para sincronizarlas con los equipos lectores de huella de HIKVISION.<\/li>\n<\/ul><\/div>\n<\/p><\/div>\n<div style='margin-bottom: 30px;'>\n<h3 style='font-size: 22px; border-bottom: 2px solid currentColor; padding-bottom: 5px; margin-top: 0; color: inherit; opacity: 0.8;'>Consideraciones<\/h3>\n<div style='border: 1px solid rgba(150&comma; 150&comma; 150&comma; 0.4); border-radius: 8px; padding: 15px; color: inherit; font-size: 15px;'>\n<ul style='padding-left: 20px; margin: 0; list-style-type: disc;'>\n<li style='margin-bottom: 5px;'> <\/li>\n<\/ul><\/div>\n<\/p><\/div>\n<div style='margin-bottom: 30px;'>\n<div style='position: relative; padding-bottom: 56.25%; height: 0; overflow: hidden; margin-bottom: 30px;'>   <\/div>\n<\/p><\/div>\n<div style='display: flex; flex-wrap: wrap; gap: 20px; justify-content: center; margin-bottom: 30px;'>\n<div style='flex: 1 1 300px; max-width: 300px;'> <a href='https:\/\/soporte.syscom.mx\/es\/articles\/5607269-desarrollar-aplicaciones-para-hikvision-web-ios-android-windows-mac'> <img style='width: 100%; height: auto; border: 1px solid rgba(150&comma;150&comma;150&comma;0.3); border-radius: 8px;' src='https:\/\/ftp3.syscom.mx\/usuarios\/fespinoza\/HIKVISION\/Dispositivos\/Controladores%20y%20lectores\/Blog-Multisource-SDK-SAP-BusinessObjects-Design-Studio-main.png' alt='SDK Hikvision'> <\/a> <\/div>\n<div style='flex: 1 1 300px; max-width: 300px;'> <a href='http:\/\/soporte.syscom.mx\/es\/articles\/3879039-hikvision-control-de-acceso-lista-de-videos-y-tips-tecnicos'> <img style='width: 100%; height: auto; border: 1px solid rgba(150&comma;150&comma;150&comma;0.3); border-radius: 8px;' src='https:\/\/ftp3.syscom.mx\/usuarios\/fotos\/DSK1T607E\/171893-hikvision-controlacceso.png' alt='Control de Acceso Hikvision'> <\/a> <\/div>\n<\/p><\/div>\n<\/p><\/div>\n","protected":false},"excerpt":{"rendered":"<p>Enrolador USB de Huellas para Software Hikvision \/ iVMS-4200 \/ HikCentral \/ HikConnect Teams \/ Facilita el Alta de Huellas al Software \/ Conexi\u00f3n USB \/ SDK GRATUITO para desarrollos propios<\/p>\n","protected":false},"featured_media":32014,"comment_status":"open","ping_status":"closed","template":"","meta":[],"product_brand":[],"product_cat":[841],"product_tag":[744,842,54],"class_list":{"0":"post-32015","1":"product","2":"type-product","3":"status-publish","4":"has-post-thumbnail","6":"product_cat-enroladores-y-lectores-usb","7":"product_tag-biometricos","8":"product_tag-enroladores-y-lectores-usb","9":"product_tag-hikvision","11":"first","12":"instock","13":"sale","14":"shipping-taxable","15":"purchasable","16":"product-type-simple"},"_links":{"self":[{"href":"https:\/\/soydeaqui.ddns.net\/pachuca\/index.php\/wp-json\/wp\/v2\/product\/32015","targetHints":{"allow":["GET"]}}],"collection":[{"href":"https:\/\/soydeaqui.ddns.net\/pachuca\/index.php\/wp-json\/wp\/v2\/product"}],"about":[{"href":"https:\/\/soydeaqui.ddns.net\/pachuca\/index.php\/wp-json\/wp\/v2\/types\/product"}],"replies":[{"embeddable":true,"href":"https:\/\/soydeaqui.ddns.net\/pachuca\/index.php\/wp-json\/wp\/v2\/comments?post=32015"}],"wp:featuredmedia":[{"embeddable":true,"href":"https:\/\/soydeaqui.ddns.net\/pachuca\/index.php\/wp-json\/wp\/v2\/media\/32014"}],"wp:attachment":[{"href":"https:\/\/soydeaqui.ddns.net\/pachuca\/index.php\/wp-json\/wp\/v2\/media?parent=32015"}],"wp:term":[{"taxonomy":"product_brand","embeddable":true,"href":"https:\/\/soydeaqui.ddns.net\/pachuca\/index.php\/wp-json\/wp\/v2\/product_brand?post=32015"},{"taxonomy":"product_cat","embeddable":true,"href":"https:\/\/soydeaqui.ddns.net\/pachuca\/index.php\/wp-json\/wp\/v2\/product_cat?post=32015"},{"taxonomy":"product_tag","embeddable":true,"href":"https:\/\/soydeaqui.ddns.net\/pachuca\/index.php\/wp-json\/wp\/v2\/product_tag?post=32015"}],"curies":[{"name":"wp","href":"https:\/\/api.w.org\/{rel}","templated":true}]}}