{"id":3182,"date":"2026-03-18T06:05:29","date_gmt":"2026-03-18T06:05:29","guid":{"rendered":"https:\/\/soydeaqui.ddns.net\/pachuca\/index.php\/producto\/estacion-de-alarma-de-panico-camara-de-4-megapixel-microfono-integrado-exterior-ip65-proteccion-ik10-poe-10-mts-ir-entradas-y-salidas-de-alarma\/"},"modified":"2026-03-18T06:05:32","modified_gmt":"2026-03-18T06:05:32","slug":"estacion-de-alarma-de-panico-camara-de-4-megapixel-microfono-integrado-exterior-ip65-proteccion-ik10-poe-10-mts-ir-entradas-y-salidas-de-alarma","status":"publish","type":"product","link":"https:\/\/soydeaqui.ddns.net\/pachuca\/index.php\/producto\/estacion-de-alarma-de-panico-camara-de-4-megapixel-microfono-integrado-exterior-ip65-proteccion-ik10-poe-10-mts-ir-entradas-y-salidas-de-alarma\/","title":{"rendered":"Estaci\u00f3n de Alarma de P\u00e1nico \/ C\u00e1mara de 4 Megapixel \/ Micr\u00f3fono Integrado \/ Exterior IP65 \/ Protecci\u00f3n IK10 \/ PoE \/ 10 mts IR  \/ Entradas y Salidas de Alarma"},"content":{"rendered":"<div style='width: 100%; max-width: 1200px; margin: 0 auto; font-family: sans-serif; line-height: 1.6; color: inherit; background-color: transparent;'> <!-- Logo --> <\/p>\n<div style='text-align: center; margin: 30px 0;'> <img style='width: 45%; height: auto; border: 1px solid rgba(150&comma;150&comma;150&comma;0.3); border-radius: 8px;' src='https:\/\/ftp3.syscom.mx\/usuarios\/jsosa\/HIKVISION\/imagenes\/logo\/hikvision%20see%20far.png' alt='Logo Hikvision'> <\/div>\n<p> <!-- Secci\u00f3n de caracter\u00edsticas --> <\/p>\n<div style='display: flex; flex-wrap: wrap; gap: 30px; margin-bottom: 30px;'>\n<div style='flex: 1 1 300px; min-width: 280px;'>\n<h3 style='font-size: 22px; border-bottom: 2px solid currentColor; padding-bottom: 5px; margin-top: 0; color: inherit; opacity: 0.8;'>Caracter\u00edsticas principales<\/h3>\n<ul style='padding-left: 20px; font-size: 15px; color: inherit;'>\n<li style='margin-bottom: 5px;'>Dise\u00f1o compacto de f\u00e1cil instalaci\u00f3n IP<\/li>\n<li style='margin-bottom: 5px;'>C\u00e1mara de 2 MP \/ 10 mts IR<\/li>\n<li style='margin-bottom: 5px;'>Compresi\u00f3n H.264 y H.265<\/li>\n<li style='margin-bottom: 5px;'>Alarma de un solo toque y alarma de anti manipulaci\u00f3n<\/li>\n<li style='margin-bottom: 5px;'>Ranura para tarjetas Micro SD \/ SDHC \/ SDXC&comma; Max. 256G<\/li>\n<li style='margin-bottom: 5px;'>Audio Bidireccional&comma; micr\u00f3fono integrado<\/li>\n<li style='margin-bottom: 5px;'>Protocolo: TCP\/IP&comma; HIK-SIP&comma; RTSP&comma; ONVIF&comma; y est\u00e1ndar SIP<\/li>\n<li style='margin-bottom: 5px;'>10\/100 Mbps Self-Adaptive Ethernet<\/li>\n<\/ul><\/div>\n<div style='flex: 1 1 300px; min-width: 280px;'>\n<h3 style='font-size: 22px; border-bottom: 2px solid currentColor; padding-bottom: 5px; margin-top: 0; color: inherit; opacity: 0.8;'>Caracter\u00edsticas F\u00edsicas y El\u00e9ctricas<\/h3>\n<ul style='padding-left: 20px; font-size: 15px; color: inherit;'>\n<li style='margin-bottom: 5px;'>Voltaje de operaci\u00f3n: 12 Vcc o PoE<\/li>\n<li style='margin-bottom: 5px;'>Consumo el\u00e9ctrico: 40 W<\/li>\n<li style='margin-bottom: 5px;'>Temperatura de operaci\u00f3n: -40\u00ba a 65\u00ba C<\/li>\n<li style='margin-bottom: 5px;'>Dimensiones: 190 x 119 x 47 mm<\/li>\n<\/ul><\/div>\n<div style='flex: 1 1 300px; min-width: 280px;'>\n<h3 style='font-size: 22px; border-bottom: 2px solid currentColor; padding-bottom: 5px; margin-top: 0; color: inherit; opacity: 0.8;'>Caracter\u00edsticas Destacadas<\/h3>\n<ul style='padding-left: 20px; font-size: 15px; color: inherit;'>\n<li style='margin-bottom: 5px;'>Se aplica principalmente a aulas&comma; corredores&comma; laboratorios&comma; dormitorios&comma; oficinas&comma; hospitales&comma; salas&comma; etc.<\/li>\n<\/ul><\/div>\n<\/p><\/div>\n<p> <!-- Separador --> <\/p>\n<hr style='border: 0; border-top: 1px solid rgba(150&comma; 150&comma; 150&comma; 0.3); margin: 30px 0;'> <!-- Consideraciones --> <\/p>\n<div style='margin-bottom: 30px;'>\n<h3 style='font-size: 22px; border-bottom: 2px solid currentColor; padding-bottom: 5px; margin-top: 0; color: inherit; opacity: 0.8;'>Consideraciones<\/h3>\n<p style='font-size: 15px; color: inherit;'>Para utilizar la estaci\u00f3n de p\u00e1nico con la plataforma de Hik-Central Profesional requiere las siguientes licencias:<\/p>\n<ul style='padding-left: 20px; font-size: 15px; color: inherit;'>\n<li style='margin-bottom: 5px;'> <a href='https:\/\/www.syscom.mx\/producto\/HC-P-VSS-B\/0C-HIKVISION-188079.html' target='_blank' rel='noopener' style='color: inherit; text-decoration: underline;'> <strong>HC-P-VSS-B\/0C<\/strong> <\/a>: Permite tener el acceso a la plataforma de Hik-Central Professional (si ya existe un sistema activo&comma; no se requiere esta licencia. <\/li>\n<li style='margin-bottom: 5px;'> <a href='https:\/\/www.syscom.mx\/producto\/HC-P-EMERGENCYALARM\/1U-HIKVISION-224865.html' target='_blank' rel='noopener' style='color: inherit; text-decoration: underline;'> <strong>HC-P-EMERGENCYALARM\/1U<\/strong> <\/a>: Permite agregar la estaci\u00f3n de p\u00e1nico&comma; tener comunicaci\u00f3n bi-direccional (audio) y el video de la estaci\u00f3n de p\u00e1nico&comma; se requiere una licencia por cada estaci\u00f3n. <\/li>\n<\/ul><\/div>\n<p> <!-- Banner --> <\/p>\n<div style='margin: 30px 0;'> <img style='width: 100%; height: auto; border: 1px solid rgba(150&comma;150&comma;150&comma;0.3); border-radius: 8px;' src='https:\/\/ftp3.syscom.mx\/usuarios\/fcarrillo\/Hikvision\/Imagenes\/solution-banner-2021.png' alt='Banner Soluci\u00f3n Hikvision'> <\/div>\n<\/p><\/div>\n","protected":false},"excerpt":{"rendered":"<p>Estaci\u00f3n de Alarma de P\u00e1nico \/ C\u00e1mara de 4 Megapixel \/ Micr\u00f3fono Integrado \/ Exterior IP65 \/ Protecci\u00f3n IK10 \/ PoE \/ 10 mts IR  \/ Entradas y Salidas de Alarma<\/p>\n","protected":false},"featured_media":3181,"comment_status":"open","ping_status":"closed","template":"","meta":[],"product_brand":[],"product_cat":[184],"product_tag":[54,69,185],"class_list":{"0":"post-3182","1":"product","2":"type-product","3":"status-publish","4":"has-post-thumbnail","6":"product_cat-perimetrales-y-estaciones-de-panico","7":"product_tag-hikvision","8":"product_tag-paneles-de-alarma-y-accesorios-hikvision","9":"product_tag-perimetrales-y-estaciones-de-panico","11":"first","12":"instock","13":"sale","14":"shipping-taxable","15":"purchasable","16":"product-type-simple"},"_links":{"self":[{"href":"https:\/\/soydeaqui.ddns.net\/pachuca\/index.php\/wp-json\/wp\/v2\/product\/3182","targetHints":{"allow":["GET"]}}],"collection":[{"href":"https:\/\/soydeaqui.ddns.net\/pachuca\/index.php\/wp-json\/wp\/v2\/product"}],"about":[{"href":"https:\/\/soydeaqui.ddns.net\/pachuca\/index.php\/wp-json\/wp\/v2\/types\/product"}],"replies":[{"embeddable":true,"href":"https:\/\/soydeaqui.ddns.net\/pachuca\/index.php\/wp-json\/wp\/v2\/comments?post=3182"}],"wp:featuredmedia":[{"embeddable":true,"href":"https:\/\/soydeaqui.ddns.net\/pachuca\/index.php\/wp-json\/wp\/v2\/media\/3181"}],"wp:attachment":[{"href":"https:\/\/soydeaqui.ddns.net\/pachuca\/index.php\/wp-json\/wp\/v2\/media?parent=3182"}],"wp:term":[{"taxonomy":"product_brand","embeddable":true,"href":"https:\/\/soydeaqui.ddns.net\/pachuca\/index.php\/wp-json\/wp\/v2\/product_brand?post=3182"},{"taxonomy":"product_cat","embeddable":true,"href":"https:\/\/soydeaqui.ddns.net\/pachuca\/index.php\/wp-json\/wp\/v2\/product_cat?post=3182"},{"taxonomy":"product_tag","embeddable":true,"href":"https:\/\/soydeaqui.ddns.net\/pachuca\/index.php\/wp-json\/wp\/v2\/product_tag?post=3182"}],"curies":[{"name":"wp","href":"https:\/\/api.w.org\/{rel}","templated":true}]}}