{"id":31813,"date":"2026-03-18T14:19:46","date_gmt":"2026-03-18T14:19:46","guid":{"rendered":"https:\/\/soydeaqui.ddns.net\/pachuca\/index.php\/producto\/controlador-de-acceso-para-4-puertas-y-4-lectores-facil-administracion-con-software-gratuito-incluye-gabinete-y-fuente-de-alimentacion-12vcc-8a-10000-tarjetas-50000-eventos\/"},"modified":"2026-03-18T14:19:51","modified_gmt":"2026-03-18T14:19:51","slug":"controlador-de-acceso-para-4-puertas-y-4-lectores-facil-administracion-con-software-gratuito-incluye-gabinete-y-fuente-de-alimentacion-12vcc-8a-10000-tarjetas-50000-eventos","status":"publish","type":"product","link":"https:\/\/soydeaqui.ddns.net\/pachuca\/index.php\/producto\/controlador-de-acceso-para-4-puertas-y-4-lectores-facil-administracion-con-software-gratuito-incluye-gabinete-y-fuente-de-alimentacion-12vcc-8a-10000-tarjetas-50000-eventos\/","title":{"rendered":"Controlador de Acceso para 4 Puertas y 4 Lectores \/ F\u00e1cil Administraci\u00f3n con Software Gratuito \/ Incluye Gabinete y Fuente de Alimentaci\u00f3n 12Vcc\/8A \/ 10,000 Tarjetas \/ 50,000 Eventos"},"content":{"rendered":"<div style='width: 100%; max-width: 1200px; margin: 0 auto; font-family: sans-serif; line-height: 1.6; color: inherit; background-color: transparent;'>\n<div style='width: 100%; margin-bottom: 30px;'> <img style='width: 100%; height: auto; border: 1px solid rgba(150&comma;150&comma;150&comma;0.3); border-radius: 8px;' src='https:\/\/ftp3.syscom.mx\/usuarios\/fespinoza\/HIKVISION\/Dispositivos\/Banners\/BannerControladores.jpg' alt='Banner Controladores HIKVISION'> <\/div>\n<div style='display: flex; flex-wrap: wrap; gap: 30px; margin-bottom: 30px;'>\n<div style='flex: 1 1 300px; min-width: 280px;'>\n<h3 style='font-size: 22px; border-bottom: 2px solid currentColor; padding-bottom: 5px; margin-top: 0; color: inherit; opacity: 0.8;'>Caracter\u00edsticas principales<\/h3>\n<ul style='padding-left: 20px; font-size: 15px; color: inherit;'>\n<li style='margin-bottom: 5px;'>Tarjetas: <strong>10&comma;000<\/strong><\/li>\n<li style='margin-bottom: 5px;'>Eventos: <strong>50&comma;000<\/strong><\/li>\n<li style='margin-bottom: 5px;'>Gabinete <strong>Met\u00e1lico<\/strong><\/li>\n<li style='margin-bottom: 5px;'><strong>Control de Acceso<\/strong> por Horarios y Puertas<\/li>\n<li style='margin-bottom: 5px;'><strong>Verificaci\u00f3n Multi-Usuario<\/strong><\/li>\n<li style='margin-bottom: 5px;'><strong>Funci\u00f3n de primer tarjeta<\/strong><\/li>\n<li style='margin-bottom: 5px;'><strong>Funci\u00f3n de super tarjeta<\/strong> y super contrase\u00f1a<\/li>\n<li style='margin-bottom: 5px;'><strong>Incluye Fuente de 12Vcc \/ 8A<\/strong>\n<ul style='padding-left: 20px; margin-top: 5px; margin-bottom: 5px; font-size: 14px;'>\n<li>Cable de alimentaci\u00f3n a 110 Vca no incluido&comma; sugerido <a style='color: inherit; text-decoration: none; border-bottom: 1px dotted currentColor;' href='https:\/\/www.syscom.mx\/principal\/searchcont?route=AC-CORD-1.8M-EPCOM-POWERLINE-162897&#038;autodetect=accord'>AC-CORD-1.8M<\/a><\/li>\n<\/ul>\n<\/li>\n<li style='margin-bottom: 5px;'>Temperatura de Operaci\u00f3n: <strong>-20 a 65 \u00b0C<\/strong><\/li>\n<li style='margin-bottom: 5px;'><strong>IVMS4200<\/strong> <a style='color: inherit; text-decoration: none; border-bottom: 1px dotted currentColor;' href='https:\/\/ftp3.syscom.mx\/usuarios\/fespinoza\/HIKVISION\/Software\/IVMS-4200%20V3.6.1.3\/iVMS-4200-Client-Software_Datasheet_V3.6.0_20210622.pdf'>Alcances (ficha t\u00e9cnica)<\/a><\/li>\n<li style='margin-bottom: 5px;'><strong>HikCentral<\/strong> (mediante licencia)<\/li>\n<\/ul><\/div>\n<div style='flex: 1 1 300px; min-width: 280px;'>\n<h3 style='font-size: 22px; border-bottom: 2px solid currentColor; padding-bottom: 5px; margin-top: 0; color: inherit; opacity: 0.8;'>Caracter\u00edsticas F\u00edsicas y El\u00e9ctricas<\/h3>\n<ul style='padding-left: 20px; font-size: 15px; color: inherit;'>\n<li style='margin-bottom: 5px;'><strong>TCP\/IP<\/strong><\/li>\n<li style='margin-bottom: 5px;'>4 Entrada Wiegand <strong>Multi-Formato<\/strong><\/li>\n<li style='margin-bottom: 5px;'>4 Salida de Relevador <strong>NC\/NO\/COM Para Chapa<\/strong><\/li>\n<li style='margin-bottom: 5px;'>4 Salida de Relevador <strong>Auxiliar NC\/NO\/COM<\/strong><\/li>\n<li style='margin-bottom: 5px;'>4 Entradas de <strong>alarma<\/strong><\/li>\n<li style='margin-bottom: 5px;'>4 Entrada para <strong>sensor de estado de puerta<\/strong><\/li>\n<li style='margin-bottom: 5px;'>4 Entrada para bot\u00f3n de <strong>petici\u00f3n de salida (REX)<\/strong><\/li>\n<li style='margin-bottom: 5px;'><strong>12Vcc \/ 1 A<\/strong><\/li>\n<li style='margin-bottom: 5px;'>Dimensiones: <strong>285 x 237 x 69 mm<\/strong><\/li>\n<\/ul><\/div>\n<div style='flex: 1 1 300px; min-width: 280px;'>\n<h3 style='font-size: 22px; border-bottom: 2px solid currentColor; padding-bottom: 5px; margin-top: 0; color: inherit; opacity: 0.8;'>Caracter\u00edsticas Destacadas<\/h3>\n<p style='font-size: 15px; margin-bottom: 15px; color: inherit;'>DS-K2800 Es una serie de controladores potentes y estables&comma; utilizan el dise\u00f1o de arquitectura l\u00f3gica&comma; cuentan con cifrado dando mayor seguridad.<\/p>\n<p style='font-size: 15px; margin-bottom: 15px; color: inherit;'>Tambi\u00e9n puede trabajar sin conexi\u00f3n a red&comma; adem\u00e1s de contar con funci\u00f3n anti manipulaci\u00f3n.<\/p>\n<p style='font-size: 15px; margin-bottom: 15px; color: inherit;'>Versi\u00f3n de IVMS recomendada: <a style='color: inherit; text-decoration: none; border-bottom: 1px dotted currentColor;' href='https:\/\/ftp3.syscom.mx\/usuarios\/jsosa\/HIKVISION\/programas\/iVMS-4200%28V3.1.1.13%29.zip'>IVMS4200 3.1.1.13<\/a><\/p>\n<p style='font-size: 15px; margin-bottom: 0; color: inherit;'><strong>Esclusa:<\/strong> No<br \/><strong>AntiPassback:<\/strong> No (solo tiene entrada para 4 lectores)<\/p>\n<\/p><\/div>\n<\/p><\/div>\n<div style='display: flex; flex-wrap: wrap; gap: 20px; margin-bottom: 30px;'>\n<div style='flex: 1 1 100%; border: 1px solid rgba(150&comma; 150&comma; 150&comma; 0.4); border-radius: 8px; overflow: hidden; display: flex; flex-direction: column;'>\n<div style='padding: 15px; border-bottom: 1px solid rgba(150&comma; 150&comma; 150&comma; 0.2); font-weight: bold; font-size: 18px; color: inherit;'>Consideraciones<\/div>\n<div style='padding: 15px; color: inherit;'>\n<p style='margin-bottom: 15px; font-size: 15px; color: inherit;'>Los paneles de control de acceso de HIKVISION soportan la integraci\u00f3n con c\u00e1maras&comma; DVR\u00b4s y NVR\u00b4s de la misma marca a trav\u00e9s del software gratuito IVMS4200 para contar con evidencias en video de los eventos sucedidos en el sistema de control de acceso&comma; por ejemplo cuando una puerta es abierta&comma; cuando se lee correctamente una tarjeta&comma; cuando una puerta est\u00e1 siendo forzada o se qued\u00f3 abierta&comma; etc.<\/p>\n<p style='margin-bottom: 0; font-size: 15px; color: inherit;'>Lectores de <strong style='color: inherit;'>tarjetas<\/strong> compatibles en el listado de accesorios opcionales (arriba).<\/p>\n<\/p><\/div>\n<\/p><\/div>\n<\/p><\/div>\n<div style='display: flex; flex-wrap: wrap; gap: 30px; margin-bottom: 30px;'>\n<div style='flex: 1 1 500px; min-width: 300px;'> <img style='width: 100%; height: auto; border: 1px solid rgba(150&comma;150&comma;150&comma;0.3); border-radius: 8px;' src='https:\/\/ftp3.syscom.mx\/usuarios\/fotos\/BancoFotografiasSyscom\/HIKVISION\/DSK4H258S\/DSK4H258S-p.PNG' alt='Chapa Magn\u00e9tica HIKVISION DS-K4H258S'> <\/div>\n<div style='flex: 1 1 500px; min-width: 300px;'>\n<h3 style='font-size: 22px; margin-top: 0; color: inherit; opacity: 0.8;'>Chapa Magn\u00e9tica HIKVISION<\/h3>\n<p style='margin-bottom: 15px; font-size: 15px; color: inherit;'>Modelo: <a style='color: inherit; text-decoration: none; border-bottom: 1px dotted currentColor;' href='https:\/\/www.syscom.mx\/principal\/searchcont?route=DS-K4H258S-HIKVISION-176625&#038;autodetect=dsk4'>DS-K4H258S<\/a><\/p>\n<p style='margin-bottom: 15px; font-size: 15px; color: inherit;'>Hikvision lanza su propio modelo de chapa magn\u00e9tica&comma; permitiendo contemplar toda la soluci\u00f3n completa en la misma marca.<\/p>\n<ul style='padding-left: 20px; font-size: 15px; color: inherit;'>\n<li style='margin-bottom: 5px;'>600 lbs de fuerza (280 Kg)<\/li>\n<li style='margin-bottom: 5px;'>Certificado CE<\/li>\n<li style='margin-bottom: 5px;'>Indicador LED<\/li>\n<\/ul><\/div>\n<\/p><\/div>\n<div style='display: flex; flex-wrap: wrap; gap: 30px; margin-bottom: 30px;'>\n<div style='flex: 1 1 500px; min-width: 300px;'>\n<h3 style='font-size: 22px; margin-top: 0; color: inherit; opacity: 0.8;'>Montajes Z y L (Requeridos)<\/h3>\n<p style='margin-bottom: 15px; font-size: 15px; color: inherit;'>Los montajes &#8216;Z&#8217; y &#8216;L&#8217; son requeridos para la instalaci\u00f3n de las chapas magn\u00e9ticas&comma; se adquieren por separado y el modelo es <a style='color: inherit; text-decoration: none; border-bottom: 1px dotted currentColor;' href='https:\/\/www.syscom.mx\/principal\/searchcont?route=DS-K4H258-L\/Z-HIKVISION-176632&#038;autodetect=DSK4'>DS-K4H258-L\/Z<\/a><\/p>\n<\/p><\/div>\n<div style='flex: 1 1 500px; min-width: 300px;'> <img style='width: 100%; height: auto; border: 1px solid rgba(150&comma;150&comma;150&comma;0.3); border-radius: 8px;' src='https:\/\/ftp3.syscom.mx\/usuarios\/fotos\/BancoFotografiasSyscom\/HIKVISION\/DSK4H258LZ\/DSK4H258LZ-g.PNG' alt='Montajes Z y L para chapa magn\u00e9tica'> <\/div>\n<\/p><\/div>\n<div style='margin-bottom: 30px;'>\n<h3 style='font-size: 22px; text-align: center; margin-bottom: 20px; color: inherit; opacity: 0.8;'>Demostraci\u00f3n de Integraci\u00f3n IVMS4200<br \/>(Acceso + Asistencia + CCTV + Videoporteros)<\/h3>\n<div style='position: relative; padding-bottom: 56.25%; height: 0; overflow: hidden; margin-bottom: 30px;'>   <\/div>\n<\/p><\/div>\n<div style='display: flex; flex-wrap: wrap; justify-content: center; gap: 30px; margin-bottom: 30px;'>\n<div style='flex: 1 1 500px; min-width: 300px;'> <img style='width: 80%; height: auto; margin: 0 auto 20px; border: 1px solid rgba(150&comma;150&comma;150&comma;0.3); border-radius: 8px;' src='https:\/\/ftp3.syscom.mx\/usuarios\/fotos\/DSK2801\/150822-dsk2801-ad-2-l.png' alt=''> <\/div>\n<div style='flex: 1 1 500px; min-width: 300px;'> <a href='http:\/\/soporte.syscom.mx\/es\/articles\/3879039-hikvision-control-de-acceso-lista-de-videos-y-tips-tecnicos'> <img style='width: 100%; height: auto; border: 1px solid rgba(150&comma;150&comma;150&comma;0.3); border-radius: 8px;' src='https:\/\/ftp3.syscom.mx\/usuarios\/fotos\/DSK1T607E\/171893-hikvision-controlacceso.png' alt=''> <\/a> <\/div>\n<\/p><\/div>\n<\/p><\/div>\n","protected":false},"excerpt":{"rendered":"<p>Controlador de Acceso para 4 Puertas y 4 Lectores \/ F\u00e1cil Administraci\u00f3n con Software Gratuito \/ Incluye Gabinete y Fuente de Alimentaci\u00f3n 12Vcc\/8A \/ 10,000 Tarjetas \/ 50,000 Eventos<\/p>\n","protected":false},"featured_media":31812,"comment_status":"open","ping_status":"closed","template":"","meta":[],"product_brand":[],"product_cat":[783],"product_tag":[785,54,784],"class_list":{"0":"post-31813","1":"product","2":"type-product","3":"status-publish","4":"has-post-thumbnail","6":"product_cat-controladores-de-acceso","7":"product_tag-controladores-de-acceso","8":"product_tag-hikvision","9":"product_tag-paneles-de-control-de-acceso","11":"first","12":"instock","13":"sale","14":"shipping-taxable","15":"purchasable","16":"product-type-simple"},"_links":{"self":[{"href":"https:\/\/soydeaqui.ddns.net\/pachuca\/index.php\/wp-json\/wp\/v2\/product\/31813","targetHints":{"allow":["GET"]}}],"collection":[{"href":"https:\/\/soydeaqui.ddns.net\/pachuca\/index.php\/wp-json\/wp\/v2\/product"}],"about":[{"href":"https:\/\/soydeaqui.ddns.net\/pachuca\/index.php\/wp-json\/wp\/v2\/types\/product"}],"replies":[{"embeddable":true,"href":"https:\/\/soydeaqui.ddns.net\/pachuca\/index.php\/wp-json\/wp\/v2\/comments?post=31813"}],"wp:featuredmedia":[{"embeddable":true,"href":"https:\/\/soydeaqui.ddns.net\/pachuca\/index.php\/wp-json\/wp\/v2\/media\/31812"}],"wp:attachment":[{"href":"https:\/\/soydeaqui.ddns.net\/pachuca\/index.php\/wp-json\/wp\/v2\/media?parent=31813"}],"wp:term":[{"taxonomy":"product_brand","embeddable":true,"href":"https:\/\/soydeaqui.ddns.net\/pachuca\/index.php\/wp-json\/wp\/v2\/product_brand?post=31813"},{"taxonomy":"product_cat","embeddable":true,"href":"https:\/\/soydeaqui.ddns.net\/pachuca\/index.php\/wp-json\/wp\/v2\/product_cat?post=31813"},{"taxonomy":"product_tag","embeddable":true,"href":"https:\/\/soydeaqui.ddns.net\/pachuca\/index.php\/wp-json\/wp\/v2\/product_tag?post=31813"}],"curies":[{"name":"wp","href":"https:\/\/api.w.org\/{rel}","templated":true}]}}