{"id":31763,"date":"2026-03-18T14:18:35","date_gmt":"2026-03-18T14:18:35","guid":{"rendered":"https:\/\/soydeaqui.ddns.net\/pachuca\/index.php\/producto\/biostation-2-lector-ultramoderno-de-huella-lector-13-56mhz-iclass-se-y-teclado-wifi-proteccion-ip65\/"},"modified":"2026-03-18T14:18:40","modified_gmt":"2026-03-18T14:18:40","slug":"biostation-2-lector-ultramoderno-de-huella-lector-13-56mhz-iclass-se-y-teclado-wifi-proteccion-ip65","status":"publish","type":"product","link":"https:\/\/soydeaqui.ddns.net\/pachuca\/index.php\/producto\/biostation-2-lector-ultramoderno-de-huella-lector-13-56mhz-iclass-se-y-teclado-wifi-proteccion-ip65\/","title":{"rendered":"BioStation 2 Lector Ultramoderno de Huella, Lector 13.56MHz iClass SE y Teclado \/ WiFi \/Protecci\u00f3n IP65"},"content":{"rendered":"<div style='width: 100%; max-width: 1200px; margin: 0 auto; font-family: sans-serif; line-height: 1.6; color: inherit; background-color: transparent;'>\n<div style='width: 100%; padding: 20px; background: linear-gradient(to bottom&comma; #ffffff 0%&comma; #8f0047 100%); border-bottom: 6px solid #8f0047; border-left: 6px solid #8f0047; border-right: 6px solid #8f0047; border-radius: 8px; margin-bottom: 30px;'> <img style='width: 100%; max-width: 450px; height: auto; border: none; border-radius: 8px;' src='http:\/\/static.wixstatic.com\/media\/331712_249e780a0c11445eb4703674921fd851~mv2.png' alt='Logo Suprema'> <\/p>\n<h2 style='color: black; font-size: 24px; margin-top: 15px; margin-bottom: 0;'>BioStation 2 Lector Ultramoderno de Huella&comma; Lector 13.56 MHz iClass SE y Teclado\/ WiFi\/ Protecci\u00f3n IP65<\/h2>\n<\/p><\/div>\n<div style='margin-bottom: 30px;'>\n<div style='background-color: ghostwhite; border: 6px solid #8f0047; border-radius: 10px; box-shadow: 10px 5px 3px rgba(128&comma; 128&comma; 128&comma; 0.3); margin-bottom: 20px; padding: 20px;'>\n<h2 style='font-size: 22px; margin-top: 0;'>Lectores Biom\u00e9tricos de la m\u00e1s Alta Tecnolog\u00eda en el mundo.<\/h2>\n<h4 style='font-size: 18px; margin-bottom: 15px;'>Terminal de Huella IP PoE\/WiFi de Ultra Desempe\u00f1o.<\/h4>\n<p style='font-size: 15px;'>Suprema&comma; uno de los principales lideres biom\u00e9tricos en seguridad tecnol\u00f3gica&comma; presenta uno de los mejores algoritmos biom\u00e9tricos con una ingenier\u00eda superior. Se encuentra constantemente desarrollando y produciendo productos l\u00edderes en la industria&comma; extendiendo su portafolio de productos de control de acceso y tiempo y asistencia en todo el mundo.<\/p>\n<\/p><\/div>\n<div style='display: flex; flex-wrap: wrap; gap: 30px;'>\n<div style='flex: 1 1 300px; min-width: 280px; background-color: ghostwhite; border-left: 6px solid #cc0066; box-shadow: 10px 5px 3px rgba(128&comma; 128&comma; 128&comma; 0.3); border-radius: 5px; padding: 15px;'>\n<h3 style='font-size: 20px; border-bottom: 2px solid currentColor; padding-bottom: 5px; margin-top: 0; color: inherit; opacity: 0.8;'>Caracter\u00edsticas<\/h3>\n<ul style='padding-left: 20px; font-size: 15px; color: inherit; list-style-type: disc;'>\n<li style='margin-bottom: 5px;'>Detecci\u00f3n de dedo vivo.<\/li>\n<li style='margin-bottom: 5px;'><strong>Comunicaci\u00f3n:<\/strong> TCP\/IP&comma; <strong>WiFi<\/strong> (802.11 b\/g)<\/li>\n<li style='margin-bottom: 5px;'><strong>Interfaz:<\/strong> RS-485 para comunicaci\u00f3n o m\u00f3dulo esclavo SIO2<\/li>\n<li style='margin-bottom: 5px;'><strong>Salida:<\/strong> de relevador<\/li>\n<li style='margin-bottom: 5px;'><strong>Wiegand:<\/strong> entrada y salida.<\/li>\n<li style='margin-bottom: 5px;'><strong>Certificados:<\/strong> CE&comma; FCC&comma; KC&comma; RoHS&comma; REACH&comma; WEE.<\/li>\n<li style='margin-bottom: 5px;'><strong>Lector:<\/strong> 125kHz EM<\/li>\n<li style='margin-bottom: 5px;'><strong>Dimensiones:<\/strong> 142 x 144 x 45 mm<\/li>\n<li style='margin-bottom: 5px;'>BS2OHPW con Lector 13.56MHz (Mifare \/ Desfire\/ iClass SE \/ <strong>NFC<\/strong>)<\/li>\n<\/ul><\/div>\n<div style='flex: 1 1 300px; min-width: 280px; background-color: ghostwhite; border-left: 5px solid #cc0066; border-radius: 5px; padding: 15px; box-shadow: 10px 5px 3px rgba(128&comma; 128&comma; 128&comma; 0.3);'>\n<h3 style='font-size: 20px; border-bottom: 2px solid currentColor; padding-bottom: 5px; margin-top: 0; color: inherit; opacity: 0.8;'>Usuarios<\/h3>\n<ul style='padding-left: 20px; font-size: 15px; color: inherit; list-style-type: disc;'>\n<li style='margin-bottom: 5px;'><strong>Usuarios (1:1)<\/strong> 500&comma;000.<\/li>\n<li style='margin-bottom: 5px;'><strong>Usuarios (1:N)<\/strong> 20&comma;000.<\/li>\n<li style='margin-bottom: 5px;'><strong>Plantillas (huellas) (1:1)<\/strong> 1&comma;000&comma;000.<\/li>\n<li style='margin-bottom: 5px;'><strong>Plantillas (huellas) (1:N)<\/strong> 40&comma;000.<\/li>\n<\/ul><\/div>\n<div style='flex: 1 1 300px; min-width: 280px; background-color: ghostwhite; border-left: 6px solid #cc0066; border-radius: 10px; padding: 15px; box-shadow: 10px 5px 3px rgba(128&comma; 128&comma; 128&comma; 0.3);'>\n<h3 style='font-size: 20px; border-bottom: 2px solid currentColor; padding-bottom: 5px; margin-top: 0; color: inherit; opacity: 0.8;'>Notas<\/h3>\n<ul style='padding-left: 20px; font-size: 15px; color: inherit; list-style-type: disc;'>\n<li style='margin-bottom: 5px; text-align: justify;'>Alimentaci\u00f3n: 12 Vcc&comma; 1 A y PoE. <strong>Fuente no incluida.<\/strong><\/li>\n<li style='margin-bottom: 5px; text-align: justify;'>Requiere de software <a href='https:\/\/www.syscom.mx\/principal\/consultarproductosazul?global_search=BIOSTAR2TA&#038;ordenar=Relevancia&#038;pag=1' style='color: #8f0047; text-decoration: none;'>BIOSTAR2<\/a>.<\/li>\n<\/ul><\/div>\n<\/p><\/div>\n<div style='display: flex; flex-wrap: wrap; gap: 20px; margin-top: 30px; margin-bottom: 30px;'>\n<div style='flex: 1 1 300px; min-width: 280px;'> <img style='width: 100%; height: auto; border: 1px solid rgba(150&comma;150&comma;150&comma;0.3); border-radius: 8px;' src='https:\/\/ftp3.syscom.mx\/usuarios\/fotos\/BS2OEPW\/136179-biostation2.jpg' alt='BioStation 2'> <\/div>\n<div style='flex: 1 1 300px; min-width: 280px;'> <img style='width: 100%; height: auto; border: 1px solid rgba(150&comma;150&comma;150&comma;0.3); border-radius: 8px;' src='https:\/\/ftp3.syscom.mx\/usuarios\/fotos\/BS2OEPW\/136179-biostation2(1).jpg' alt='BioStation 2'> <\/div>\n<\/p><\/div>\n<div style='position: relative; padding-bottom: 56.25%; height: 0; overflow: hidden; margin-bottom: 30px;'>   <\/div>\n<div style='text-align: center; margin: 30px 0;'>\n<h2 style='font-size: 20px; margin-bottom: 15px;'>Visite nuestra Base de conocimiento de <a href='http:\/\/conocimiento.syscom.mx\/article-category\/suprema\/' style='color: #8f0047; text-decoration: none;'>SUPREMA<\/a><\/h2>\n<\/p><\/div>\n<\/p><\/div>\n<\/p><\/div>\n","protected":false},"excerpt":{"rendered":"<p>BioStation 2 Lector Ultramoderno de Huella, Lector 13.56MHz iClass SE y Teclado \/ WiFi \/Protecci\u00f3n IP65<\/p>\n","protected":false},"featured_media":31762,"comment_status":"open","ping_status":"closed","template":"","meta":[],"product_brand":[],"product_cat":[806],"product_tag":[744,807,798],"class_list":{"0":"post-31763","1":"product","2":"type-product","3":"status-publish","4":"has-post-thumbnail","6":"product_cat-para-control-de-acceso","7":"product_tag-biometricos","8":"product_tag-para-control-de-acceso","9":"product_tag-suprema","11":"first","12":"outofstock","13":"sale","14":"shipping-taxable","15":"purchasable","16":"product-type-simple"},"_links":{"self":[{"href":"https:\/\/soydeaqui.ddns.net\/pachuca\/index.php\/wp-json\/wp\/v2\/product\/31763","targetHints":{"allow":["GET"]}}],"collection":[{"href":"https:\/\/soydeaqui.ddns.net\/pachuca\/index.php\/wp-json\/wp\/v2\/product"}],"about":[{"href":"https:\/\/soydeaqui.ddns.net\/pachuca\/index.php\/wp-json\/wp\/v2\/types\/product"}],"replies":[{"embeddable":true,"href":"https:\/\/soydeaqui.ddns.net\/pachuca\/index.php\/wp-json\/wp\/v2\/comments?post=31763"}],"wp:featuredmedia":[{"embeddable":true,"href":"https:\/\/soydeaqui.ddns.net\/pachuca\/index.php\/wp-json\/wp\/v2\/media\/31762"}],"wp:attachment":[{"href":"https:\/\/soydeaqui.ddns.net\/pachuca\/index.php\/wp-json\/wp\/v2\/media?parent=31763"}],"wp:term":[{"taxonomy":"product_brand","embeddable":true,"href":"https:\/\/soydeaqui.ddns.net\/pachuca\/index.php\/wp-json\/wp\/v2\/product_brand?post=31763"},{"taxonomy":"product_cat","embeddable":true,"href":"https:\/\/soydeaqui.ddns.net\/pachuca\/index.php\/wp-json\/wp\/v2\/product_cat?post=31763"},{"taxonomy":"product_tag","embeddable":true,"href":"https:\/\/soydeaqui.ddns.net\/pachuca\/index.php\/wp-json\/wp\/v2\/product_tag?post=31763"}],"curies":[{"name":"wp","href":"https:\/\/api.w.org\/{rel}","templated":true}]}}