{"id":31732,"date":"2026-03-18T14:17:52","date_gmt":"2026-03-18T14:17:52","guid":{"rendered":"https:\/\/soydeaqui.ddns.net\/pachuca\/index.php\/producto\/tarjeta-de-proximidad-isoprox-ii-1586lggmn-hid-imprimible-delgada-material-mas-resistente-26-bits-garantia-de-por-vida-1386\/"},"modified":"2026-03-18T14:17:53","modified_gmt":"2026-03-18T14:17:53","slug":"tarjeta-de-proximidad-isoprox-ii-1586lggmn-hid-imprimible-delgada-material-mas-resistente-26-bits-garantia-de-por-vida-1386","status":"publish","type":"product","link":"https:\/\/soydeaqui.ddns.net\/pachuca\/index.php\/producto\/tarjeta-de-proximidad-isoprox-ii-1586lggmn-hid-imprimible-delgada-material-mas-resistente-26-bits-garantia-de-por-vida-1386\/","title":{"rendered":"Tarjeta de Proximidad ISOProx II (1586LGGMN) HID  Imprimible (Delgada) \/ Material m\u00e1s Resistente \/ 26 bits \/ Garant\u00eda de por Vida \/1386"},"content":{"rendered":"<div style='width: 100%; max-width: 1200px; margin: 0 auto; font-family: sans-serif; line-height: 1.6; color: inherit; background-color: transparent;'>\n<div style='display: flex; flex-wrap: wrap; gap: 30px; margin-bottom: 30px;'>\n<div style='flex: 1 1 300px; min-width: 280px;'>\n<h3 style='font-size: 22px; border-bottom: 2px solid currentColor; padding-bottom: 5px; margin-top: 0; color: inherit; opacity: 0.8;'>Caracter\u00edsticas<\/h3>\n<ul style='padding-left: 20px; font-size: 15px; color: inherit;'>\n<li style='margin-bottom: 5px;'>Referencia HID: <strong>1586LGGMN<\/strong> a diferencia de la <strong>1386<\/strong> esta tarjeta esta hecha de un material m\u00e1s resistente que le permite una impresi\u00f3n de calidad.<\/li>\n<li style='margin-bottom: 5px;'>Disponible con el <strong>c\u00f3digo de sitio 7<\/strong> (este puede variar de acuerdo al lote). El consecutivo es <strong>aleatorio<\/strong> de acuerdo a disponibilidad. \u00bfDesea una numeraci\u00f3n espec\u00edfica?&comma; cotice modelo <a style='color: inherit; text-decoration: underline;' href='https:\/\/www.syscom.mx\/principal\/searchcont?route=ISOPROX-HID-97140&#038;autodetect=isoprox' target='_blank' rel='noopener'>ISOPROX<\/a><\/li>\n<li style='margin-bottom: 5px;'>Imprimible por ambos lados.<\/li>\n<li style='margin-bottom: 5px;'>Compatibilidad con lectores HID PROX: <a style='color: inherit; text-decoration: underline;' href='https:\/\/www.syscom.mx\/principal\/searchcont?route=R10SE-HID-97146&#038;autodetect=r10se' target='_blank' rel='noopener'>R10SE<\/a>&comma; <a style='color: inherit; text-decoration: underline;' href='https:\/\/www.syscom.mx\/principal\/searchcont?route=R20F-HID-185631&#038;autodetect=r10se' target='_blank' rel='noopener'>R20F<\/a>&comma; <a style='color: inherit; text-decoration: underline;' href='https:\/\/www.syscom.mx\/principal\/searchcont?route=R10F-HID-144944&#038;autodetect=r10se' target='_blank' rel='noopener'>R10F<\/a><\/li>\n<li style='margin-bottom: 5px;'>Elaborada en PVC&comma; para m\u00e1s resistencia al uso cotidiano.<\/li>\n<li style='margin-bottom: 5px;'>Dimensiones: 5.4 x 8.6 x 0.076 mm<\/li>\n<li style='margin-bottom: 5px;'>Garant\u00eda de por Vida.<\/li>\n<li style='margin-bottom: 5px;'><strong>Para perforar debe tener en cuenta lo siguiente: <\/strong>Las ubicaciones de perforaci\u00f3n disponibles est\u00e1n marcadas por 3 puntos en la parte posterior de la tarjeta. Si los puntos no est\u00e1n presentes&comma; la tarjeta no se puede perforar con seguridad.<\/li>\n<\/ul><\/div>\n<\/p><\/div>\n<div style='display: flex; flex-wrap: wrap; gap: 30px; margin-bottom: 30px;'>\n<div style='flex: 1 1 300px; min-width: 280px;'> <a href='https:\/\/www.syscomblog.com\/2021\/03\/la-tarjeta-sin-contacto-para-este-2021.html' target='_blank' rel='noopener'> <img style='width: 100%; height: auto; border: 1px solid rgba(150&comma;150&comma;150&comma;0.3); border-radius: 8px;' src='https:\/\/ftp3.syscom.mx\/usuarios\/hterrazas\/HID\/Alerta.png' alt=''> <\/a> <\/div>\n<\/p><\/div>\n<div style='display: flex; flex-wrap: wrap; gap: 30px; margin-bottom: 30px;'>\n<div style='flex: 1 1 300px; min-width: 280px;'>\n<h3 style='font-size: 22px; border-bottom: 2px solid currentColor; padding-bottom: 5px; margin-top: 0; color: inherit; opacity: 0.8;'>Impresi\u00f3n<\/h3>\n<p style='font-size: 15px; color: inherit; margin-bottom: 0;'>\u00bfCon qu\u00e9 va a imprimir sus tarjetas? Mayor informaci\u00f3n <a style='color: inherit; text-decoration: underline;' href='https:\/\/www.syscom.mx\/principal\/listadoportadasazul\/control-de-acceso-credencializacion-434.html' target='_blank' rel='noopener'>aqu\u00ed<\/a><\/p>\n<\/p><\/div>\n<\/p><\/div>\n<\/p><\/div>\n","protected":false},"excerpt":{"rendered":"<p>Tarjeta de Proximidad ISOProx II (1586LGGMN) HID  Imprimible (Delgada) \/ Material m\u00e1s Resistente \/ 26 bits \/ Garant\u00eda de por Vida \/1386<\/p>\n","protected":false},"featured_media":31731,"comment_status":"open","ping_status":"closed","template":"","meta":[],"product_brand":[],"product_cat":[469],"product_tag":[93,814,470],"class_list":{"0":"post-31732","1":"product","2":"type-product","3":"status-publish","4":"has-post-thumbnail","6":"product_cat-tarjetas-y-tags","7":"product_tag-accesorios","8":"product_tag-hid","9":"product_tag-tarjetas-y-tags","11":"first","12":"instock","13":"sale","14":"shipping-taxable","15":"purchasable","16":"product-type-simple"},"_links":{"self":[{"href":"https:\/\/soydeaqui.ddns.net\/pachuca\/index.php\/wp-json\/wp\/v2\/product\/31732","targetHints":{"allow":["GET"]}}],"collection":[{"href":"https:\/\/soydeaqui.ddns.net\/pachuca\/index.php\/wp-json\/wp\/v2\/product"}],"about":[{"href":"https:\/\/soydeaqui.ddns.net\/pachuca\/index.php\/wp-json\/wp\/v2\/types\/product"}],"replies":[{"embeddable":true,"href":"https:\/\/soydeaqui.ddns.net\/pachuca\/index.php\/wp-json\/wp\/v2\/comments?post=31732"}],"wp:featuredmedia":[{"embeddable":true,"href":"https:\/\/soydeaqui.ddns.net\/pachuca\/index.php\/wp-json\/wp\/v2\/media\/31731"}],"wp:attachment":[{"href":"https:\/\/soydeaqui.ddns.net\/pachuca\/index.php\/wp-json\/wp\/v2\/media?parent=31732"}],"wp:term":[{"taxonomy":"product_brand","embeddable":true,"href":"https:\/\/soydeaqui.ddns.net\/pachuca\/index.php\/wp-json\/wp\/v2\/product_brand?post=31732"},{"taxonomy":"product_cat","embeddable":true,"href":"https:\/\/soydeaqui.ddns.net\/pachuca\/index.php\/wp-json\/wp\/v2\/product_cat?post=31732"},{"taxonomy":"product_tag","embeddable":true,"href":"https:\/\/soydeaqui.ddns.net\/pachuca\/index.php\/wp-json\/wp\/v2\/product_tag?post=31732"}],"curies":[{"name":"wp","href":"https:\/\/api.w.org\/{rel}","templated":true}]}}