{"id":31550,"date":"2026-03-18T14:13:32","date_gmt":"2026-03-18T14:13:32","guid":{"rendered":"https:\/\/soydeaqui.ddns.net\/pachuca\/index.php\/producto\/par-de-arcos-eas-para-proteccion-de-ropa-botellas-accesorios-rx-tx-8-2-mhz-hasta-1-8-m\/"},"modified":"2026-03-18T14:13:37","modified_gmt":"2026-03-18T14:13:37","slug":"par-de-arcos-eas-para-proteccion-de-ropa-botellas-accesorios-rx-tx-8-2-mhz-hasta-1-8-m","status":"publish","type":"product","link":"https:\/\/soydeaqui.ddns.net\/pachuca\/index.php\/producto\/par-de-arcos-eas-para-proteccion-de-ropa-botellas-accesorios-rx-tx-8-2-mhz-hasta-1-8-m\/","title":{"rendered":"Par de Arcos EAS para Protecci\u00f3n de Ropa, Botellas, Accesorios RX, TX 8.2 MHz hasta 1.8 m"},"content":{"rendered":"<div style='width: 100%; max-width: 1200px; margin: 0 auto; font-family: sans-serif; line-height: 1.6; color: inherit; background-color: transparent;'> <!-- Secci\u00f3n de especificaciones t\u00e9cnicas --> <\/p>\n<div style='display: flex; flex-wrap: wrap; gap: 30px; margin-bottom: 30px;'>\n<div style='flex: 1 1 300px; min-width: 280px;'>\n<h3 style='font-size: 22px; border-bottom: 2px solid currentColor; padding-bottom: 5px; margin-top: 0; color: inherit; opacity: 0.8;'>Especificaciones T\u00e9cnicas<\/h3>\n<ul style='padding-left: 20px; font-size: 15px; color: inherit;'>\n<li style='margin-bottom: 5px;'><strong>Frecuencia:<\/strong> 8.2 MHz (Tecnolog\u00eda RF)<\/li>\n<li style='margin-bottom: 5px;'><strong>Consumo de energ\u00eda:<\/strong> 18 W<\/li>\n<li style='margin-bottom: 5px;'><strong>Voltaje de operaci\u00f3n:<\/strong> 24 Vcc<\/li>\n<li style='margin-bottom: 5px;'><strong>Temperatura de operaci\u00f3n:<\/strong> 0 a 35 \u00b0C<\/li>\n<li style='margin-bottom: 5px;'><strong>Base color:<\/strong> Azul<\/li>\n<li style='margin-bottom: 5px;'><strong>Color de la luz de alarma:<\/strong> Roja<\/li>\n<li style='margin-bottom: 5px;'><strong>Material:<\/strong> Laterales de aluminio y centro de acr\u00edlico<\/li>\n<li style='margin-bottom: 5px;'><strong>Dimensiones:<\/strong> 1670 x 401 x 109 mm<\/li>\n<li style='margin-bottom: 5px;'><strong>Alarma:<\/strong> 100 dB<\/li>\n<\/ul><\/div>\n<\/p><\/div>\n<p> <!-- Secci\u00f3n de requerimientos de instalaci\u00f3n --> <\/p>\n<div style='display: flex; flex-wrap: wrap; gap: 20px; margin-bottom: 30px;'>\n<div style='flex: 1 1 250px; border: 1px solid rgba(150&comma; 150&comma; 150&comma; 0.4); border-radius: 8px; overflow: hidden; display: flex; flex-direction: column;'>\n<div style='padding: 15px; border-bottom: 1px solid rgba(150&comma; 150&comma; 150&comma; 0.2); font-weight: bold; font-size: 18px; color: inherit;'>Requerimientos de Instalaci\u00f3n<\/div>\n<div style='padding: 15px; color: inherit;'>\n<ul style='padding-left: 20px; margin: 0; font-size: 14px; list-style-type: disc; color: inherit;'>\n<li style='margin-bottom: 5px;'>Antena debe instalarse en entorno con buena ventilaci\u00f3n<\/li>\n<li style='margin-bottom: 5px;'>Entorno debe estar limpio y seco<\/li>\n<li style='margin-bottom: 5px;'>Evitar entrada de agua al marco de la antena<\/li>\n<li style='margin-bottom: 5px;'>No tener objetos met\u00e1licos grandes a m\u00ednimo 60cm (lados&comma; arriba y abajo)<\/li>\n<li style='margin-bottom: 5px;'>No tener etiquetas de 8.2 MHz cerca de la antena<\/li>\n<\/ul><\/div>\n<\/p><\/div>\n<p> <!-- Secci\u00f3n de requerimientos el\u00e9ctricos --> <\/p>\n<div style='flex: 1 1 250px; border: 1px solid rgba(150&comma; 150&comma; 150&comma; 0.4); border-radius: 8px; overflow: hidden; display: flex; flex-direction: column;'>\n<div style='padding: 15px; border-bottom: 1px solid rgba(150&comma; 150&comma; 150&comma; 0.2); font-weight: bold; font-size: 18px; color: inherit;'>Requerimientos El\u00e9ctricos<\/div>\n<div style='padding: 15px; color: inherit;'>\n<ul style='padding-left: 20px; margin: 0; font-size: 14px; list-style-type: disc; color: inherit;'>\n<li style='margin-bottom: 5px;'>Usar exclusivamente la fuente de alimentaci\u00f3n incluida<\/li>\n<li style='margin-bottom: 5px;'><strong>Conexi\u00f3n a tierra de alta calidad<\/strong><\/li>\n<li style='margin-bottom: 5px;'>No usar energ\u00eda de UPS o generador privado<\/li>\n<\/ul><\/div>\n<\/p><\/div>\n<\/p><\/div>\n<p> <!-- Secci\u00f3n de advertencias --> <\/p>\n<div style='margin-bottom: 30px;'>\n<div style='border: 1px solid rgba(150&comma; 150&comma; 150&comma; 0.4); border-radius: 8px; padding: 15px; color: inherit;'>\n<h3 style='font-size: 18px; margin-top: 0; color: inherit;'>Advertencias<\/h3>\n<ul style='padding-left: 20px; margin: 0; font-size: 14px; list-style-type: disc; color: inherit;'>\n<li style='margin-bottom: 5px;'>Evitar cercan\u00eda de metales para prevenir falsas alarmas<\/li>\n<li style='margin-bottom: 5px;'>La variaci\u00f3n de distancia depende del lugar de instalaci\u00f3n<\/li>\n<li style='margin-bottom: 5px;'>No recomendado para bibliotecas&comma; librer\u00edas&comma; ferreter\u00edas&comma; productos met\u00e1licos o equipos electr\u00f3nicos<\/li>\n<li style='margin-bottom: 5px;'>Puertas corredizas autom\u00e1ticas deben estar a 2 metros de distancia<\/li>\n<\/ul><\/div>\n<\/p><\/div>\n<p> <!-- Secci\u00f3n de tags recomendados --> <\/p>\n<div style='margin-bottom: 30px;'>\n<div style='border: 1px solid rgba(150&comma; 150&comma; 150&comma; 0.4); border-radius: 8px; padding: 15px; color: inherit;'>\n<h3 style='font-size: 18px; margin-top: 0; color: inherit;'>Tags Recomendados<\/h3>\n<ul style='padding-left: 20px; margin: 0; font-size: 14px; list-style-type: disc; color: inherit;'>\n<li style='margin-bottom: 8px;'><strong>Ropa:<\/strong> <a href='https:\/\/www.syscom.mx\/producto\/T051-CENTURY-85691.html' style='color: inherit; text-decoration: none; font-weight: bold;'>T051<\/a>&comma; <a href='https:\/\/www.syscom.mx\/producto\/PROTCL-WU-ACCESSPRO-71462.html' style='color: inherit; text-decoration: none; font-weight: bold;'>PROTCL-WU<\/a>&comma; <a href='https:\/\/www.syscom.mx\/producto\/PROTCL-BU-ACCESSPRO-71447.html' style='color: inherit; text-decoration: none; font-weight: bold;'>PROTCL-BU<\/a>&comma; <a href='https:\/\/www.syscom.mx\/producto\/PROTCLB-ACCESSPRO-70471.html' style='color: inherit; text-decoration: none; font-weight: bold;'>PROTCLB<\/a>&comma; <a href='https:\/\/www.syscom.mx\/producto\/PRO-SQW-ACCESSPRO-71461.html' style='color: inherit; text-decoration: none; font-weight: bold;'>PRO-SQW<\/a>&comma; <a href='https:\/\/www.syscom.mx\/producto\/T001\/B-CENTURY-85685.html' style='color: inherit; text-decoration: none; font-weight: bold;'>T001\/B<\/a>&comma; <a href='https:\/\/www.syscom.mx\/producto\/T001\/BB-CENTURY-87835.html' style='color: inherit; text-decoration: none; font-weight: bold;'>T001\/BB<\/a>&comma; <a href='https:\/\/www.syscom.mx\/producto\/T005-CENTURY-85686.html' style='color: inherit; text-decoration: none; font-weight: bold;'>T005<\/a>&comma; <a href='https:\/\/www.syscom.mx\/producto\/T004-CENTURY-85687.html' style='color: inherit; text-decoration: none; font-weight: bold;'>T004<\/a>&comma; <a href='https:\/\/www.syscom.mx\/producto\/T005B-CENTURY-93636.html' style='color: inherit; text-decoration: none; font-weight: bold;'>T005B<\/a> (Distancia entre antenas de 140cm a 160cm) <\/li>\n<li style='margin-bottom: 8px;'><strong>Botellas:<\/strong> <a href='https:\/\/www.syscom.mx\/producto\/B004-CENTURY-83432.html' style='color: inherit; text-decoration: none; font-weight: bold;'>B004<\/a> (Distancia entre antenas de 140cm a 160cm) <\/li>\n<li style='margin-bottom: 8px;'><strong>Lentes:<\/strong> <a href='https:\/\/www.syscom.mx\/producto\/T181-CENTURY-85688.html' style='color: inherit; text-decoration: none; font-weight: bold;'>T181<\/a> (Distancia entre antenas de 140cm a 160cm) <\/li>\n<li style='margin-bottom: 8px;'><strong>Sujetar:<\/strong> <a href='https:\/\/www.syscom.mx\/producto\/T064RF-CENTURY-85689.html' style='color: inherit; text-decoration: none; font-weight: bold;'>T064RF<\/a>&comma; <a href='https:\/\/www.syscom.mx\/producto\/T511\/2A-CENTURY-85695.html' style='color: inherit; text-decoration: none; font-weight: bold;'>T511\/2A<\/a>&comma; <a href='https:\/\/www.syscom.mx\/producto\/T511\/2AB-CENTURY-87837.html' style='color: inherit; text-decoration: none; font-weight: bold;'>T511\/2AB<\/a>&comma; <a href='https:\/\/www.syscom.mx\/producto\/T146\/3A-CENTURY-85692.html' style='color: inherit; text-decoration: none; font-weight: bold;'>T146\/3A<\/a>&comma; <a href='https:\/\/www.syscom.mx\/producto\/T022-CENTURY-85694.html' style='color: inherit; text-decoration: none; font-weight: bold;'>T022<\/a> <\/li>\n<li style='margin-bottom: 8px;'><strong>Botes:<\/strong> <a href='https:\/\/www.syscom.mx\/producto\/T704\/B-CENTURY-85690.html' style='color: inherit; text-decoration: none; font-weight: bold;'>T704\/B<\/a> (Distancia entre antenas de 160cm a 180cm) <\/li>\n<li style='margin-bottom: 8px;'><strong>Superficies (no met\u00e1licas):<\/strong> <a href='https:\/\/www.syscom.mx\/producto\/GF4040H-CENTURY-85693.html' style='color: inherit; text-decoration: none; font-weight: bold;'>GF4040H<\/a> (Distancia entre antenas de 90cm a 120cm) <\/li>\n<\/ul><\/div>\n<\/p><\/div>\n<p> <!-- Secci\u00f3n de notas adicionales --> <\/p>\n<div style='margin-bottom: 30px;'>\n<div style='border: 1px solid rgba(150&comma; 150&comma; 150&comma; 0.4); border-radius: 8px; padding: 15px; color: inherit;'>\n<h3 style='font-size: 18px; margin-top: 0; color: inherit;'>Notas Adicionales<\/h3>\n<p style='margin: 5px 0; font-size: 14px; color: inherit;'>Si desea mayor distancia&comma; se puede agregar un RX (G07) al transmisor. Soporta hasta 15 transmisores en toda la trayectoria&comma; requiere sincronizaci\u00f3n.<\/p>\n<p style='margin: 5px 0; font-size: 14px; color: inherit;'>Al utilizar tags de otras marcas no se garantiza el \u00f3ptimo funcionamiento de las antenas.<\/p>\n<\/p><\/div>\n<\/p><\/div>\n<p> <!-- Separador --> <\/p>\n<hr style='border: 0; border-top: 1px solid rgba(150&comma; 150&comma; 150&comma; 0.3); margin: 30px 0;'> <\/div>\n","protected":false},"excerpt":{"rendered":"<p>Par de Arcos EAS para Protecci\u00f3n de Ropa, Botellas, Accesorios RX, TX 8.2 MHz hasta 1.8 m<\/p>\n","protected":false},"featured_media":31549,"comment_status":"open","ping_status":"closed","template":"","meta":[],"product_brand":[],"product_cat":[880],"product_tag":[882,881,62],"class_list":{"0":"post-31550","1":"product","2":"type-product","3":"status-publish","4":"has-post-thumbnail","6":"product_cat-todos-proteccion-de-mercancia-eas","7":"product_tag-century","8":"product_tag-proteccion-de-mercancia-eas","9":"product_tag-todos","11":"first","12":"instock","13":"sale","14":"shipping-taxable","15":"purchasable","16":"product-type-simple"},"_links":{"self":[{"href":"https:\/\/soydeaqui.ddns.net\/pachuca\/index.php\/wp-json\/wp\/v2\/product\/31550","targetHints":{"allow":["GET"]}}],"collection":[{"href":"https:\/\/soydeaqui.ddns.net\/pachuca\/index.php\/wp-json\/wp\/v2\/product"}],"about":[{"href":"https:\/\/soydeaqui.ddns.net\/pachuca\/index.php\/wp-json\/wp\/v2\/types\/product"}],"replies":[{"embeddable":true,"href":"https:\/\/soydeaqui.ddns.net\/pachuca\/index.php\/wp-json\/wp\/v2\/comments?post=31550"}],"wp:featuredmedia":[{"embeddable":true,"href":"https:\/\/soydeaqui.ddns.net\/pachuca\/index.php\/wp-json\/wp\/v2\/media\/31549"}],"wp:attachment":[{"href":"https:\/\/soydeaqui.ddns.net\/pachuca\/index.php\/wp-json\/wp\/v2\/media?parent=31550"}],"wp:term":[{"taxonomy":"product_brand","embeddable":true,"href":"https:\/\/soydeaqui.ddns.net\/pachuca\/index.php\/wp-json\/wp\/v2\/product_brand?post=31550"},{"taxonomy":"product_cat","embeddable":true,"href":"https:\/\/soydeaqui.ddns.net\/pachuca\/index.php\/wp-json\/wp\/v2\/product_cat?post=31550"},{"taxonomy":"product_tag","embeddable":true,"href":"https:\/\/soydeaqui.ddns.net\/pachuca\/index.php\/wp-json\/wp\/v2\/product_tag?post=31550"}],"curies":[{"name":"wp","href":"https:\/\/api.w.org\/{rel}","templated":true}]}}