{"id":31491,"date":"2026-03-18T14:12:04","date_gmt":"2026-03-18T14:12:04","guid":{"rendered":"https:\/\/soydeaqui.ddns.net\/pachuca\/index.php\/producto\/bajo-pedido-licencia-para-software-de-tiempo-asistencia-compatible-con-sistemas-de-nomina-500-empleados-2-relojes-checadores-2-pc-acceso3-titanium\/"},"modified":"2026-03-18T14:12:05","modified_gmt":"2026-03-18T14:12:05","slug":"bajo-pedido-licencia-para-software-de-tiempo-asistencia-compatible-con-sistemas-de-nomina-500-empleados-2-relojes-checadores-2-pc-acceso3-titanium","status":"publish","type":"product","link":"https:\/\/soydeaqui.ddns.net\/pachuca\/index.php\/producto\/bajo-pedido-licencia-para-software-de-tiempo-asistencia-compatible-con-sistemas-de-nomina-500-empleados-2-relojes-checadores-2-pc-acceso3-titanium\/","title":{"rendered":"[BAJO PEDIDO] Licencia para software de Tiempo &#038; Asistencia compatible con SISTEMAS DE NOMINA \/  500 Empleados \/ 2 Relojes checadores \/ 2 PC \/ Acceso3 &#8211; TITANIUM"},"content":{"rendered":"<div style='width: 100%; max-width: 1200px; margin: 0 auto; font-family: sans-serif; line-height: 1.6; color: inherit; background-color: transparent;'>\n<div style='display: flex; flex-wrap: wrap; gap: 30px; margin-bottom: 30px;'>\n<div style='flex: 1 1 300px; min-width: 280px;'>\n<div style='text-align: center; margin-bottom: 20px;'> <a href='https:\/\/www.syscom.mx\/producto\/TITANIUMACCESO3-ACCESSPRO-154936.html' target='_blank' rel='noopener'> <img style='width: 100%; max-width: 350px; height: auto; border: 1px solid rgba(150&comma;150&comma;150&comma;0.3); border-radius: 8px;' src='https:\/\/ftp3.syscom.mx\/usuarios\/fespinoza\/Acceso3_TITANIUM\/Recursos\/LOGOTITANIUM.png' alt=''> <\/a> <\/div>\n<p>La licencia permite utilizar el software Acceso3 TITANIUM&comma; la m\u00e1s completa soluci\u00f3n de Asistencia que permite administrar los horarios&comma; incidencias&comma; faltas&comma; tiempo extra etc de los empleados&comma; con posibilidad de integrarse con los softwares de n\u00f3mina m\u00e1s utilizados en M\u00e9xico.<\/p>\n<h3 style='font-size: 22px; border-bottom: 2px solid currentColor; padding-bottom: 5px; margin-top: 25px; margin-bottom: 15px; color: inherit; opacity: 0.8;'>Capacidad de la licencia<\/h3>\n<ul style='padding-left: 20px; font-size: 15px; color: inherit;'>\n<li style='margin-bottom: 5px;'>500 Empleados<\/li>\n<li style='margin-bottom: 5px;'>2 Relojes checadores (No incluidos)<\/li>\n<li style='margin-bottom: 5px;'>2 Estaciones (PC&#8217;s)<\/li>\n<\/ul>\n<h3 style='font-size: 22px; border-bottom: 2px solid currentColor; padding-bottom: 5px; margin-top: 25px; margin-bottom: 15px; color: inherit; opacity: 0.8;'>Detalles importantes<\/h3>\n<ul style='padding-left: 20px; font-size: 15px; color: inherit;'>\n<li style='margin-bottom: 5px;'>Para la solicitud de la licencia&comma; es indispensable llenar un formulario que se le hace llegar despu\u00e9s de facturar la licencia.<\/li>\n<li style='margin-bottom: 5px;'>Un mes de garant\u00eda en la licencia&comma; posterior a \u00e9ste tiempo si la PC llegara a da\u00f1arse ser\u00e1 necesario facturar una licencia de activaci\u00f3n adicional (modelo TITANIUMEST).<\/li>\n<\/ul>\n<h3 style='font-size: 22px; border-bottom: 2px solid currentColor; padding-bottom: 5px; margin-top: 25px; margin-bottom: 15px; color: inherit; opacity: 0.8;'>Caracter\u00edsticas Destacadas de Acceso3 TITANIUM<\/h3>\n<ul style='padding-left: 20px; font-size: 15px; color: inherit;'>\n<li style='margin-bottom: 5px;'>Compatibilidad con sistemas de n\u00f3mina (ASPEL NOI&comma; NOMIPAQ\/iNOMINAS)<\/li>\n<li style='margin-bottom: 5px;'>Reportes precisos: Entrada \u2013 Salida a comer \u2013 Entrada de comida \u2013 Salida (entre otros)<\/li>\n<li style='margin-bottom: 5px;'>Firma de conformidad de los empleados en cada reporte<\/li>\n<li style='margin-bottom: 5px;'>Posibilidad de visualizar empleados que llegaron \/ no han llegado \/ no llegaron<\/li>\n<li style='margin-bottom: 5px;'>Licencia vitalicia (un solo pago)<\/li>\n<li style='margin-bottom: 5px;'>M\u00f3dulo completo de R.H. para administraci\u00f3n de empleados (Historial laboral&comma; acad\u00e9mico&comma; m\u00e9dico y psicom\u00e9trico)<\/li>\n<li style='margin-bottom: 5px;'>Compatible con relojes checadores de la marca ZKTeco y ACCESSPRO by ZKTeco (a excepci\u00f3n de la l\u00ednea Green Label)<\/li>\n<li style='margin-bottom: 5px;'>Acceso a la Base de Datos del gestor Firebird 2.5 para desarrollos<\/li>\n<\/ul>\n<p style='margin-top: 20px;'> <a href='https:\/\/www.syscom.mx\/producto\/TITANIUMACCESO3-ACCESSPRO-154936.html' style='color: inherit; text-decoration: underline;' target='_blank' rel='noopener'>Click aqu\u00ed para ver la informaci\u00f3n completa del software<\/a> <\/p>\n<p style='margin-top: 10px; font-style: italic; color: inherit; opacity: 0.8; font-size: 14px;'>* Estas licencias son virtuales&comma; se hacen llegar por correo electr\u00f3nico.<\/p>\n<\/p><\/div>\n<div style='flex: 1 1 300px; min-width: 280px;'>\n<div style='text-align: center;'> <a href='https:\/\/www.syscom.mx\/principal\/promociones\/zkteco-1753.html?ordenar=Relevancia' target='_blank' rel='noopener'> <img style='width: 100%; max-width: 700px; height: auto; border: 1px solid rgba(150&comma;150&comma;150&comma;0.3); border-radius: 8px;' src='https:\/\/ftp3.syscom.mx\/usuarios\/fmedina\/erp-images\/zktn3_001.jpg' alt=''> <\/a> <\/div>\n<\/p><\/div>\n<\/p><\/div>\n<hr style='border: 0; border-top: 1px solid rgba(150&comma; 150&comma; 150&comma; 0.3); margin: 30px 0;'> <\/div>\n","protected":false},"excerpt":{"rendered":"<p>[BAJO PEDIDO] Licencia para software de Tiempo &#038; Asistencia compatible con SISTEMAS DE NOMINA \/  500 Empleados \/ 2 Relojes checadores \/ 2 PC \/ Acceso3 &#8211; TITANIUM<\/p>\n","protected":false},"featured_media":31490,"comment_status":"open","ping_status":"closed","template":"","meta":[],"product_brand":[],"product_cat":[846],"product_tag":[234,792,847],"class_list":{"0":"post-31491","1":"product","2":"type-product","3":"status-publish","4":"has-post-thumbnail","6":"product_cat-tiempo-y-asistencia","7":"product_tag-accesspro","8":"product_tag-software-de-asistencia","9":"product_tag-tiempo-y-asistencia","11":"first","12":"outofstock","13":"sale","14":"shipping-taxable","15":"purchasable","16":"product-type-simple"},"_links":{"self":[{"href":"https:\/\/soydeaqui.ddns.net\/pachuca\/index.php\/wp-json\/wp\/v2\/product\/31491","targetHints":{"allow":["GET"]}}],"collection":[{"href":"https:\/\/soydeaqui.ddns.net\/pachuca\/index.php\/wp-json\/wp\/v2\/product"}],"about":[{"href":"https:\/\/soydeaqui.ddns.net\/pachuca\/index.php\/wp-json\/wp\/v2\/types\/product"}],"replies":[{"embeddable":true,"href":"https:\/\/soydeaqui.ddns.net\/pachuca\/index.php\/wp-json\/wp\/v2\/comments?post=31491"}],"wp:featuredmedia":[{"embeddable":true,"href":"https:\/\/soydeaqui.ddns.net\/pachuca\/index.php\/wp-json\/wp\/v2\/media\/31490"}],"wp:attachment":[{"href":"https:\/\/soydeaqui.ddns.net\/pachuca\/index.php\/wp-json\/wp\/v2\/media?parent=31491"}],"wp:term":[{"taxonomy":"product_brand","embeddable":true,"href":"https:\/\/soydeaqui.ddns.net\/pachuca\/index.php\/wp-json\/wp\/v2\/product_brand?post=31491"},{"taxonomy":"product_cat","embeddable":true,"href":"https:\/\/soydeaqui.ddns.net\/pachuca\/index.php\/wp-json\/wp\/v2\/product_cat?post=31491"},{"taxonomy":"product_tag","embeddable":true,"href":"https:\/\/soydeaqui.ddns.net\/pachuca\/index.php\/wp-json\/wp\/v2\/product_tag?post=31491"}],"curies":[{"name":"wp","href":"https:\/\/api.w.org\/{rel}","templated":true}]}}