{"id":31440,"date":"2026-03-18T14:10:51","date_gmt":"2026-03-18T14:10:51","guid":{"rendered":"https:\/\/soydeaqui.ddns.net\/pachuca\/index.php\/producto\/refaccion-set-de-imanes-para-final-de-carrera-can-ac800-iz1200\/"},"modified":"2026-03-18T14:10:53","modified_gmt":"2026-03-18T14:10:53","slug":"refaccion-set-de-imanes-para-final-de-carrera-can-ac800-iz1200","status":"publish","type":"product","link":"https:\/\/soydeaqui.ddns.net\/pachuca\/index.php\/producto\/refaccion-set-de-imanes-para-final-de-carrera-can-ac800-iz1200\/","title":{"rendered":"Refaccion \/ Set de Imanes para final de carrera \/ CAN AC800 \/ IZ1200"},"content":{"rendered":"<div style='width: 100%; max-width: 1200px; margin: 0 auto; font-family: sans-serif; line-height: 1.6; color: inherit; background-color: transparent;'>\n<div style='display: flex; flex-wrap: wrap; gap: 30px; margin-bottom: 30px;'>\n<div style='flex: 1 1 300px; min-width: 280px;'>\n<h3 style='font-size: 22px; border-bottom: 2px solid currentColor; padding-bottom: 5px; margin-top: 0; color: inherit; opacity: 0.8;'>Caracter\u00edsticas principales<\/h3>\n<ul style='padding-left: 20px; font-size: 15px; color: inherit;'>\n<li style='margin-bottom: 5px;'>Compatibilidad con motor corredizo XBS-IZ-1200<\/li>\n<li style='margin-bottom: 5px;'>Incluye montajes para imanes duraderos<\/li>\n<li style='margin-bottom: 5px;'>Optimizado para modelos XBS-CAN-AC-800<\/li>\n<li style='margin-bottom: 5px;'>Imanes para l\u00edmites de final de carrera<\/li>\n<li style='margin-bottom: 5px;'>Compatibilidad con motor XBS-SZ-2000<\/li>\n<\/ul><\/div>\n<div style='flex: 1 1 300px; min-width: 280px;'>\n<h3 style='font-size: 22px; border-bottom: 2px solid currentColor; padding-bottom: 5px; margin-top: 0; color: inherit; opacity: 0.8;'>Aplicaciones<\/h3>\n<ul style='padding-left: 20px; font-size: 15px; color: inherit;'>\n<li style='margin-bottom: 5px;'>Automatizaci\u00f3n de rejas o portones corredizos<\/li>\n<li style='margin-bottom: 5px;'>Control de l\u00edmites de apertura y cierre<\/li>\n<li style='margin-bottom: 5px;'>Sistemas de seguridad para puertas autom\u00e1ticas<\/li>\n<\/ul><\/div>\n<\/p><\/div>\n<div style='display: flex; flex-wrap: wrap; gap: 20px; margin-bottom: 30px;'>\n<div style='flex: 1 1 250px; border: 1px solid rgba(150&comma; 150&comma; 150&comma; 0.4); border-radius: 8px; overflow: hidden; display: flex; flex-direction: column;'>\n<div style='padding: 15px; border-bottom: 1px solid rgba(150&comma; 150&comma; 150&comma; 0.2); font-weight: bold; font-size: 18px; color: inherit;'>Compatibilidad<\/div>\n<div style='padding: 15px; color: inherit;'>\n<ul style='padding-left: 20px; margin: 0; font-size: 14px; list-style-type: disc;'>\n<li style='margin-bottom: 5px;'>Motor corredizo XBS-IZ-1200<\/li>\n<li style='margin-bottom: 5px;'>Motor Corredizo XBS-CAN-AC-800<\/li>\n<li style='margin-bottom: 5px;'>Motor Corredizo XBS-SZ-2000<\/li>\n<\/ul><\/div>\n<\/p><\/div>\n<div style='flex: 1 1 250px; border: 1px solid rgba(150&comma; 150&comma; 150&comma; 0.4); border-radius: 8px; overflow: hidden; display: flex; flex-direction: column;'>\n<div style='padding: 15px; border-bottom: 1px solid rgba(150&comma; 150&comma; 150&comma; 0.2); font-weight: bold; font-size: 18px; color: inherit;'>Contenido del paquete<\/div>\n<div style='padding: 15px; color: inherit;'>\n<ul style='padding-left: 20px; margin: 0; font-size: 14px; list-style-type: disc;'>\n<li style='margin-bottom: 5px;'>Set de imanes para l\u00edmites<\/li>\n<li style='margin-bottom: 5px;'>Montajes para imanes<\/li>\n<\/ul><\/div>\n<\/p><\/div>\n<div style='flex: 1 1 250px; border: 1px solid rgba(150&comma; 150&comma; 150&comma; 0.4); border-radius: 8px; overflow: hidden; display: flex; flex-direction: column;'>\n<div style='padding: 15px; border-bottom: 1px solid rgba(150&comma; 150&comma; 150&comma; 0.2); font-weight: bold; font-size: 18px; color: inherit;'>Caracter\u00edsticas t\u00e9cnicas<\/div>\n<div style='padding: 15px; color: inherit;'>\n<ul style='padding-left: 20px; margin: 0; font-size: 14px; list-style-type: disc;'>\n<li style='margin-bottom: 5px;'>Un solo paso de programaci\u00f3n<\/li>\n<li style='margin-bottom: 5px;'>Sistema con aprendizaje autom\u00e1tico de l\u00edmite de apertura y cierre<\/li>\n<li style='margin-bottom: 5px;'>Suave encendido electr\u00f3nico<\/li>\n<li style='margin-bottom: 5px;'>Llave de liberaci\u00f3n en caso de falla de energ\u00eda<\/li>\n<li style='margin-bottom: 5px;'>F\u00e1cil mantenimiento e instalaci\u00f3n<\/li>\n<\/ul><\/div>\n<\/p><\/div>\n<\/p><\/div>\n<hr style='border: 0; border-top: 1px solid rgba(150&comma; 150&comma; 150&comma; 0.3); margin: 30px 0;'>\n<div style='display: flex; flex-wrap: wrap; gap: 30px;'>\n<div style='flex: 1 1 300px; min-width: 280px;'>\n<h3 style='font-size: 22px; border-bottom: 2px solid currentColor; padding-bottom: 5px; margin-top: 0; color: inherit; opacity: 0.8;'>Especificaciones generales<\/h3>\n<ul style='padding-left: 20px; font-size: 15px; color: inherit;'>\n<li style='margin-bottom: 5px;'><strong>Stop parcial:<\/strong> S\u00ed<\/li>\n<li style='margin-bottom: 5px;'><strong>Cierre autom\u00e1tico temporizado:<\/strong> S\u00ed<\/li>\n<li style='margin-bottom: 5px;'><strong>Final de carrera mec\u00e1nico:<\/strong> S\u00ed<\/li>\n<li style='margin-bottom: 5px;'><strong>Detecci\u00f3n electr\u00f3nica del obst\u00e1culo:<\/strong> S\u00ed<\/li>\n<li style='margin-bottom: 5px;'><strong>Desbloqueo de emergencia:<\/strong> S\u00ed&comma; con llave personalizada<\/li>\n<\/ul><\/div>\n<div style='flex: 1 1 300px; min-width: 280px;'>\n<h3 style='font-size: 22px; border-bottom: 2px solid currentColor; padding-bottom: 5px; margin-top: 0; color: inherit; opacity: 0.8;'>Especificaciones t\u00e9cnicas<\/h3>\n<ul style='padding-left: 20px; font-size: 15px; color: inherit;'>\n<li style='margin-bottom: 5px;'><strong>Alimentaci\u00f3n:<\/strong> 110 a 120 Vca<\/li>\n<li style='margin-bottom: 5px;'><strong>Consumo de potencia del motor:<\/strong> 80 W (XBS-CAN-DC-600)&comma; 370 W (XBS-IZ-1200)<\/li>\n<li style='margin-bottom: 5px;'><strong>Grado de protecci\u00f3n:<\/strong> IP44<\/li>\n<li style='margin-bottom: 5px;'><strong>Rango de temperatura ambiental:<\/strong> -20 a 40 \u00b0C<\/li>\n<li style='margin-bottom: 5px;'><strong>Peso m\u00e1ximo de puerta y arrastre:<\/strong> 600 kg (XBS-CAN-DC-600)&comma; 1200 kg (XBS-IZ-1200)<\/li>\n<\/ul><\/div>\n<div style='flex: 1 1 300px; min-width: 280px;'>\n<h3 style='font-size: 22px; border-bottom: 2px solid currentColor; padding-bottom: 5px; margin-top: 0; color: inherit; opacity: 0.8;'>Beneficios<\/h3>\n<ul style='padding-left: 20px; font-size: 15px; color: inherit;'>\n<li style='margin-bottom: 5px;'>Mecanismo de alta eficiencia<\/li>\n<li style='margin-bottom: 5px;'>Tarjetas electr\u00f3nicas de control avanzadas<\/li>\n<li style='margin-bottom: 5px;'>Muy bajo consumo de energ\u00eda<\/li>\n<li style='margin-bottom: 5px;'>Seguridad garantizada en cualquier instalaci\u00f3n<\/li>\n<\/ul><\/div>\n<\/p><\/div>\n<\/p><\/div>\n","protected":false},"excerpt":{"rendered":"<p>Refaccion \/ Set de Imanes para final de carrera \/ CAN AC800 \/ IZ1200<\/p>\n","protected":false},"featured_media":31439,"comment_status":"open","ping_status":"closed","template":"","meta":[],"product_brand":[],"product_cat":[750],"product_tag":[401,234,751],"class_list":{"0":"post-31440","1":"product","2":"type-product","3":"status-publish","4":"has-post-thumbnail","6":"product_cat-refacciones","7":"product_tag-acceso-vehicular","8":"product_tag-accesspro","9":"product_tag-refacciones","11":"first","12":"instock","13":"sale","14":"shipping-taxable","15":"purchasable","16":"product-type-simple"},"_links":{"self":[{"href":"https:\/\/soydeaqui.ddns.net\/pachuca\/index.php\/wp-json\/wp\/v2\/product\/31440","targetHints":{"allow":["GET"]}}],"collection":[{"href":"https:\/\/soydeaqui.ddns.net\/pachuca\/index.php\/wp-json\/wp\/v2\/product"}],"about":[{"href":"https:\/\/soydeaqui.ddns.net\/pachuca\/index.php\/wp-json\/wp\/v2\/types\/product"}],"replies":[{"embeddable":true,"href":"https:\/\/soydeaqui.ddns.net\/pachuca\/index.php\/wp-json\/wp\/v2\/comments?post=31440"}],"wp:featuredmedia":[{"embeddable":true,"href":"https:\/\/soydeaqui.ddns.net\/pachuca\/index.php\/wp-json\/wp\/v2\/media\/31439"}],"wp:attachment":[{"href":"https:\/\/soydeaqui.ddns.net\/pachuca\/index.php\/wp-json\/wp\/v2\/media?parent=31440"}],"wp:term":[{"taxonomy":"product_brand","embeddable":true,"href":"https:\/\/soydeaqui.ddns.net\/pachuca\/index.php\/wp-json\/wp\/v2\/product_brand?post=31440"},{"taxonomy":"product_cat","embeddable":true,"href":"https:\/\/soydeaqui.ddns.net\/pachuca\/index.php\/wp-json\/wp\/v2\/product_cat?post=31440"},{"taxonomy":"product_tag","embeddable":true,"href":"https:\/\/soydeaqui.ddns.net\/pachuca\/index.php\/wp-json\/wp\/v2\/product_tag?post=31440"}],"curies":[{"name":"wp","href":"https:\/\/api.w.org\/{rel}","templated":true}]}}