{"id":3137,"date":"2026-03-18T06:05:01","date_gmt":"2026-03-18T06:05:01","guid":{"rendered":"https:\/\/soydeaqui.ddns.net\/pachuca\/index.php\/producto\/cerradura-digital-yxr256-para-exterior-compatible-con-hub-yale-connect\/"},"modified":"2026-03-18T06:05:02","modified_gmt":"2026-03-18T06:05:02","slug":"cerradura-digital-yxr256-para-exterior-compatible-con-hub-yale-connect","status":"publish","type":"product","link":"https:\/\/soydeaqui.ddns.net\/pachuca\/index.php\/producto\/cerradura-digital-yxr256-para-exterior-compatible-con-hub-yale-connect\/","title":{"rendered":"Cerradura Digital YXR256 Para EXTERIOR\/ Compatible con HUB YALE CONNECT"},"content":{"rendered":"<div style='width: 100%; max-width: 1200px; margin: 0 auto; font-family: sans-serif; line-height: 1.6; color: inherit; background-color: transparent;'>\n<div style='display: flex; flex-wrap: wrap; gap: 30px; margin-bottom: 30px;'>\n<div style='flex: 1 1 300px; min-width: 280px;'>\n<h3 style='font-size: 22px; border-bottom: 2px solid currentColor; padding-bottom: 5px; margin-top: 0; color: inherit; opacity: 0.8;'>Usos<\/h3>\n<ul style='padding-left: 20px; font-size: 15px; color: inherit;'>\n<li style='margin-bottom: 5px;'>Residencial y comercial. Ideal para puertas o rejas de entrada principal.<\/li>\n<\/ul><\/div>\n<\/p><\/div>\n<div style='display: flex; flex-wrap: wrap; gap: 30px; margin-bottom: 30px;'>\n<div style='flex: 1 1 300px; min-width: 280px;'>\n<h3 style='font-size: 22px; border-bottom: 2px solid currentColor; padding-bottom: 5px; margin-top: 0; color: inherit; opacity: 0.8;'>Versi\u00f3n<\/h3>\n<ul style='padding-left: 20px; font-size: 15px; color: inherit;'>\n<li style='margin-bottom: 5px;'>Cerrojo Digital Assure de Teclado al exterior&comma; y mecanismo de llave al interior.<\/li>\n<\/ul><\/div>\n<\/p><\/div>\n<div style='display: flex; flex-wrap: wrap; gap: 30px; margin-bottom: 30px;'>\n<div style='flex: 1 1 300px; min-width: 280px;'>\n<h3 style='font-size: 22px; border-bottom: 2px solid currentColor; padding-bottom: 5px; margin-top: 0; color: inherit; opacity: 0.8;'>Funciones<\/h3>\n<ul style='padding-left: 20px; font-size: 15px; color: inherit;'>\n<li style='margin-bottom: 5px;'>Teclado digital t\u00e1ctil exterior para apertura con c\u00f3digo de usuario.<\/li>\n<li style='margin-bottom: 5px;'>Mecanismo de llave interior para apertura con perilla.<\/li>\n<\/ul><\/div>\n<\/p><\/div>\n<div style='display: flex; flex-wrap: wrap; gap: 30px; margin-bottom: 30px;'>\n<div style='flex: 1 1 300px; min-width: 280px;'>\n<h3 style='font-size: 22px; border-bottom: 2px solid currentColor; padding-bottom: 5px; margin-top: 0; color: inherit; opacity: 0.8;'>Aplicaciones<\/h3>\n<ul style='padding-left: 20px; font-size: 15px; color: inherit;'>\n<li style='margin-bottom: 5px;'>Para puertas batientes izquierdas o derechas.<\/li>\n<\/ul><\/div>\n<\/p><\/div>\n<div style='display: flex; flex-wrap: wrap; gap: 30px; margin-bottom: 30px;'>\n<div style='flex: 1 1 300px; min-width: 280px;'>\n<h3 style='font-size: 22px; border-bottom: 2px solid currentColor; padding-bottom: 5px; margin-top: 0; color: inherit; opacity: 0.8;'>Caracter\u00edsticas de Teclado Exterior<\/h3>\n<ul style='padding-left: 20px; font-size: 15px; color: inherit;'>\n<li style='margin-bottom: 5px;'>Resistente a la <strong style='color: inherit;'>intemperie<\/strong>.<\/li>\n<li style='margin-bottom: 5px;'>Controla y cierra tu cerradura v\u00eda remota&comma; desde cualquier parte del mundo&comma; directamente en tu smartphone o tableta&comma; por medio de la aplicaci\u00f3n <strong style='color: inherit;'>Yale Connect<\/strong>. <strong style='color: inherit;'>Requiere m\u00f3dulo 51020 y m\u00f3dulo zigbee 89407<\/strong> (se venden por separado).<\/li>\n<li style='margin-bottom: 5px;'>Compatible con los dispositivos: Amazon Alexa&comma; Yale Hub Connect&comma; Google Home&comma; requiere m\u00f3dulos.<\/li>\n<li style='margin-bottom: 5px;'>Modos de apertura: c\u00f3digo num\u00e9rico o aplicaci\u00f3n Yale Connect.<\/li>\n<li style='margin-bottom: 5px;'>Men\u00fa asistido por voz para programaci\u00f3n.<\/li>\n<li style='margin-bottom: 5px;'>Utiliza 4 bater\u00edas alcalinas AA.<\/li>\n<li style='margin-bottom: 5px;'>Cuenta con indicador de bater\u00eda baja.<\/li>\n<li style='margin-bottom: 5px;'>Con entrada externa para bater\u00eda de 9 volts \u2013 alimentaci\u00f3n de emergencia.<\/li>\n<li style='margin-bottom: 5px;'>Para puertas de 35 mm a 55 mm de espesor.<\/li>\n<li style='margin-bottom: 5px;'>Backset con mecanismo de 55 mm.<\/li>\n<li style='margin-bottom: 5px;'>Registra hasta 25 usuarios con c\u00f3digo pin&comma; o hasta 250 usuarios con c\u00f3digo pin&comma; con los m\u00f3dulos de red: Zigbee<\/li>\n<\/ul><\/div>\n<\/p><\/div>\n<div style='display: flex; flex-wrap: wrap; gap: 30px; margin-bottom: 30px;'>\n<div style='flex: 1 1 300px; min-width: 280px;'>\n<h3 style='font-size: 22px; border-bottom: 2px solid currentColor; padding-bottom: 5px; margin-top: 0; color: inherit; opacity: 0.8;'>Caracter\u00edsticas de Mecanismo Interior<\/h3>\n<ul style='padding-left: 20px; font-size: 15px; color: inherit;'>\n<li style='margin-bottom: 5px;'>Mecanismo reversible&comma; para puertas izquierdas o derechas.<\/li>\n<li style='margin-bottom: 5px;'>Se instala mediante una placa base&comma; soldable o atornillada.<\/li>\n<li style='margin-bottom: 5px;'>Cuenta con un cerrojo met\u00e1lico&comma; y un rodillo que posiciona el mecanismo al cerrar la puerta.<\/li>\n<li style='margin-bottom: 5px;'>Cerrojo operado internamente por una perilla&comma; la cual se puede bloquear mediante una llave.<\/li>\n<li style='margin-bottom: 5px;'>Cuenta con 2 modos de funcionamiento: modo port\u00f3n y modo seguro.<\/li>\n<li style='margin-bottom: 5px;'>Dise\u00f1o robusto.<\/li>\n<li style='margin-bottom: 5px;'>Cuenta con habilitaciones de instalaci\u00f3n.<\/li>\n<li style='margin-bottom: 5px;'>Con 2 llaves de lat\u00f3n.<\/li>\n<li style='margin-bottom: 5px;'>Incluye una placa de acero inoxidable con cubierta decorativa en aleaci\u00f3n met\u00e1lica (contra).<\/li>\n<\/ul><\/div>\n<\/p><\/div>\n<div style='display: flex; flex-wrap: wrap; gap: 30px; margin-bottom: 30px;'>\n<div style='flex: 1 1 300px; min-width: 280px;'>\n<h3 style='font-size: 22px; border-bottom: 2px solid currentColor; padding-bottom: 5px; margin-top: 0; color: inherit; opacity: 0.8;'>Logotipo<\/h3>\n<p> <img style='width: 100%; height: auto; border: 1px solid rgba(150&comma;150&comma;150&comma;0.3); border-radius: 8px;' src='http:\/\/ftp3.syscom.mx\/usuarios\/ftp\/2017\/01\/03\/43ba4\/yale-logo.jpg' alt=''> <\/div>\n<\/p><\/div>\n<hr style='border: 0; border-top: 1px solid rgba(150&comma; 150&comma; 150&comma; 0.3); margin: 30px 0;'> <\/div>\n","protected":false},"excerpt":{"rendered":"<p>Cerradura Digital YXR256 Para EXTERIOR\/ Compatible con HUB YALE CONNECT<\/p>\n","protected":false},"featured_media":3136,"comment_status":"open","ping_status":"closed","template":"","meta":[],"product_brand":[],"product_cat":[86],"product_tag":[88,87,395],"class_list":{"0":"post-3137","1":"product","2":"type-product","3":"status-publish","4":"has-post-thumbnail","6":"product_cat-autonomas-inteligentes","7":"product_tag-autonomas-inteligentes","8":"product_tag-cerraduras","9":"product_tag-yale-assa-abloy","11":"first","12":"instock","13":"sale","14":"shipping-taxable","15":"purchasable","16":"product-type-simple"},"_links":{"self":[{"href":"https:\/\/soydeaqui.ddns.net\/pachuca\/index.php\/wp-json\/wp\/v2\/product\/3137","targetHints":{"allow":["GET"]}}],"collection":[{"href":"https:\/\/soydeaqui.ddns.net\/pachuca\/index.php\/wp-json\/wp\/v2\/product"}],"about":[{"href":"https:\/\/soydeaqui.ddns.net\/pachuca\/index.php\/wp-json\/wp\/v2\/types\/product"}],"replies":[{"embeddable":true,"href":"https:\/\/soydeaqui.ddns.net\/pachuca\/index.php\/wp-json\/wp\/v2\/comments?post=3137"}],"wp:featuredmedia":[{"embeddable":true,"href":"https:\/\/soydeaqui.ddns.net\/pachuca\/index.php\/wp-json\/wp\/v2\/media\/3136"}],"wp:attachment":[{"href":"https:\/\/soydeaqui.ddns.net\/pachuca\/index.php\/wp-json\/wp\/v2\/media?parent=3137"}],"wp:term":[{"taxonomy":"product_brand","embeddable":true,"href":"https:\/\/soydeaqui.ddns.net\/pachuca\/index.php\/wp-json\/wp\/v2\/product_brand?post=3137"},{"taxonomy":"product_cat","embeddable":true,"href":"https:\/\/soydeaqui.ddns.net\/pachuca\/index.php\/wp-json\/wp\/v2\/product_cat?post=3137"},{"taxonomy":"product_tag","embeddable":true,"href":"https:\/\/soydeaqui.ddns.net\/pachuca\/index.php\/wp-json\/wp\/v2\/product_tag?post=3137"}],"curies":[{"name":"wp","href":"https:\/\/api.w.org\/{rel}","templated":true}]}}