{"id":3123,"date":"2026-03-18T06:04:52","date_gmt":"2026-03-18T06:04:52","guid":{"rendered":"https:\/\/soydeaqui.ddns.net\/pachuca\/index.php\/producto\/ax-pro-detector-pir-inalambrico-de-doble-tecnologia-inmunidad-a-mascotas-rango-de-deteccion-de-12-mts-angulo-de-85-9-de-cobertura-montaje-universal\/"},"modified":"2026-03-18T06:04:52","modified_gmt":"2026-03-18T06:04:52","slug":"ax-pro-detector-pir-inalambrico-de-doble-tecnologia-inmunidad-a-mascotas-rango-de-deteccion-de-12-mts-angulo-de-85-9-de-cobertura-montaje-universal","status":"publish","type":"product","link":"https:\/\/soydeaqui.ddns.net\/pachuca\/index.php\/producto\/ax-pro-detector-pir-inalambrico-de-doble-tecnologia-inmunidad-a-mascotas-rango-de-deteccion-de-12-mts-angulo-de-85-9-de-cobertura-montaje-universal\/","title":{"rendered":"(AX PRO) Detector PIR Inal\u00e1mbrico de Doble Tecnolog\u00eda \/ Inmunidad a Mascotas \/ Rango de Detecci\u00f3n de 12 mts \/ Angulo de 85.9\u00b0 de Cobertura + Montaje Universal"},"content":{"rendered":"<div style='width: 100%; max-width: 1200px; margin: 0 auto; font-family: sans-serif; line-height: 1.6; color: inherit; background-color: transparent;'> <!-- Logo --> <\/p>\n<div style='text-align: center; margin: 30px 0;'> <img style='width: 45%; height: auto; border: 1px solid rgba(150&comma;150&comma;150&comma;0.3); border-radius: 8px;' src='https:\/\/ftp3.syscom.mx\/usuarios\/jsosa\/HIKVISION\/imagenes\/logo\/hikvision%20see%20far.png' alt='Logo Hikvision'> <\/div>\n<p> <!-- Video principal --> <\/p>\n<div style='margin: 30px 0;'>\n<h3 style='text-align: center; font-size: 20px; color: inherit; margin-bottom: 15px;'>Conoce la serie AX PRO de alarmas Hikvision<\/h3>\n<div style='position: relative; padding-bottom: 56.25%; height: 0; overflow: hidden;'>   <\/div>\n<\/p><\/div>\n<p> <!-- Consideraciones --> <\/p>\n<div style='margin: 30px 0;'>\n<div style='border-left: 5px solid #ff0000; border-radius: 5px; padding: 15px; background-color: rgba(200&comma;200&comma;200&comma;0.1);'>\n<h4 style='margin-top: 0; color: inherit;'><strong>Consideraciones:<\/strong><\/h4>\n<ul style='padding-left: 20px; font-size: 14px; color: inherit;'>\n<li>Las distancias de comunicaci\u00f3n entre los sensores y el panel pueden variar en cada instalaci\u00f3n por cuestiones como: ruido ambiental&comma; materiales y grosor de los muros&comma; ruido digital&comma; etc.<\/li>\n<\/ul><\/div>\n<\/p><\/div>\n<p> <!-- Videos secundarios --> <\/p>\n<div style='margin: 30px 0;'>\n<div style='display: flex; flex-wrap: wrap; gap: 20px;'>\n<div style='flex: 1 1 300px; min-width: 280px;'>\n<h4 style='text-align: center; font-size: 18px; color: inherit; margin-bottom: 15px;'>Configuraci\u00f3n de la alarma AX PRO de Hikvision<\/h4>\n<div style='position: relative; padding-bottom: 56.25%; height: 0; overflow: hidden;'>   <\/div>\n<\/p><\/div>\n<div style='flex: 1 1 300px; min-width: 280px;'>\n<h4 style='text-align: center; font-size: 18px; color: inherit; margin-bottom: 15px;'>Bienvenido al futuro con AX PRO Hikvision<\/h4>\n<div style='position: relative; padding-bottom: 56.25%; height: 0; overflow: hidden;'>   <\/div>\n<\/p><\/div>\n<div style='flex: 1 1 300px; min-width: 280px;'>\n<h4 style='text-align: center; font-size: 18px; color: inherit; margin-bottom: 15px;'>Sistema Robusto contra Intrusiones AX PRO<\/h4>\n<div style='position: relative; padding-bottom: 56.25%; height: 0; overflow: hidden;'>   <\/div>\n<\/p><\/div>\n<\/p><\/div>\n<\/p><\/div>\n<p> <!-- Informaci\u00f3n del producto --> <\/p>\n<div style='margin: 30px 0; text-align: center;'>\n<h1 style='color: inherit; font-size: 24px; margin: 10px 0;'>DS-PDD12P-EG2-WB\/UB<\/h1>\n<h3 style='color: inherit; font-size: 20px; margin: 10px 0;'>KIT incluye:<\/h3>\n<p style='margin: 5px 0;'><a style='color: inherit; text-decoration: none;' href='https:\/\/www.syscom.mx\/producto\/DS-PDD12P-EG2-WB-HIKVISION-189604.html' target='_blank' rel='noopener'>1 x DS-PDD12P-EG2-WB<\/a><\/p>\n<p style='margin: 5px 0;'><a style='color: inherit; text-decoration: none;' href='https:\/\/www.syscom.mx\/producto\/DS-PDB-IN-U-HIKVISION-207035.html' target='_blank' rel='noopener'>1 x DS-PDB-IN-U<\/a><\/p>\n<\/p><\/div>\n<p> <!-- Productos AX PRO --> <\/p>\n<div style='margin: 30px 0;'>\n<div style='display: flex; flex-wrap: wrap; gap: 30px;'>\n<div style='flex: 1 1 300px; min-width: 280px;'>\n<div style='margin: 15px 0;'>\n<div style='background-color: rgba(200&comma;200&comma;200&comma;0.1); text-align: center; padding: 10px;'> <a style='color: inherit; text-decoration: none;' href='https:\/\/www.syscom.mx\/producto\/DS-PDD12P-EG2-WB-HIKVISION-189604.html' target='_blank' rel='noopener'> <img style='width: 100%; height: auto; border: 1px solid rgba(150&comma;150&comma;150&comma;0.3); border-radius: 8px; max-width: 400px; margin: 0 auto;' src='https:\/\/ftp3.syscom.mx\/usuarios\/fotos\/BancoFotografiasSyscom\/HIKVISION\/DSPDD12PEG2WB\/DSPDD12PEG2WB-p.PNG' alt='DS-PDD12P-EG2-WB'> <\/a> <\/div>\n<div style='border-top: 5px solid #DF001D; padding: 15px;'>\n<h4 style='margin-top: 0; color: inherit; font-size: 16px;'> <a style='color: inherit; text-decoration: none;' href='https:\/\/www.syscom.mx\/producto\/DS-PDD12P-EG2-WB-HIKVISION-189604.html' target='_blank' rel='noopener'>DS-PDD12P-EG2-WB<\/a> <\/h4>\n<h4 style='color: inherit; font-size: 14px; margin: 10px 0 5px; opacity: 0.8;'>Caracter\u00edsticas:<\/h4>\n<ul style='padding-left: 20px; font-size: 14px; color: inherit;'>\n<li>Rango de detecci\u00f3n: 12 m.<\/li>\n<li>\u00c1ngulo de detecci\u00f3n: 85.9\u00b0<\/li>\n<li>Voltaje de Operaci\u00f3n: 2 x <a style='color: inherit; text-decoration: underline;' href='https:\/\/www.syscom.mx\/producto\/CR123A-EPCOM-POWERLINE-13896.html' target='_blank' rel='noopener'>CR123A<\/a> (Incluida).<\/li>\n<\/ul><\/div>\n<\/p><\/div>\n<\/p><\/div>\n<div style='flex: 1 1 300px; min-width: 280px;'>\n<div style='margin: 15px 0;'>\n<div style='background-color: rgba(200&comma;200&comma;200&comma;0.1); text-align: center; padding: 10px;'> <a style='color: inherit; text-decoration: none;' href='https:\/\/www.syscom.mx\/producto\/DS-PDB-IN-U-HIKVISION-207035.html' target='_blank' rel='noopener'> <img style='width: 100%; height: auto; border: 1px solid rgba(150&comma;150&comma;150&comma;0.3); border-radius: 8px; max-width: 400px; margin: 0 auto;' src='https:\/\/ftp3.syscom.mx\/usuarios\/fotos\/BancoFotografiasSyscom\/HIKVISION\/DSPDBINU\/DSPDBINU-p.PNG' alt='DS-PDB-IN-U'> <\/a> <\/div>\n<div style='border-top: 5px solid #DF001D; padding: 15px;'>\n<h4 style='margin-top: 0; color: inherit; font-size: 16px;'> <a style='color: inherit; text-decoration: none;' href='https:\/\/www.syscom.mx\/producto\/DS-PDB-IN-U-HIKVISION-207035.html' target='_blank' rel='noopener'>DS-PDB-IN-U<\/a> <\/h4>\n<h4 style='color: inherit; font-size: 14px; margin: 10px 0 5px; opacity: 0.8;'>Caracter\u00edsticas:<\/h4>\n<ul style='padding-left: 20px; font-size: 14px; color: inherit;'>\n<li>Dimensiones: 29.3 x 53.2 x 35.5 mm<\/li>\n<li>Peso: 13 gramos.<\/li>\n<li>Instalaci\u00f3n en pared o techo.<\/li>\n<\/ul><\/div>\n<\/p><\/div>\n<\/p><\/div>\n<\/p><\/div>\n<\/p><\/div>\n<p> <!-- Diagrama Familia AX PRO --> <\/p>\n<div style='margin: 30px 0; text-align: center;'>\n<h2 style='font-size: 20px; color: inherit; margin-bottom: 15px;'>Linea de Productos AX PRO<\/h2>\n<p> <a style='display: inline-block;' href='https:\/\/www.syscom.mx\/principal\/listadoproductosazul\/intrusion-hikvision-paneles-de-alarma-y-accesorios-ax-pro-series-66286.html?ordenar=Precio_de_Menor_a_Mayor&#038;pag=1' target='_blank' rel='noopener'> <img style='width: 100%; height: auto; border: 1px solid rgba(150&comma;150&comma;150&comma;0.3); border-radius: 8px;' src='https:\/\/ftp3.syscom.mx\/usuarios\/jsosa\/HIKVISION\/alarmas\/AXPPRO\/banner\/AX%20PRO%20disgramas-hikvision.jpg' alt='Diagrama Familia AX PRO'> <\/a> <\/div>\n<p> <!-- Serie AX PRO --> <\/p>\n<div style='margin: 30px 0;'>\n<div style='display: flex; flex-wrap: wrap; gap: 30px;'>\n<div style='flex: 1 1 300px; min-width: 280px;'> <a style='display: block;' href='https:\/\/www.syscom.mx\/principal\/listadoproductosazul\/intrusion-hikvision-paneles-de-alarma-y-accesorios-ax-pro-series-66286.html?ordenar=Precio_de_Menor_a_Mayor&#038;pag=1' target='_blank' rel='noopener'> <img style='width: 100%; height: auto; border: 1px solid rgba(150&comma;150&comma;150&comma;0.3); border-radius: 8px;' src='https:\/\/ftp3.syscom.mx\/usuarios\/jsosa\/HIKVISION\/alarmas\/AXPPRO\/Serie%20AXPRO.png' alt='Serie AX PRO'> <\/a> <\/div>\n<div style='flex: 1 1 300px; min-width: 280px;'>\n<h2 style='font-size: 20px; color: inherit; margin-top: 0;'>Serie AX PRO<\/h2>\n<p>\u00bfNecesita proteger su hogar&comma; oficina o tienda?<\/p>\n<p>\u00bfCansado de tantos cables y mucho tiempo de instalaci\u00f3n?<\/p>\n<p>\u00a1Utilice una soluci\u00f3n de alarma inal\u00e1mbrica profesional!<\/p>\n<p>Conozca todos los dispositivos que pueden integrar en la Serie AX PRO dando clic <a style='color: inherit; text-decoration: underline;' href='https:\/\/www.syscom.mx\/principal\/listadoproductosazul\/intrusion-hikvision-paneles-de-alarma-y-accesorios-ax-pro-series-66286.html?ordenar=Precio_de_Menor_a_Mayor&#038;pag=1' target='_blank' rel='noopener'>aqu\u00ed<\/a>.<\/p>\n<\/p><\/div>\n<\/p><\/div>\n<\/p><\/div>\n<p> <!-- Videos de configuraci\u00f3n --> <\/p>\n<div style='margin: 30px 0;'>\n<div style='display: flex; flex-wrap: wrap; gap: 30px;'>\n<div style='flex: 1 1 300px; min-width: 280px;'>\n<h3 style='text-align: center; font-size: 18px; color: inherit; margin-bottom: 15px;'>Alta del panel AX PRO en aplicaci\u00f3n Hik-Connect<\/h3>\n<div style='position: relative; padding-bottom: 56.25%; height: 0; overflow: hidden;'>   <\/div>\n<\/p><\/div>\n<div style='flex: 1 1 300px; min-width: 280px;'>\n<h3 style='text-align: center; font-size: 18px; color: inherit; margin-bottom: 15px;'>Reset del panel AX PRO por medio de bot\u00f3n<\/h3>\n<div style='position: relative; padding-bottom: 56.25%; height: 0; overflow: hidden;'>   <\/div>\n<\/p><\/div>\n<\/p><\/div>\n<\/p><\/div>\n<p> <!-- Videos de verificaci\u00f3n --> <\/p>\n<div style='margin: 30px 0;'>\n<div style='display: flex; flex-wrap: wrap; gap: 30px;'>\n<div style='flex: 1 1 300px; min-width: 280px;'>\n<h3 style='text-align: center; font-size: 18px; color: inherit; margin-bottom: 15px;'>Video Verificaci\u00f3n con PIR con C\u00e1mara DS-PDPC12P-EG2-WB<\/h3>\n<div style='position: relative; padding-bottom: 56.25%; height: 0; overflow: hidden;'>   <\/div>\n<\/p><\/div>\n<div style='flex: 1 1 300px; min-width: 280px;'>\n<h3 style='text-align: center; font-size: 18px; color: inherit; margin-bottom: 15px;'>Vinculo de Sensor Magn\u00e9tico con C\u00e1mara IP<\/h3>\n<div style='position: relative; padding-bottom: 56.25%; height: 0; overflow: hidden;'>   <\/div>\n<\/p><\/div>\n<\/p><\/div>\n<\/p><\/div>\n<p> <!-- Diagrama de aplicaci\u00f3n --> <\/p>\n<div style='margin: 30px 0; text-align: center;'>\n<h2 style='font-size: 20px; color: inherit; margin-bottom: 15px;'>DIAGRAMA DE APLICACI\u00d3N<\/h2>\n<p> <img style='width: 100%; height: auto; border: 1px solid rgba(150&comma;150&comma;150&comma;0.3); border-radius: 8px;' src='https:\/\/ftp3.syscom.mx\/usuarios\/jsosa\/HIKVISION\/alarmas\/AXPPRO\/banner\/diagrama%20AX%20Pro.png' alt='Diagrama de Aplicaci\u00f3n'> <\/div>\n<p> <!-- Novedades --> <\/p>\n<h2 style='text-align: center; font-size: 20px; color: inherit; margin: 30px 0 15px;'>NOVEDADES DE LA SERIE AX-PRO<\/h2>\n<p> <!-- Repetidor --> <\/p>\n<div style='margin: 30px 0;'>\n<div style='display: flex; flex-wrap: wrap; gap: 30px;'>\n<div style='flex: 1 1 300px; min-width: 280px;'> <a style='display: block;' href='https:\/\/www.syscom.mx\/producto\/DS-PR1-WB-HIKVISION-191817.html' target='_blank' rel='noopener'> <img style='width: 100%; height: auto; border: 1px solid rgba(150&comma;150&comma;150&comma;0.3); border-radius: 8px; margin: 0 auto; display: block;' src='https:\/\/ftp3.syscom.mx\/usuarios\/fotos\/BancoFotografiasSyscom\/HIKVISION\/DSPR1WB\/DSPR1WB-p.PNG' alt='DS-PR1-WB'> <\/a> <\/div>\n<div style='flex: 1 1 300px; min-width: 280px;'>\n<h3 style='font-size: 18px; color: inherit; margin-top: 0;'>REPETIDOR DE SE\u00d1AL <a style='color: inherit; text-decoration: underline;' href='https:\/\/www.syscom.mx\/producto\/DS-PR1-WB-HIKVISION-191817.html' target='_blank' rel='noopener'>DS-PR1-WB<\/a><\/h3>\n<p style='margin: 10px 0;'><strong>Extiende la se\u00f1al de los dispositivos de la serie AXPRO<\/strong><\/p>\n<p style='margin: 10px 0;'>Recibe mensajes de alarma&comma; estado y control de los dispositivos y repite estos mensajes al panel de control.<\/p>\n<ul style='padding-left: 20px; font-size: 14px; color: inherit;'>\n<li style='margin: 5px 0;'><strong>Comunicaci\u00f3n inal\u00e1mbrica bidireccional de 433 MHz<\/strong> estable y segura.<\/li>\n<li style='margin: 5px 0;'><strong>Indicador LED<\/strong>&comma; muestra los diferentes estatus del dispositivo con f\u00e1cil comprensi\u00f3n.<\/li>\n<li style='margin: 5px 0;'><strong>Hasta 35 horas de respaldo de bater\u00eda<\/strong> despu\u00e9s de la p\u00e9rdida energ\u00eda principal.<\/li>\n<li style='margin: 5px 0;'><strong>Encuentra y conecta detectores autom\u00e1ticamente<\/strong>&comma; emparejamiento autom\u00e1tico inteligente.<\/li>\n<li style='margin: 5px 0;'><strong>F\u00e1cil instalaci\u00f3n<\/strong> debido nuevo dise\u00f1ado.<\/li>\n<\/ul><\/div>\n<\/p><\/div>\n<\/p><\/div>\n<p> <!-- PIR con c\u00e1mara --> <\/p>\n<div style='margin: 30px 0;'>\n<div style='display: flex; flex-wrap: wrap; gap: 30px;'>\n<div style='flex: 1 1 300px; min-width: 280px;'>\n<h3 style='font-size: 18px; color: inherit; margin-top: 0;'><a style='color: inherit; text-decoration: none;' href='https:\/\/www.syscom.mx\/producto\/DS-PDPC12P-EG2-WB-HIKVISION-189862.html' target='_blank' rel='noopener'>DETECTOR PIR CON CAMARA INALAMBRICO DS-PDPC12P-EG2-WB<\/a><\/h3>\n<p style='margin: 10px 0;'>Detector inal\u00e1mbrico bidireccional totalmente supervisado con c\u00e1mara incorporada de alta calidad que puede proporcionar una soluci\u00f3n ideal para la verificaci\u00f3n de video.<\/p>\n<ul style='padding-left: 20px; font-size: 14px; color: inherit;'>\n<li style='margin: 5px 0;'><strong>Rango de detecci\u00f3n:<\/strong> 12 m.<\/li>\n<li style='margin: 5px 0;'><strong>\u00c1ngulo de detecci\u00f3n:<\/strong> 85.9\u00b0.<\/li>\n<li style='margin: 5px 0;'><strong>Inmunidad contra mascotas:<\/strong> 30Kg.<\/li>\n<li style='margin: 5px 0;'><strong>Resoluci\u00f3n m\u00e1xima de la c\u00e1mara:<\/strong> 640 x 480.<\/li>\n<li style='margin: 5px 0;'><strong>Voltaje de Operaci\u00f3n:<\/strong> 3 x <a style='color: inherit; text-decoration: underline;' href='https:\/\/www.syscom.mx\/producto\/CR123A-EPCOM-POWERLINE-13896.html' target='_blank' rel='noopener'>CR123A<\/a> (Incluida).<\/li>\n<li style='margin: 5px 0;'><strong>Tiempo \u00fatil de la bater\u00eda:<\/strong> 6 a\u00f1os<\/li>\n<li style='margin: 5px 0;'><strong>Tamper antisabotaje.<\/strong><\/li>\n<\/ul><\/div>\n<div style='flex: 1 1 300px; min-width: 280px;'> <a style='display: block;' href='https:\/\/www.syscom.mx\/producto\/DS-PDPC12P-EG2-WB-HIKVISION-189862.html' target='_blank' rel='noopener'> <img style='width: 100%; height: auto; border: 1px solid rgba(150&comma;150&comma;150&comma;0.3); border-radius: 8px; margin: 0 auto; display: block;' src='https:\/\/ftp3.syscom.mx\/usuarios\/fotos\/BancoFotografiasSyscom\/HIKVISION\/DSPDPC12PEG2WB\/DSPDPC12PEG2WB-p.PNG' alt='DS-PDPC12P-EG2-WB'> <\/a> <\/div>\n<\/p><\/div>\n<\/p><\/div>\n<p> <!-- Accesorios para automatizaci\u00f3n --> <\/p>\n<h2 style='text-align: center; font-size: 20px; color: inherit; margin: 30px 0 15px;'>ACCESORIOS PARA AUTOMATIZAR:<\/h2>\n<p> <!-- Accesorio 1 --> <\/p>\n<div style='margin: 30px 0;'>\n<div style='display: flex; flex-wrap: wrap; gap: 30px;'>\n<div style='flex: 1 1 300px; min-width: 280px;'>\n<div style='text-align: center; margin-bottom: 15px;'> <a style='display: inline-block;' href='https:\/\/www.syscom.mx\/producto\/DS-PM1-O1H-WB-HIKVISION-191822.html' target='_blank' rel='noopener'> <img style='width: 60%; height: auto; border: 1px solid rgba(150&comma;150&comma;150&comma;0.3); border-radius: 8px;' src='https:\/\/ftp3.syscom.mx\/usuarios\/fotos\/BancoFotografiasSyscom\/HIKVISION\/DSPM1O1HWB\/DSPM1O1HWB-p.PNG' alt='DS-PM1-O1H-WB'> <\/a> <\/div>\n<h4 style='font-size: 18px; color: inherit; margin-top: 0;'><a style='color: inherit; text-decoration: none;' href='https:\/\/www.syscom.mx\/producto\/DS-PM1-O1H-WB-HIKVISION-191822.html' target='_blank' rel='noopener'>DS-PM1-O1H-WB<\/a><\/h4>\n<ul style='padding-left: 20px; font-size: 14px; color: inherit;'>\n<li style='margin: 5px 0;'><strong>Comunicaci\u00f3n inal\u00e1mbrica bidireccional de 433 MHz<\/strong> \/ Cifrado AES-128.<\/li>\n<li style='margin: 5px 0;'><strong>Pantalla LED<\/strong>&comma; muestra el estado del dispositivo: encendido \/ apagado.<\/li>\n<li style='margin: 5px 0;'><strong>Dise\u00f1o de caja peque\u00f1a<\/strong>&comma; que se puede esconder f\u00e1cilmente.<\/li>\n<li style='margin: 5px 0;'><strong>Operaci\u00f3n de automatizaci\u00f3n<\/strong>&comma; bot\u00f3n de encendido\/apagado desde: aplicaci\u00f3n \/ control \/ teclado<\/li>\n<li style='margin: 5px 0;'><strong>Configuraci\u00f3n de escenarios<\/strong> por diferentes eventos.<\/li>\n<li style='margin: 5px 0;'><strong>1 Salida de relevador:<\/strong> NO\/NC (100 a 240 VAC \/ Max. 13 A)<\/li>\n<li style='margin: 5px 0;'><strong>Voltaje de Operaci\u00f3n:<\/strong> 100 VCA a 240 VCA.<\/li>\n<li style='margin: 5px 0;'><strong>Temperatura de operaci\u00f3n:<\/strong> -10\u00b0 a 55\u00b0C.<\/li>\n<\/ul><\/div>\n<div style='flex: 1 1 300px; min-width: 280px;'>\n<div style='text-align: center; margin-bottom: 15px;'> <a style='display: inline-block;' href='https:\/\/www.syscom.mx\/producto\/DS-PM1-O1L-WB-HIKVISION-191819.html' target='_blank' rel='noopener'> <img style='width: 60%; height: auto; border: 1px solid rgba(150&comma;150&comma;150&comma;0.3); border-radius: 8px;' src='https:\/\/ftp3.syscom.mx\/usuarios\/fotos\/BancoFotografiasSyscom\/HIKVISION\/DSPM1O1LWB\/DSPM1O1LWB-p.PNG' alt='DS-PM1-O1L-WB'> <\/a> <\/div>\n<h4 style='font-size: 18px; color: inherit; margin-top: 0;'><a style='color: inherit; text-decoration: none;' href='https:\/\/www.syscom.mx\/producto\/DS-PM1-O1L-WB-HIKVISION-191819.html' target='_blank' rel='noopener'>DS-PM1-O1L-WB<\/a><\/h4>\n<ul style='padding-left: 20px; font-size: 14px; color: inherit;'>\n<li style='margin: 5px 0;'><strong>Comunicaci\u00f3n inal\u00e1mbrica bidireccional de 433 MHz<\/strong> \/ Cifrado AES-128.<\/li>\n<li style='margin: 5px 0;'><strong>Pantalla LED<\/strong>&comma; muestra el estado del dispositivo: encendido \/ apagado.<\/li>\n<li style='margin: 5px 0;'><strong>Dise\u00f1o de caja peque\u00f1a<\/strong>&comma; que se puede esconder f\u00e1cilmente.<\/li>\n<li style='margin: 5px 0;'><strong>Operaci\u00f3n de automatizaci\u00f3n<\/strong>&comma; bot\u00f3n de encendido\/apagado desde: aplicaci\u00f3n \/ control \/ teclado<\/li>\n<li style='margin: 5px 0;'><strong>Configuraci\u00f3n de escenarios<\/strong> por diferentes eventos<\/li>\n<li style='margin: 5px 0;'><strong>Usando la entrada de alarma<\/strong>&comma; se puede utilizar como entrada de zona para el panel.<\/li>\n<li style='margin: 5px 0;'><strong>1 Salida de relevador:<\/strong> NO\/NC (0 a 36Vcc \/ Max. 5 A).<\/li>\n<li style='margin: 5px 0;'><strong>1 Entrada de alarma:<\/strong> NO\/NC.<\/li>\n<li style='margin: 5px 0;'><strong>Voltaje de Operaci\u00f3n:<\/strong> 7Vcc a 24 Vcc.<\/li>\n<li style='margin: 5px 0;'><strong>Temperatura de operaci\u00f3n:<\/strong> -10\u00b0 a 55\u00b0C.<\/li>\n<\/ul><\/div>\n<\/p><\/div>\n<\/p><\/div>\n<p> <!-- Recursos Hikvision --> <\/p>\n<div style='margin: 30px 0;'>\n<h2 style='text-align: center; font-size: 20px; color: inherit; margin: 20px 0 10px;'>Recursos<\/h2>\n<div style='display: flex; flex-wrap: wrap; gap: 20px;'>\n<div style='flex: 1 1 300px; min-width: 280px;'> <a style='display: block;' href='https:\/\/www.hikvision.com\/es-la\/support\/download\/software\/ivms4200-series\/?q=serie%20ivms4200&#038;position=1' target='_blank' rel='noopener'> <img style='width: 100%; height: auto; border: 1px solid rgba(150&comma;150&comma;150&comma;0.3); border-radius: 8px;' src='https:\/\/ftp3.syscom.mx\/usuarios\/gmagos\/HIK\/IP\/IPC\/Imagenes%20pagina\/Descargas%20IVMS4200.jpg' alt='IVMS4200'> <\/a> <\/div>\n<div style='flex: 1 1 300px; min-width: 280px;'> <a style='display: block;' href='https:\/\/appstore.hikvision.com\/' target='_blank' rel='noopener'> <img style='width: 100%; height: auto; border: 1px solid rgba(150&comma;150&comma;150&comma;0.3); border-radius: 8px;' src='https:\/\/ftp3.syscom.mx\/usuarios\/gmagos\/HIK\/IP\/IPC\/Imagenes%20pagina\/Descargas%20de%20app.jpg' alt='App Store Hikvision'> <\/a> <\/div>\n<div style='flex: 1 1 300px; min-width: 280px;'> <a style='display: block;' href='https:\/\/ftp3.syscom.mx\/usuarios\/jsosa\/HIKVISION\/alarmas\/AXPPRO\/DSPWA48MWB\/DS-PWA48-M-WB.pdf' target='_blank' rel='noopener'> <img style='width: 100%; height: auto; border: 1px solid rgba(150&comma;150&comma;150&comma;0.3); border-radius: 8px;' src='https:\/\/ftp3.syscom.mx\/usuarios\/gmagos\/HIK\/IP\/IPC\/Imagenes%20pagina\/Descarga%20de%20PDF.jpg' alt='Manual PDF'> <\/a> <\/div>\n<\/p><\/div>\n<\/p><\/div>\n<p> <!-- Banner final --> <\/p>\n<div style='margin: 30px 0; text-align: center;'> <a style='display: inline-block;' href='https:\/\/www.syscom.mx\/principal\/promociones\/serie_ax_pro_alarmas_hikvision-5416.html?ordenar=Relevancia&#038;pag=1' target='_blank' rel='noopener'> <img style='width: 100%; height: auto; border: 1px solid rgba(150&comma;150&comma;150&comma;0.3); border-radius: 8px;' src='https:\/\/ftp3.syscom.mx\/usuarios\/jsosa\/HIKVISION\/alarmas\/AXPPRO\/banner\/HIKVISION-AXPRO-SERIES.jpg' alt='Serie AX PRO'> <\/a> <\/div>\n<\/p><\/div>\n","protected":false},"excerpt":{"rendered":"<p>(AX PRO) Detector PIR Inal\u00e1mbrico de Doble Tecnolog\u00eda \/ Inmunidad a Mascotas \/ Rango de Detecci\u00f3n de 12 mts \/ Angulo de 85.9\u00b0 de Cobertura + Montaje Universal<\/p>\n","protected":false},"featured_media":3122,"comment_status":"open","ping_status":"closed","template":"","meta":[],"product_brand":[],"product_cat":[68],"product_tag":[70,54,69],"class_list":{"0":"post-3123","1":"product","2":"type-product","3":"status-publish","4":"has-post-thumbnail","6":"product_cat-ax-pro-series","7":"product_tag-ax-pro-series","8":"product_tag-hikvision","9":"product_tag-paneles-de-alarma-y-accesorios-hikvision","11":"first","12":"instock","13":"sale","14":"shipping-taxable","15":"purchasable","16":"product-type-simple"},"_links":{"self":[{"href":"https:\/\/soydeaqui.ddns.net\/pachuca\/index.php\/wp-json\/wp\/v2\/product\/3123","targetHints":{"allow":["GET"]}}],"collection":[{"href":"https:\/\/soydeaqui.ddns.net\/pachuca\/index.php\/wp-json\/wp\/v2\/product"}],"about":[{"href":"https:\/\/soydeaqui.ddns.net\/pachuca\/index.php\/wp-json\/wp\/v2\/types\/product"}],"replies":[{"embeddable":true,"href":"https:\/\/soydeaqui.ddns.net\/pachuca\/index.php\/wp-json\/wp\/v2\/comments?post=3123"}],"wp:featuredmedia":[{"embeddable":true,"href":"https:\/\/soydeaqui.ddns.net\/pachuca\/index.php\/wp-json\/wp\/v2\/media\/3122"}],"wp:attachment":[{"href":"https:\/\/soydeaqui.ddns.net\/pachuca\/index.php\/wp-json\/wp\/v2\/media?parent=3123"}],"wp:term":[{"taxonomy":"product_brand","embeddable":true,"href":"https:\/\/soydeaqui.ddns.net\/pachuca\/index.php\/wp-json\/wp\/v2\/product_brand?post=3123"},{"taxonomy":"product_cat","embeddable":true,"href":"https:\/\/soydeaqui.ddns.net\/pachuca\/index.php\/wp-json\/wp\/v2\/product_cat?post=3123"},{"taxonomy":"product_tag","embeddable":true,"href":"https:\/\/soydeaqui.ddns.net\/pachuca\/index.php\/wp-json\/wp\/v2\/product_tag?post=3123"}],"curies":[{"name":"wp","href":"https:\/\/api.w.org\/{rel}","templated":true}]}}