{"id":31195,"date":"2026-03-18T14:05:17","date_gmt":"2026-03-18T14:05:17","guid":{"rendered":"https:\/\/soydeaqui.ddns.net\/pachuca\/index.php\/producto\/teclado-exterior-interior-antivandalico-3-relevadores-salida-wiegand-1200-usuarios-lector-de-proximidad\/"},"modified":"2026-03-18T14:05:24","modified_gmt":"2026-03-18T14:05:24","slug":"teclado-exterior-interior-antivandalico-3-relevadores-salida-wiegand-1200-usuarios-lector-de-proximidad","status":"publish","type":"product","link":"https:\/\/soydeaqui.ddns.net\/pachuca\/index.php\/producto\/teclado-exterior-interior-antivandalico-3-relevadores-salida-wiegand-1200-usuarios-lector-de-proximidad\/","title":{"rendered":"Teclado Exterior\/Interior Antivand\u00e1lico, 3 Relevadores, Salida Wiegand, 1200 Usuarios, Lector de Proximidad"},"content":{"rendered":"<div style='width: 100%; max-width: 1200px; margin: 0 auto; font-family: sans-serif; line-height: 1.6; color: inherit; background-color: transparent;'> <!-- Descripci\u00f3n principal --> <\/p>\n<div style='margin-bottom: 30px;'>\n<p style='color: inherit; font-size: 15px; margin: 0 0 15px 0; padding: 0;'> La serie ProKeypad es la combinaci\u00f3n de un teclado industrial robusto con una tarjeta de control para uso continuo por largos periodos de tiempo. <\/p>\n<p style='color: inherit; font-size: 15px; margin: 0 0 15px 0; padding: 0;'> Dise\u00f1os exclusivos de alt\u00edsima calidad y confiabilidad&comma; completos en funciones y extremadamente elegantes hacen a la serie ProKeypad la elecci\u00f3n segura para expertos en seguridad. <\/p>\n<\/p><\/div>\n<p> <!-- Secci\u00f3n de caracter\u00edsticas principales --> <\/p>\n<div style='display: flex; flex-wrap: wrap; gap: 30px; margin-bottom: 30px;'>\n<div style='flex: 1 1 300px; min-width: 280px;'>\n<h3 style='font-size: 22px; border-bottom: 2px solid currentColor; padding-bottom: 5px; margin-top: 0; color: inherit; opacity: 0.8;'>M\u00e9todos de acceso<\/h3>\n<ul style='padding-left: 20px; font-size: 15px; color: inherit; list-style-type: disc;'>\n<li style='margin-bottom: 5px;'>Contrase\u00f1a<\/li>\n<li style='margin-bottom: 5px;'>Tarjeta<\/li>\n<li style='margin-bottom: 5px;'>Tarjeta + Contrase\u00f1a<\/li>\n<\/ul><\/div>\n<div style='flex: 1 1 300px; min-width: 280px;'>\n<h3 style='font-size: 22px; border-bottom: 2px solid currentColor; padding-bottom: 5px; margin-top: 0; color: inherit; opacity: 0.8;'>Caracter\u00edsticas f\u00edsicas<\/h3>\n<ul style='padding-left: 20px; font-size: 15px; color: inherit; list-style-type: disc;'>\n<li style='margin-bottom: 5px;'>Para montaje en pared (incluye montaje)<\/li>\n<li style='margin-bottom: 5px;'>Luz posterior en los botones<\/li>\n<li style='margin-bottom: 5px;'>Antivand\u00e1lico<\/li>\n<li style='margin-bottom: 5px;'>Placa de acero inoxidable<\/li>\n<li style='margin-bottom: 5px;'>Switch Tamper interconstruido<\/li>\n<\/ul><\/div>\n<div style='flex: 1 1 300px; min-width: 280px;'>\n<h3 style='font-size: 22px; border-bottom: 2px solid currentColor; padding-bottom: 5px; margin-top: 0; color: inherit; opacity: 0.8;'>Especificaciones t\u00e9cnicas<\/h3>\n<ul style='padding-left: 20px; font-size: 15px; color: inherit; list-style-type: disc;'>\n<li style='margin-bottom: 5px;'>Voltaje de operaci\u00f3n: 12 &#8211; 24 Vcc autoajustable (fuente no incluida)<\/li>\n<li style='margin-bottom: 5px;'>Dimensiones: 156 x 103 x 50\/70 mm&comma; 1.03 kg<\/li>\n<li style='margin-bottom: 5px;'>Salida Wiegand compatible con paneles AccessPRO<\/li>\n<li style='margin-bottom: 5px;'>2 entradas (Rex y sensor de puerta)<\/li>\n<li style='margin-bottom: 5px;'>3 salidas de relevador (1 por grupo)<\/li>\n<li style='margin-bottom: 5px;'>Tarjetas de proximidad compatibles: ATR11&comma; ATR14<\/li>\n<\/ul><\/div>\n<div style='flex: 1 1 300px; min-width: 280px;'>\n<h3 style='font-size: 22px; border-bottom: 2px solid currentColor; padding-bottom: 5px; margin-top: 0; color: inherit; opacity: 0.8;'>Gesti\u00f3n de usuarios<\/h3>\n<ul style='padding-left: 20px; font-size: 15px; color: inherit; list-style-type: disc;'>\n<li style='margin-bottom: 5px;'>Soporta 1&comma;200 usuarios divididos en 3 grupos de acceso<\/li>\n<li style='margin-bottom: 5px;'>Grupo 1: 1&comma;000 usuarios<\/li>\n<li style='margin-bottom: 5px;'>Grupo 2: 100 usuarios<\/li>\n<li style='margin-bottom: 5px;'>Grupo 3: 100 usuarios<\/li>\n<\/ul><\/div>\n<\/p><\/div>\n<p> <!-- Secci\u00f3n de funciones adicionales --> <\/p>\n<div style='margin-bottom: 30px;'>\n<h3 style='font-size: 22px; border-bottom: 2px solid currentColor; padding-bottom: 5px; margin-top: 0; color: inherit; opacity: 0.8;'>Funciones adicionales<\/h3>\n<ul style='padding-left: 20px; font-size: 15px; color: inherit; list-style-type: disc;'>\n<li style='margin-bottom: 5px;'>Funci\u00f3n esclusa (requiere 2 PROKEYPAD)<\/li>\n<li style='margin-bottom: 5px;'>Funci\u00f3n de visitantes (programe usuarios v\u00e1lidos por cierto per\u00edodo de tiempo)<\/li>\n<\/ul><\/div>\n<p> <!-- Video tutorial --> <\/p>\n<div style='margin-bottom: 30px;'>\n<div style='position: relative; padding-bottom: 56.25%; height: 0; overflow: hidden; margin-bottom: 30px;'>   <\/div>\n<\/p><\/div>\n<p> <!-- Notas importantes --> <\/p>\n<div style='margin-bottom: 30px;'>\n<h3 style='font-size: 22px; border-bottom: 2px solid currentColor; padding-bottom: 5px; margin-top: 0; color: inherit; opacity: 0.8;'>Notas importantes<\/h3>\n<p style='color: inherit; font-size: 15px; margin: 0 0 15px 0; padding: 0;'> <strong>NOTA:<\/strong> Para reestablecer la contrase\u00f1a utiliza 2828 en lugar de 8080. <\/p>\n<p style='color: inherit; font-size: 15px; margin: 0 0 15px 0; padding: 0;'> <strong>Teclado industrial para uso continuo<\/strong><br \/> Los teclados tradicionales no tienen la misma resistencia al uso que la l\u00ednea AccessPRO Industrial. <\/p>\n<\/p><\/div>\n<p> <!-- Garant\u00eda --> <\/p>\n<div style='margin-bottom: 30px;'>\n<h3 style='font-size: 22px; border-bottom: 2px solid currentColor; padding-bottom: 5px; margin-top: 0; color: inherit; opacity: 0.8;'>Garant\u00eda<\/h3>\n<p style='color: inherit; font-size: 15px; margin: 0; padding: 0;'>*1 A\u00f1o de Garant\u00eda<\/p>\n<\/p><\/div>\n<p> <!-- Video enlace --> <\/p>\n<div style='margin-bottom: 30px;'>\n<p style='color: inherit; font-size: 15px; margin: 0; padding: 0;'> <a href='https:\/\/www.youtube.com\/watch?v=CyW7C3pWaLU' target='_blank' rel='noopener' style='color: inherit; text-decoration: underline;'> Ver video tutorial <\/a> <\/p>\n<\/p><\/div>\n<\/p><\/div>\n","protected":false},"excerpt":{"rendered":"<p>Teclado Exterior\/Interior Antivand\u00e1lico, 3 Relevadores, Salida Wiegand, 1200 Usuarios, Lector de Proximidad<\/p>\n","protected":false},"featured_media":31194,"comment_status":"open","ping_status":"closed","template":"","meta":[],"product_brand":[],"product_cat":[835],"product_tag":[935,836,62],"class_list":{"0":"post-31195","1":"product","2":"type-product","3":"status-publish","4":"has-post-thumbnail","6":"product_cat-todos-teclados-autonomos","7":"product_tag-epcom","8":"product_tag-teclados-autonomos","9":"product_tag-todos","11":"first","12":"instock","13":"sale","14":"shipping-taxable","15":"purchasable","16":"product-type-simple"},"_links":{"self":[{"href":"https:\/\/soydeaqui.ddns.net\/pachuca\/index.php\/wp-json\/wp\/v2\/product\/31195","targetHints":{"allow":["GET"]}}],"collection":[{"href":"https:\/\/soydeaqui.ddns.net\/pachuca\/index.php\/wp-json\/wp\/v2\/product"}],"about":[{"href":"https:\/\/soydeaqui.ddns.net\/pachuca\/index.php\/wp-json\/wp\/v2\/types\/product"}],"replies":[{"embeddable":true,"href":"https:\/\/soydeaqui.ddns.net\/pachuca\/index.php\/wp-json\/wp\/v2\/comments?post=31195"}],"wp:featuredmedia":[{"embeddable":true,"href":"https:\/\/soydeaqui.ddns.net\/pachuca\/index.php\/wp-json\/wp\/v2\/media\/31194"}],"wp:attachment":[{"href":"https:\/\/soydeaqui.ddns.net\/pachuca\/index.php\/wp-json\/wp\/v2\/media?parent=31195"}],"wp:term":[{"taxonomy":"product_brand","embeddable":true,"href":"https:\/\/soydeaqui.ddns.net\/pachuca\/index.php\/wp-json\/wp\/v2\/product_brand?post=31195"},{"taxonomy":"product_cat","embeddable":true,"href":"https:\/\/soydeaqui.ddns.net\/pachuca\/index.php\/wp-json\/wp\/v2\/product_cat?post=31195"},{"taxonomy":"product_tag","embeddable":true,"href":"https:\/\/soydeaqui.ddns.net\/pachuca\/index.php\/wp-json\/wp\/v2\/product_tag?post=31195"}],"curies":[{"name":"wp","href":"https:\/\/api.w.org\/{rel}","templated":true}]}}