{"id":31172,"date":"2026-03-18T14:04:45","date_gmt":"2026-03-18T14:04:45","guid":{"rendered":"https:\/\/soydeaqui.ddns.net\/pachuca\/index.php\/producto\/lector-de-huella-sigma-lite-bio-con-lector-prox-hid-incluido-poe-ip65-aprobado-por-fbi\/"},"modified":"2026-03-18T14:04:48","modified_gmt":"2026-03-18T14:04:48","slug":"lector-de-huella-sigma-lite-bio-con-lector-prox-hid-incluido-poe-ip65-aprobado-por-fbi","status":"publish","type":"product","link":"https:\/\/soydeaqui.ddns.net\/pachuca\/index.php\/producto\/lector-de-huella-sigma-lite-bio-con-lector-prox-hid-incluido-poe-ip65-aprobado-por-fbi\/","title":{"rendered":"Lector de huella Sigma Lite BIO con lector PROX HID incluido PoE, IP65 aprobado por FBI"},"content":{"rendered":"<div style='width: 100%; max-width: 1200px; margin: 0 auto; font-family: sans-serif; line-height: 1.6; color: inherit; background-color: transparent;'>\n<div style='display: flex; flex-wrap: wrap; gap: 30px; margin-bottom: 30px;'>\n<div style='flex: 1 1 300px; min-width: 280px;'> <img style='width: 100%; height: auto; border: 1px solid rgba(150&comma;150&comma;150&comma;0.3); border-radius: 8px;' src='https:\/\/ftp3.syscom.mx\/usuarios\/hsarabia\/IDEMIA\/02.jpg' alt=''> <\/p>\n<p style='font-size: 15px; color: inherit; margin-top: 15px;'>Concebidos con el mismo nivel de detalle y rendimiento que su predecesor&comma; los terminales MorphoAccess\u00ae SIGMA Lite est\u00e1n espec\u00edficamente dise\u00f1ados para ser instalados en superficies estrechas&comma; tales como marcos de puertas de cristal o aluminio&comma; torniquetes o en la estanter\u00eda para servidores de c\u00f3mputo. Con dos dise\u00f1os y varias opciones de lectores de tarjetas&comma; hay una variedad de modelos para abordar el m\u00e1s amplio rango de escenarios&comma; tanto en interiores como en exteriores.<\/p>\n<\/p><\/div>\n<\/p><\/div>\n<div style='display: flex; flex-wrap: wrap; gap: 20px; margin-bottom: 30px;'>\n<div style='flex: 1 1 250px; border: 1px solid rgba(150&comma; 150&comma; 150&comma; 0.4); border-radius: 8px; overflow: hidden; display: flex; flex-direction: column;'>\n<div style='padding: 15px; border-bottom: 1px solid rgba(150&comma; 150&comma; 150&comma; 0.2); font-weight: bold; font-size: 18px; color: inherit;'>Caracter\u00edsticas t\u00e9cnicas<\/div>\n<div style='padding: 15px; color: inherit;'>\n<ul style='padding-left: 20px; margin: 0; font-size: 14px; list-style-type: disc;'>\n<li style='margin-bottom: 5px;'><strong>Tecnolog\u00eda biom\u00e9trica:<\/strong> Clasificada n\u00b01 en precisi\u00f3n por NIST<\/li>\n<li style='margin-bottom: 5px;'><strong>Capacidad:<\/strong> Hasta 10&comma;000 usuarios (30&comma;000 plantillas biom\u00e9tricas) en modo identificaci\u00f3n 1:N<\/li>\n<li style='margin-bottom: 5px;'><strong>Tiempo de identificaci\u00f3n:<\/strong> 1 segundo en 1:10&comma;000 usuarios<\/li>\n<li style='margin-bottom: 5px;'><strong>Consistencia:<\/strong> Precisi\u00f3n mantenida independientemente del n\u00famero de usuarios almacenados<\/li>\n<li style='margin-bottom: 5px;'><strong>Sensor:<\/strong> \u00d3ptico certificado PIV IQS por el FBI<\/li>\n<li style='margin-bottom: 5px;'><strong>Lector de proximidad:<\/strong> HID incluido<\/li>\n<li style='margin-bottom: 5px;'><strong>Protecci\u00f3n:<\/strong> IP65 bajo techo<\/li>\n<li style='margin-bottom: 5px;'><strong>Indicadores:<\/strong> LED multicolor azul\/verde\/rojo y zumbador (buzzer)<\/li>\n<\/ul><\/div>\n<\/p><\/div>\n<div style='flex: 1 1 250px; border: 1px solid rgba(150&comma; 150&comma; 150&comma; 0.4); border-radius: 8px; overflow: hidden; display: flex; flex-direction: column;'>\n<div style='padding: 15px; border-bottom: 1px solid rgba(150&comma; 150&comma; 150&comma; 0.2); font-weight: bold; font-size: 18px; color: inherit;'>Especificaciones t\u00e9cnicas<\/div>\n<div style='padding: 15px; color: inherit;'>\n<ul style='padding-left: 20px; margin: 0; font-size: 14px; list-style-type: disc;'>\n<li style='margin-bottom: 5px;'><strong>Usuarios:<\/strong> 500<\/li>\n<li style='margin-bottom: 5px;'><strong>Eventos:<\/strong> 1&comma;000&comma;000<\/li>\n<li style='margin-bottom: 5px;'><strong>Comunicaci\u00f3n:<\/strong> TCP\/IP<\/li>\n<li style='margin-bottom: 5px;'><strong>Salida de relevador:<\/strong> COM&comma; NO\/NC<\/li>\n<li style='margin-bottom: 5px;'><strong>Alimentaci\u00f3n:<\/strong> 12Vcc&comma; 500mAmp&comma; PoE<\/li>\n<li style='margin-bottom: 5px;'><strong>Dimensiones:<\/strong> 156 X 68 X 62 mm<\/li>\n<\/ul><\/div>\n<\/p><\/div>\n<div style='flex: 1 1 250px; border: 1px solid rgba(150&comma; 150&comma; 150&comma; 0.4); border-radius: 8px; overflow: hidden; display: flex; flex-direction: column;'>\n<div style='padding: 15px; border-bottom: 1px solid rgba(150&comma; 150&comma; 150&comma; 0.2); font-weight: bold; font-size: 18px; color: inherit;'>Licencias de expansi\u00f3n<\/div>\n<div style='padding: 15px; color: inherit;'>\n<ul style='padding-left: 20px; margin: 0; font-size: 14px; list-style-type: disc;'>\n<li style='margin-bottom: 5px;'>237708350 &#8211; Licencia de actualizaci\u00f3n a 3&comma;000 usuarios solo para SIGMALITE y SIGMALITEPLUS (una licencia por lectora)<\/li>\n<li style='margin-bottom: 5px;'>293589574 &#8211; Licencia de actualizaci\u00f3n a 10&comma;000 usuarios para toda la l\u00ednea SIGMA (una licencia por lectora)<\/li>\n<\/ul><\/div>\n<\/p><\/div>\n<\/p><\/div>\n<div style='display: flex; flex-wrap: wrap; gap: 30px; margin-bottom: 30px;'>\n<div style='flex: 1 1 300px; min-width: 280px;'>\n<div style='padding: 15px; border: 1px solid rgba(150&comma; 150&comma; 150&comma; 0.4); border-radius: 8px; background-color: rgba(128&comma;128&comma;128&comma;0.05);'>\n<h3 style='font-size: 18px; margin-top: 0; color: inherit;'>Software<\/h3>\n<p style='margin: 0 0 10px 0; color: inherit;'>Morpho Manager licenciado<\/p>\n<ul style='padding-left: 20px; margin: 0; font-size: 14px; list-style-type: disc;'>\n<li style='margin-bottom: 5px;'>Gratuito para 5 terminales (requiere licencia despu\u00e9s de este n\u00famero)<\/li>\n<li style='margin-bottom: 5px;'>Licencia de 10 terminales modelo A00070702<\/li>\n<li style='margin-bottom: 5px;'>Licencia de 20 terminales modelo A00070703<\/li>\n<li style='margin-bottom: 5px;'>Licencia de 50 terminales modelo A00070704<\/li>\n<li style='margin-bottom: 5px;'>Licencia de 100 terminales modelo A00070707<\/li>\n<\/ul><\/div>\n<\/p><\/div>\n<div style='flex: 1 1 300px; min-width: 280px;'>\n<div style='padding: 15px; border: 1px solid rgba(150&comma; 150&comma; 150&comma; 0.4); border-radius: 8px; background-color: rgba(128&comma;128&comma;128&comma;0.05);'>\n<h3 style='font-size: 18px; margin-top: 0; color: inherit;'>Recomendaciones<\/h3>\n<p style='margin: 0 0 10px 0; color: inherit;'>Se recomienda el enrolador MMPRO (se vende por separado)<\/p>\n<p style='margin: 0; color: inherit; font-size: 14px;'>Nota: Algunos modelos pueden llegar en color blanco o negro<\/p>\n<\/p><\/div>\n<\/p><\/div>\n<\/p><\/div>\n<div style='display: flex; flex-wrap: wrap; gap: 30px; margin-bottom: 30px;'>\n<div style='flex: 1 1 300px; min-width: 280px;'> <img style='width: 100%; height: auto; border: 1px solid rgba(150&comma;150&comma;150&comma;0.3); border-radius: 8px;' src='https:\/\/ftp3.syscom.mx\/usuarios\/fotos\/293678636\/293678636.png' alt=''> <\/div>\n<div style='flex: 1 1 300px; min-width: 280px;'> <img style='width: 100%; height: auto; border: 1px solid rgba(150&comma;150&comma;150&comma;0.3); border-radius: 8px;' src='https:\/\/ftp3.syscom.mx\/usuarios\/hsarabia\/IDEMIA\/en%20el%20pie.jpg' alt=''> <\/div>\n<\/p><\/div>\n<div style='position: relative; padding-bottom: 56.25%; height: 0; overflow: hidden; margin-bottom: 30px;'>   <\/div>\n<hr style='border: 0; border-top: 1px solid rgba(150&comma; 150&comma; 150&comma; 0.3); margin: 30px 0;'> <\/div>\n","protected":false},"excerpt":{"rendered":"<p>Lector de huella Sigma Lite BIO con lector PROX HID incluido PoE, IP65 aprobado por FBI<\/p>\n","protected":false},"featured_media":31171,"comment_status":"open","ping_status":"closed","template":"","meta":[],"product_brand":[],"product_cat":[806],"product_tag":[744,794,807],"class_list":{"0":"post-31172","1":"product","2":"type-product","3":"status-publish","4":"has-post-thumbnail","6":"product_cat-para-control-de-acceso","7":"product_tag-biometricos","8":"product_tag-idemia-morpho","9":"product_tag-para-control-de-acceso","11":"first","12":"outofstock","13":"sale","14":"shipping-taxable","15":"purchasable","16":"product-type-simple"},"_links":{"self":[{"href":"https:\/\/soydeaqui.ddns.net\/pachuca\/index.php\/wp-json\/wp\/v2\/product\/31172","targetHints":{"allow":["GET"]}}],"collection":[{"href":"https:\/\/soydeaqui.ddns.net\/pachuca\/index.php\/wp-json\/wp\/v2\/product"}],"about":[{"href":"https:\/\/soydeaqui.ddns.net\/pachuca\/index.php\/wp-json\/wp\/v2\/types\/product"}],"replies":[{"embeddable":true,"href":"https:\/\/soydeaqui.ddns.net\/pachuca\/index.php\/wp-json\/wp\/v2\/comments?post=31172"}],"wp:featuredmedia":[{"embeddable":true,"href":"https:\/\/soydeaqui.ddns.net\/pachuca\/index.php\/wp-json\/wp\/v2\/media\/31171"}],"wp:attachment":[{"href":"https:\/\/soydeaqui.ddns.net\/pachuca\/index.php\/wp-json\/wp\/v2\/media?parent=31172"}],"wp:term":[{"taxonomy":"product_brand","embeddable":true,"href":"https:\/\/soydeaqui.ddns.net\/pachuca\/index.php\/wp-json\/wp\/v2\/product_brand?post=31172"},{"taxonomy":"product_cat","embeddable":true,"href":"https:\/\/soydeaqui.ddns.net\/pachuca\/index.php\/wp-json\/wp\/v2\/product_cat?post=31172"},{"taxonomy":"product_tag","embeddable":true,"href":"https:\/\/soydeaqui.ddns.net\/pachuca\/index.php\/wp-json\/wp\/v2\/product_tag?post=31172"}],"curies":[{"name":"wp","href":"https:\/\/api.w.org\/{rel}","templated":true}]}}