{"id":31072,"date":"2026-03-18T14:02:22","date_gmt":"2026-03-18T14:02:22","guid":{"rendered":"https:\/\/soydeaqui.ddns.net\/pachuca\/index.php\/producto\/arco-detector-de-metales-de-6-zonas-sensor-ir-contador-de-personas-contador-de-alarmas\/"},"modified":"2026-03-18T14:02:23","modified_gmt":"2026-03-18T14:02:23","slug":"arco-detector-de-metales-de-6-zonas-sensor-ir-contador-de-personas-contador-de-alarmas","status":"publish","type":"product","link":"https:\/\/soydeaqui.ddns.net\/pachuca\/index.php\/producto\/arco-detector-de-metales-de-6-zonas-sensor-ir-contador-de-personas-contador-de-alarmas\/","title":{"rendered":"Arco Detector de Metales de 6 Zonas \/ Sensor IR \/ Contador de personas \/ Contador de alarmas."},"content":{"rendered":"<div style='width: 100%; max-width: 1200px; margin: 0 auto; font-family: sans-serif; line-height: 1.6; color: inherit; background-color: transparent;'>\n<div style='width: 100%; margin-bottom: 30px;'> <img style='width: 100%; height: auto; border: 1px solid rgba(150&comma;150&comma;150&comma;0.3); border-radius: 8px;' src='https:\/\/ftp3.syscom.mx\/usuarios\/fmedina\/erp-images\/Arco-Detector-de-Metales-ZKD1065S.jpg' alt=''> <\/div>\n<hr style='border: 0; border-top: 1px solid rgba(150&comma;150&comma;150&comma;0.3); margin: 30px 0;'>\n<div style='display: flex; flex-wrap: wrap; gap: 30px; margin-bottom: 30px;'>\n<div style='flex: 1 1 300px; min-width: 280px;'>\n<h3 style='font-size: 22px; border-bottom: 2px solid currentColor; padding-bottom: 5px; margin-top: 0; color: inherit; opacity: 0.8;'>Caracter\u00edsticas principales:<\/h3>\n<ul style='padding-left: 20px; font-size: 15px; color: inherit;'>\n<li style='margin-bottom: 5px;'>Seis zonas de detecci\u00f3n<\/li>\n<li style='margin-bottom: 5px;'>100 niveles de deteccion<\/li>\n<li style='margin-bottom: 5px;'>Barra de LED\u2019s para indicar la zona del metal detectado<\/li>\n<li style='margin-bottom: 5px;'>Alarma al detectar metales<\/li>\n<li style='margin-bottom: 5px;'>Contador de personas y alarmas<\/li>\n<li style='margin-bottom: 5px;'>Se\u00f1al de deteccion en el panel de control<\/li>\n<li style='margin-bottom: 5px;'>Password de programaci\u00f3n<\/li>\n<li style='margin-bottom: 5px;'>Facil instalaci\u00f3n<\/li>\n<li style='margin-bottom: 5px;'>Seguro para mujeres embarazadas o personas con marcapasos.<\/li>\n<li style='margin-bottom: 5px;'>Programa de autodiagnostico<\/li>\n<\/ul><\/div>\n<div style='flex: 1 1 300px; min-width: 280px;'>\n<h3 style='font-size: 22px; border-bottom: 2px solid currentColor; padding-bottom: 5px; margin-top: 0; color: inherit; opacity: 0.8;'>Caracter\u00edsticas F\u00edsicas y El\u00e9ctricas:<\/h3>\n<ul style='padding-left: 20px; font-size: 15px; color: inherit;'>\n<li style='margin-bottom: 5px;'>Alimentaci\u00f3n: 85 \u2013 264 VAC<\/li>\n<li style='margin-bottom: 5px;'>Temperatura de operaci\u00f3n: -20 a +50 \u00b0C<\/li>\n<li style='margin-bottom: 5px;'>Frecuencia de operaci\u00f3n: 4KHz \u2013 8 KHz<\/li>\n<li style='margin-bottom: 5px;'>Dimensiones: 2200 x 800 x 580 mm<\/li>\n<li style='margin-bottom: 5px;'>Peso: 70 kg<\/li>\n<\/ul><\/div>\n<div style='flex: 1 1 300px; min-width: 280px;'>\n<h3 style='font-size: 22px; border-bottom: 2px solid currentColor; padding-bottom: 5px; margin-top: 0; color: inherit; opacity: 0.8;'>Caracter\u00edsticas Destacadas:<\/h3>\n<div style='font-size: 14px; color: inherit; margin-bottom: 15px;'>Notas:<\/div>\n<ul style='padding-left: 20px; font-size: 14px; color: inherit; list-style-type: disc;'>\n<li style='margin-bottom: 5px;'>Aseg\u00farese que el sitio donde va a instalar no existen metales a dos metros de distancia; esto puede ser verificado con alg\u00fan detector de metales manual (ZKD180).<\/li>\n<li style='margin-bottom: 5px;'>Antes de instalar aseg\u00farese que los n\u00fameros de serie tanto del cerebro como de los laterales sean el mismo.<\/li>\n<li style='margin-bottom: 5px;'>Aseg\u00farese que el suministro de corriente alterna est\u00e9 bien polarizado&comma; fase&comma; neutro y tierra.<\/li>\n<li style='margin-bottom: 5px;'>Debido al peso del equipo&comma; se recomienda que sea armado entre dos personas.<\/li>\n<\/ul><\/div>\n<\/p><\/div>\n<\/p><\/div>\n","protected":false},"excerpt":{"rendered":"<p>Arco Detector de Metales de 6 Zonas \/ Sensor IR \/ Contador de personas \/ Contador de alarmas.<\/p>\n","protected":false},"featured_media":31071,"comment_status":"open","ping_status":"closed","template":"","meta":[],"product_brand":[],"product_cat":[826],"product_tag":[827,844],"class_list":{"0":"post-31072","1":"product","2":"type-product","3":"status-publish","4":"has-post-thumbnail","6":"product_cat-detectores-de-metal-detectores-de-metal","7":"product_tag-detectores-de-metal","8":"product_tag-zkteco","10":"first","11":"outofstock","12":"sale","13":"shipping-taxable","14":"purchasable","15":"product-type-simple"},"_links":{"self":[{"href":"https:\/\/soydeaqui.ddns.net\/pachuca\/index.php\/wp-json\/wp\/v2\/product\/31072","targetHints":{"allow":["GET"]}}],"collection":[{"href":"https:\/\/soydeaqui.ddns.net\/pachuca\/index.php\/wp-json\/wp\/v2\/product"}],"about":[{"href":"https:\/\/soydeaqui.ddns.net\/pachuca\/index.php\/wp-json\/wp\/v2\/types\/product"}],"replies":[{"embeddable":true,"href":"https:\/\/soydeaqui.ddns.net\/pachuca\/index.php\/wp-json\/wp\/v2\/comments?post=31072"}],"wp:featuredmedia":[{"embeddable":true,"href":"https:\/\/soydeaqui.ddns.net\/pachuca\/index.php\/wp-json\/wp\/v2\/media\/31071"}],"wp:attachment":[{"href":"https:\/\/soydeaqui.ddns.net\/pachuca\/index.php\/wp-json\/wp\/v2\/media?parent=31072"}],"wp:term":[{"taxonomy":"product_brand","embeddable":true,"href":"https:\/\/soydeaqui.ddns.net\/pachuca\/index.php\/wp-json\/wp\/v2\/product_brand?post=31072"},{"taxonomy":"product_cat","embeddable":true,"href":"https:\/\/soydeaqui.ddns.net\/pachuca\/index.php\/wp-json\/wp\/v2\/product_cat?post=31072"},{"taxonomy":"product_tag","embeddable":true,"href":"https:\/\/soydeaqui.ddns.net\/pachuca\/index.php\/wp-json\/wp\/v2\/product_tag?post=31072"}],"curies":[{"name":"wp","href":"https:\/\/api.w.org\/{rel}","templated":true}]}}