{"id":30690,"date":"2026-03-18T13:53:22","date_gmt":"2026-03-18T13:53:22","guid":{"rendered":"https:\/\/soydeaqui.ddns.net\/pachuca\/index.php\/producto\/chapa-magnetica-de-1200-lbs-sensor-de-adherencia-uso-en-interior-led-indicador\/"},"modified":"2026-03-18T13:53:22","modified_gmt":"2026-03-18T13:53:22","slug":"chapa-magnetica-de-1200-lbs-sensor-de-adherencia-uso-en-interior-led-indicador","status":"publish","type":"product","link":"https:\/\/soydeaqui.ddns.net\/pachuca\/index.php\/producto\/chapa-magnetica-de-1200-lbs-sensor-de-adherencia-uso-en-interior-led-indicador\/","title":{"rendered":"Chapa Magn\u00e9tica de 1200 Lbs \/ Sensor de Adherencia \/ Uso en Interior\/ LED Indicador \/"},"content":{"rendered":"<div style='width: 100%; max-width: 1200px; margin: 0 auto; font-family: sans-serif; line-height: 1.6; color: inherit; background-color: transparent;'>\n<hr style='border: 0; border-top: 1px solid rgba(150&comma; 150&comma; 150&comma; 0.3); margin: 30px 0;'>\n<div style='display: flex; flex-wrap: wrap; gap: 30px;'>\n<div style='flex: 1 1 300px; min-width: 280px;'>\n<h3 style='font-size: 22px; border-bottom: 2px solid currentColor; padding-bottom: 5px; margin-top: 0; color: inherit; opacity: 0.8;'>Caracter\u00edsticas Principales:<\/h3>\n<ul style='padding-left: 20px; font-size: 15px; color: inherit;'>\n<li style='margin-bottom: 5px;'>Fuerza de retenci\u00f3n de 1200 lb (545 kg)<\/li>\n<li style='margin-bottom: 5px;'>Caja de aluminio anonizado (US 28)<\/li>\n<li style='margin-bottom: 5px;'>Proteccion MOV contra sobretensiones<\/li>\n<li style='margin-bottom: 5px;'>Montaje Z \/ L <a href='https:\/\/www.syscom.mx\/products\/79383\/94112' style='color: inherit; text-decoration: underline;'>E941S1K2\/ZQ<\/a><\/li>\n<li style='margin-bottom: 5px;'>Montaje en U <a href='https:\/\/www.syscom.pro\/products\/168138\/94112' style='color: inherit; text-decoration: underline;'>E941S1K2\/UQ<\/a><\/li>\n<\/ul><\/div>\n<div style='flex: 1 1 300px; min-width: 280px;'>\n<h3 style='font-size: 22px; border-bottom: 2px solid currentColor; padding-bottom: 5px; margin-top: 0; color: inherit; opacity: 0.8;'>Caracter\u00edsticas F\u00edsicas y El\u00e9ctricas:<\/h3>\n<ul style='padding-left: 20px; font-size: 15px; color: inherit;'>\n<li style='margin-bottom: 5px;'>Voltaje de operaci\u00f3n: 12\/24 VDC seleccionable<\/li>\n<li style='margin-bottom: 5px;'>Consumo de corriente: 12VDC: 500mA&comma; 24VDC: 270mA<\/li>\n<\/ul><\/div>\n<div style='flex: 1 1 300px; min-width: 280px;'>\n<h3 style='font-size: 22px; border-bottom: 2px solid currentColor; padding-bottom: 5px; margin-top: 0; color: inherit; opacity: 0.8;'>Caracter\u00edsticas Destacadas:<\/h3>\n<ul style='padding-left: 20px; font-size: 15px; color: inherit;'>\n<li style='margin-bottom: 5px;'>Sin magnetismo residual<\/li>\n<li style='margin-bottom: 5px;'>Dimensiones: Im\u00e1n &#8211; 268 x 42 x 67 mm&comma; Armadura &#8211; 185 x 16 x 61 mm<\/li>\n<li style='margin-bottom: 5px;'>Temperatura de operaci\u00f3n: 14\u00b0~131\u00b0F (-10\u00b0~55\u00b0C)<\/li>\n<li style='margin-bottom: 5px;'>Certificaciones: UL294&comma; UL10C&comma; UL10B&comma; ULC-S104<\/li>\n<\/ul><\/div>\n<\/p><\/div>\n<hr style='border: 0; border-top: 1px solid rgba(150&comma; 150&comma; 150&comma; 0.3); margin: 30px 0;'> <\/div>\n","protected":false},"excerpt":{"rendered":"<p>Chapa Magn\u00e9tica de 1200 Lbs \/ Sensor de Adherencia \/ Uso en Interior\/ LED Indicador \/<\/p>\n","protected":false},"featured_media":30689,"comment_status":"open","ping_status":"closed","template":"","meta":[],"product_brand":[],"product_cat":[761],"product_tag":[87,762,116],"class_list":{"0":"post-30690","1":"product","2":"type-product","3":"status-publish","4":"has-post-thumbnail","6":"product_cat-chapas-magneticas","7":"product_tag-cerraduras","8":"product_tag-chapas-magneticas","9":"product_tag-enforcer-secolarm","11":"first","12":"outofstock","13":"sale","14":"shipping-taxable","15":"purchasable","16":"product-type-simple"},"_links":{"self":[{"href":"https:\/\/soydeaqui.ddns.net\/pachuca\/index.php\/wp-json\/wp\/v2\/product\/30690","targetHints":{"allow":["GET"]}}],"collection":[{"href":"https:\/\/soydeaqui.ddns.net\/pachuca\/index.php\/wp-json\/wp\/v2\/product"}],"about":[{"href":"https:\/\/soydeaqui.ddns.net\/pachuca\/index.php\/wp-json\/wp\/v2\/types\/product"}],"replies":[{"embeddable":true,"href":"https:\/\/soydeaqui.ddns.net\/pachuca\/index.php\/wp-json\/wp\/v2\/comments?post=30690"}],"wp:featuredmedia":[{"embeddable":true,"href":"https:\/\/soydeaqui.ddns.net\/pachuca\/index.php\/wp-json\/wp\/v2\/media\/30689"}],"wp:attachment":[{"href":"https:\/\/soydeaqui.ddns.net\/pachuca\/index.php\/wp-json\/wp\/v2\/media?parent=30690"}],"wp:term":[{"taxonomy":"product_brand","embeddable":true,"href":"https:\/\/soydeaqui.ddns.net\/pachuca\/index.php\/wp-json\/wp\/v2\/product_brand?post=30690"},{"taxonomy":"product_cat","embeddable":true,"href":"https:\/\/soydeaqui.ddns.net\/pachuca\/index.php\/wp-json\/wp\/v2\/product_cat?post=30690"},{"taxonomy":"product_tag","embeddable":true,"href":"https:\/\/soydeaqui.ddns.net\/pachuca\/index.php\/wp-json\/wp\/v2\/product_tag?post=30690"}],"curies":[{"name":"wp","href":"https:\/\/api.w.org\/{rel}","templated":true}]}}