{"id":30684,"date":"2026-03-18T13:53:14","date_gmt":"2026-03-18T13:53:14","guid":{"rendered":"https:\/\/soydeaqui.ddns.net\/pachuca\/index.php\/producto\/lector-de-huella-y-lector-de-proximidad-esclavo-rs-485-con-sensor-de-huella-silkid-para-interior\/"},"modified":"2026-03-18T13:53:18","modified_gmt":"2026-03-18T13:53:18","slug":"lector-de-huella-y-lector-de-proximidad-esclavo-rs-485-con-sensor-de-huella-silkid-para-interior","status":"publish","type":"product","link":"https:\/\/soydeaqui.ddns.net\/pachuca\/index.php\/producto\/lector-de-huella-y-lector-de-proximidad-esclavo-rs-485-con-sensor-de-huella-silkid-para-interior\/","title":{"rendered":"Lector de huella y lector de proximidad esclavo RS-485 con sensor de huella SilkID para interior"},"content":{"rendered":"<div style='width: 100%; max-width: 1200px; margin: 0 auto; font-family: sans-serif; line-height: 1.6; color: inherit; background-color: transparent;'> <!-- Secci\u00f3n de descripci\u00f3n --> <\/p>\n<div style='margin-bottom: 30px; font-size: 15px;'>\n<p><strong>Silk ID<\/strong> es nuestra nueva generaci\u00f3n de tecnolog\u00eda de verificaci\u00f3n de huellas digitales&comma; presentado por el laboratorio de ZKTeco en Silicon Valley&comma; E.E.U.U. SilkID es uno de los m\u00e1s poderosos sensores de detecci\u00f3n de huellas falsas de la industria&comma; que ayudan en la detecci\u00f3n de personas no autorizadas&comma; huellas falsas hechas de papel&comma; silic\u00f3n o goma. Los sensores 360\u00b0 del SilkID y la tecnolog\u00eda 3D NFV permiten autentificar las huellas digitales secas&comma; h\u00famedas y \u00e1speras con m\u00e1xima eficiencia y precisi\u00f3n&comma; minimizando el rango de error a menos de 1\/10000. SilkID representa un avance importante en la tecnolog\u00eda de verificaci\u00f3n biom\u00e9trica.<\/p>\n<\/p><\/div>\n<p> <!-- Secci\u00f3n de caracter\u00edsticas --> <\/p>\n<div style='display: flex; flex-wrap: wrap; gap: 30px; margin-bottom: 30px;'>\n<div style='flex: 1 1 300px; min-width: 280px;'>\n<h3 style='font-size: 22px; border-bottom: 2px solid currentColor; padding-bottom: 5px; margin-top: 0; color: inherit; opacity: 0.8;'>Caracter\u00edsticas<\/h3>\n<ul style='padding-left: 20px; font-size: 15px; color: inherit;'>\n<li style='margin-bottom: 5px;'>Sensor de huella digital SilkID<\/li>\n<li style='margin-bottom: 5px;'>Elegante dise\u00f1o para una instalaci\u00f3n empotrada en pared<\/li>\n<li style='margin-bottom: 5px;'>Interfaz de comunicaci\u00f3n RS-485<\/li>\n<li style='margin-bottom: 5px;'>Carcasa frontal de acero inoxidable<\/li>\n<li style='margin-bottom: 5px;'>Caja de conexiones est\u00e1ndar<\/li>\n<li style='margin-bottom: 5px;'>Cubierta protectora de sensor huellas (opcional)<\/li>\n<\/ul><\/div>\n<p> <!-- Secci\u00f3n de especificaciones --> <\/p>\n<div style='flex: 1 1 300px; min-width: 280px;'>\n<h3 style='font-size: 22px; border-bottom: 2px solid currentColor; padding-bottom: 5px; margin-top: 0; color: inherit; opacity: 0.8;'>Especificaciones<\/h3>\n<ul style='padding-left: 20px; font-size: 15px; color: inherit;'>\n<li style='margin-bottom: 5px;'><strong>Comunicaci\u00f3n:<\/strong> RS485<\/li>\n<li style='margin-bottom: 5px;'><strong>Temperatura de Operaci\u00f3n:<\/strong> -10\u00b0C a 45\u00b0C<\/li>\n<li style='margin-bottom: 5px;'><strong>Humedad de Operaci\u00f3n:<\/strong> 20% &#8211; 95%<\/li>\n<li style='margin-bottom: 5px;'><strong>Dimensiones:<\/strong> 121.3 * 77.3 * 38 mm<\/li>\n<li style='margin-bottom: 5px;'><strong>Versi\u00f3n de Algoritmo:<\/strong> ZKFinger VX10.0<\/li>\n<li style='margin-bottom: 5px;'><strong>Fuente de Alimentaci\u00f3n:<\/strong> 12 VDC (FUENTE NO INCLUIDA)<\/li>\n<li style='margin-bottom: 5px;'><strong>Consumo en Standby:<\/strong> 12V*60mA = 0.72W<\/li>\n<li style='margin-bottom: 5px;'><strong>Consumo en An\u00e1lisis de Huella:<\/strong> 140 mA<\/li>\n<li style='margin-bottom: 5px;'><strong>Sensor:<\/strong> SilkID<\/li>\n<li style='margin-bottom: 5px;'><strong>Alarma:<\/strong> Audible (Beep)<\/li>\n<li style='margin-bottom: 5px;'><strong>LED:<\/strong> Luz indicadora de tres colores<\/li>\n<li style='margin-bottom: 5px;'><strong>Funciones Est\u00e1ndar:<\/strong> Tarjeta RFID 125KHz; AC5&comma; AC7<\/li>\n<li style='margin-bottom: 5px;'><strong>Compatibilidad:<\/strong> Controladores de las series APX&comma; INBIO(L)&comma; Lectores Standalone F22&comma; F22ID&comma; F19<\/li>\n<\/ul><\/div>\n<\/p><\/div>\n<p> <!-- Separador --> <\/p>\n<hr style='border: 0; border-top: 1px solid rgba(150&comma; 150&comma; 150&comma; 0.3); margin: 30px 0;'> <\/div>\n","protected":false},"excerpt":{"rendered":"<p>Lector de huella y lector de proximidad esclavo RS-485 con sensor de huella SilkID para interior<\/p>\n","protected":false},"featured_media":30683,"comment_status":"open","ping_status":"closed","template":"","meta":[],"product_brand":[],"product_cat":[806],"product_tag":[744,807,844],"class_list":{"0":"post-30684","1":"product","2":"type-product","3":"status-publish","4":"has-post-thumbnail","6":"product_cat-para-control-de-acceso","7":"product_tag-biometricos","8":"product_tag-para-control-de-acceso","9":"product_tag-zkteco","11":"first","12":"outofstock","13":"sale","14":"shipping-taxable","15":"purchasable","16":"product-type-simple"},"_links":{"self":[{"href":"https:\/\/soydeaqui.ddns.net\/pachuca\/index.php\/wp-json\/wp\/v2\/product\/30684","targetHints":{"allow":["GET"]}}],"collection":[{"href":"https:\/\/soydeaqui.ddns.net\/pachuca\/index.php\/wp-json\/wp\/v2\/product"}],"about":[{"href":"https:\/\/soydeaqui.ddns.net\/pachuca\/index.php\/wp-json\/wp\/v2\/types\/product"}],"replies":[{"embeddable":true,"href":"https:\/\/soydeaqui.ddns.net\/pachuca\/index.php\/wp-json\/wp\/v2\/comments?post=30684"}],"wp:featuredmedia":[{"embeddable":true,"href":"https:\/\/soydeaqui.ddns.net\/pachuca\/index.php\/wp-json\/wp\/v2\/media\/30683"}],"wp:attachment":[{"href":"https:\/\/soydeaqui.ddns.net\/pachuca\/index.php\/wp-json\/wp\/v2\/media?parent=30684"}],"wp:term":[{"taxonomy":"product_brand","embeddable":true,"href":"https:\/\/soydeaqui.ddns.net\/pachuca\/index.php\/wp-json\/wp\/v2\/product_brand?post=30684"},{"taxonomy":"product_cat","embeddable":true,"href":"https:\/\/soydeaqui.ddns.net\/pachuca\/index.php\/wp-json\/wp\/v2\/product_cat?post=30684"},{"taxonomy":"product_tag","embeddable":true,"href":"https:\/\/soydeaqui.ddns.net\/pachuca\/index.php\/wp-json\/wp\/v2\/product_tag?post=30684"}],"curies":[{"name":"wp","href":"https:\/\/api.w.org\/{rel}","templated":true}]}}