{"id":3064,"date":"2026-03-18T06:04:09","date_gmt":"2026-03-18T06:04:09","guid":{"rendered":"https:\/\/soydeaqui.ddns.net\/pachuca\/index.php\/producto\/microfono-cuello-de-ganso-con-base-soporta-phantom-salida-balanceada-xlr\/"},"modified":"2026-03-18T06:04:11","modified_gmt":"2026-03-18T06:04:11","slug":"microfono-cuello-de-ganso-con-base-soporta-phantom-salida-balanceada-xlr","status":"publish","type":"product","link":"https:\/\/soydeaqui.ddns.net\/pachuca\/index.php\/producto\/microfono-cuello-de-ganso-con-base-soporta-phantom-salida-balanceada-xlr\/","title":{"rendered":"Micr\u00f3fono | Cuello de Ganso con Base | Soporta Phantom | Salida Balanceada XLR"},"content":{"rendered":"<div style='width: 100%; max-width: 1200px; margin: 0 auto; font-family: sans-serif; line-height: 1.6; color: inherit; background-color: transparent;'> <!-- Imagen principal --> <\/p>\n<div style='width: 100%; margin-bottom: 30px;'> <img style='width: 40%; height: auto; border: 1px solid rgba(150&comma;150&comma;150&comma;0.3); border-radius: 8px; margin-left: 30%;' src='https:\/\/ftp3.syscom.mx\/usuarios\/luis.vargas\/EpcomProAudio\/epcom_proaudio.png' alt='Logo EPCOM PROAUDIO'> <\/div>\n<hr style='border: 0; border-top: 1px solid rgba(150&comma; 150&comma; 150&comma; 0.3); margin: 30px 0;'> <!-- Secci\u00f3n de caracter\u00edsticas --> <\/p>\n<div style='text-align: center; margin-bottom: 30px;'>\n<h2 style='font-size: 24px; color: inherit; opacity: 0.9;'>Caracter\u00edsticas<\/h2>\n<\/p><\/div>\n<p> <!-- Grid de caracter\u00edsticas --> <\/p>\n<div style='display: flex; flex-wrap: wrap; gap: 30px; margin-bottom: 30px;'> <!-- Columna 1 --> <\/p>\n<div style='flex: 1 1 300px; min-width: 280px;'>\n<div style='border-left: 5px double #439cc7; border-radius: 5px; padding: 0px 5px; margin-bottom: 25px;'>\n<ul style='padding-left: 20px; font-size: 15px; color: inherit; list-style-type: disc;'>\n<li style='margin-bottom: 5px; font-family: arial&comma; helvetica&comma; sans-serif;'>Micr\u00f3fono de escritorio cuello de ganso<\/li>\n<li style='margin-bottom: 5px; font-family: arial&comma; helvetica&comma; sans-serif;'>Patr\u00f3n de captaci\u00f3n: Cardioide<\/li>\n<li style='margin-bottom: 5px; font-family: arial&comma; helvetica&comma; sans-serif;'>Tipo: Condensador<\/li>\n<li style='margin-bottom: 5px; font-family: arial&comma; helvetica&comma; sans-serif;'>Bot\u00f3n de activaci\u00f3n<\/li>\n<\/ul><\/div>\n<\/p><\/div>\n<p> <!-- Columna 2 --> <\/p>\n<div style='flex: 1 1 300px; min-width: 280px;'>\n<div style='border-left: 5px double #439cc7; border-radius: 5px; padding: 0px 5px; margin-bottom: 25px;'>\n<ul style='padding-left: 20px; font-size: 15px; color: inherit; list-style-type: disc;'>\n<li style='margin-bottom: 5px; font-family: arial&comma; helvetica&comma; sans-serif;'>Salida: Balanceada<\/li>\n<li style='margin-bottom: 5px; font-family: arial&comma; helvetica&comma; sans-serif;'>Respuesta de frecuencia de captaci\u00f3n: 20Hz &#8211; 18Khz<\/li>\n<li style='margin-bottom: 5px; font-family: arial&comma; helvetica&comma; sans-serif;'>Sensibilidad: -40dB \u00b12dB<\/li>\n<li style='margin-bottom: 5px; font-family: arial&comma; helvetica&comma; sans-serif; font-weight: bold;'>Alimentaci\u00f3n: Phantom (+48V)<\/li>\n<li style='margin-bottom: 5px; font-family: arial&comma; helvetica&comma; sans-serif;'>Amplificadores Epcom con Phantom Power: <a href='https:\/\/www.syscom.mx\/producto\/EP-B350DTB-EPCOM-PROAUDIO-213100.html' style='color: inherit; text-decoration: none; font-weight: 600; background-color: transparent;'>EPB350DTB<\/a>&comma; <a href='https:\/\/www.syscom.mx\/producto\/SF-4240MP-EPCOM-PROAUDIO-171780.html' style='color: inherit; text-decoration: none; font-weight: 600; background-color: transparent;'>SF4240MP<\/a>&comma; <a href='https:\/\/www.syscom.mx\/producto\/SF-2240UC-EPCOM-PROAUDIO-205625.html' style='color: inherit; text-decoration: none; font-weight: 600; background-color: transparent;'>SF-2240UC<\/a>&comma; <a href='https:\/\/www.syscom.mx\/producto\/SF-4240UC-EPCOM-PROAUDIO-205641.html' style='color: inherit; text-decoration: none; font-weight: 600; background-color: transparent;'>SF4240UC<\/a> <\/li>\n<\/ul><\/div>\n<\/p><\/div>\n<p> <!-- Columna 3 --> <\/p>\n<div style='flex: 1 1 300px; min-width: 280px;'>\n<div style='border-left: 5px double #439cc7; border-radius: 5px; padding: 0px 5px; margin-bottom: 25px;'>\n<ul style='padding-left: 20px; font-size: 15px; color: inherit; list-style-type: disc;'>\n<li style='margin-bottom: 5px; font-family: arial&comma; helvetica&comma; sans-serif;'>Largo del micr\u00f3fono: 410mm<\/li>\n<li style='margin-bottom: 5px; font-family: arial&comma; helvetica&comma; sans-serif;'>Incluye cable XLR de 8 metros<\/li>\n<li style='margin-bottom: 5px; font-family: arial&comma; helvetica&comma; sans-serif;'>Medidas base: 114 x 140 x 37mm<\/li>\n<li style='margin-bottom: 5px; font-family: arial&comma; helvetica&comma; sans-serif;'>Peso: 0.78Kg<\/li>\n<\/ul><\/div>\n<\/p><\/div>\n<\/p><\/div>\n<p> <!-- Nota importante --> <\/p>\n<div style='margin-bottom: 30px;'>\n<p style='font-weight: bold; margin-bottom: 15px; color: inherit;'>Nota: Para un mejor desempe\u00f1o del micr\u00f3fono alimentarlo v\u00eda Phantom Power directo del amplificador o mixer.<\/p>\n<p style='margin-bottom: 0; color: inherit; font-family: arial&comma; helvetica&comma; sans-serif;'> Si su amplificador no cuenta con Phantom Power para alimentaci\u00f3n de micr\u00f3fonos se recomienda el uso del mic modelo <a href='https:\/\/www.syscom.mx\/producto\/SF-621A-EPCOM-PROAUDIO-167646.html' style='color: inherit; text-decoration: none; font-weight: 600; background-color: transparent;'>SF-621A<\/a> <\/p>\n<\/p><\/div>\n<\/p><\/div>\n","protected":false},"excerpt":{"rendered":"<p>Micr\u00f3fono | Cuello de Ganso con Base | Soporta Phantom | Salida Balanceada XLR<\/p>\n","protected":false},"featured_media":3063,"comment_status":"open","ping_status":"closed","template":"","meta":[],"product_brand":[],"product_cat":[108],"product_tag":[110,109],"class_list":{"0":"post-3064","1":"product","2":"type-product","3":"status-publish","4":"has-post-thumbnail","6":"product_cat-epcom-proaudio","7":"product_tag-epcom-proaudio","8":"product_tag-megafonia-y-audioevacuacion","10":"first","11":"instock","12":"sale","13":"shipping-taxable","14":"purchasable","15":"product-type-simple"},"_links":{"self":[{"href":"https:\/\/soydeaqui.ddns.net\/pachuca\/index.php\/wp-json\/wp\/v2\/product\/3064","targetHints":{"allow":["GET"]}}],"collection":[{"href":"https:\/\/soydeaqui.ddns.net\/pachuca\/index.php\/wp-json\/wp\/v2\/product"}],"about":[{"href":"https:\/\/soydeaqui.ddns.net\/pachuca\/index.php\/wp-json\/wp\/v2\/types\/product"}],"replies":[{"embeddable":true,"href":"https:\/\/soydeaqui.ddns.net\/pachuca\/index.php\/wp-json\/wp\/v2\/comments?post=3064"}],"wp:featuredmedia":[{"embeddable":true,"href":"https:\/\/soydeaqui.ddns.net\/pachuca\/index.php\/wp-json\/wp\/v2\/media\/3063"}],"wp:attachment":[{"href":"https:\/\/soydeaqui.ddns.net\/pachuca\/index.php\/wp-json\/wp\/v2\/media?parent=3064"}],"wp:term":[{"taxonomy":"product_brand","embeddable":true,"href":"https:\/\/soydeaqui.ddns.net\/pachuca\/index.php\/wp-json\/wp\/v2\/product_brand?post=3064"},{"taxonomy":"product_cat","embeddable":true,"href":"https:\/\/soydeaqui.ddns.net\/pachuca\/index.php\/wp-json\/wp\/v2\/product_cat?post=3064"},{"taxonomy":"product_tag","embeddable":true,"href":"https:\/\/soydeaqui.ddns.net\/pachuca\/index.php\/wp-json\/wp\/v2\/product_tag?post=3064"}],"curies":[{"name":"wp","href":"https:\/\/api.w.org\/{rel}","templated":true}]}}