{"id":30552,"date":"2026-03-18T13:50:06","date_gmt":"2026-03-18T13:50:06","guid":{"rendered":"https:\/\/soydeaqui.ddns.net\/pachuca\/index.php\/producto\/audio-portero-ip-con-2-lineas-sip-relevador-integrado-teclado-numerico-y-lectora-de-tarjetas-rfid-para-control-de-acceso-poe\/"},"modified":"2026-03-18T13:50:17","modified_gmt":"2026-03-18T13:50:17","slug":"audio-portero-ip-con-2-lineas-sip-relevador-integrado-teclado-numerico-y-lectora-de-tarjetas-rfid-para-control-de-acceso-poe","status":"publish","type":"product","link":"https:\/\/soydeaqui.ddns.net\/pachuca\/index.php\/producto\/audio-portero-ip-con-2-lineas-sip-relevador-integrado-teclado-numerico-y-lectora-de-tarjetas-rfid-para-control-de-acceso-poe\/","title":{"rendered":"Audio Portero IP con 2 l\u00edneas SIP, relevador integrado, teclado num\u00e9rico y lectora de tarjetas RFID para control de acceso, PoE"},"content":{"rendered":"<div style='width: 100%; max-width: 1200px; margin: 0 auto; font-family: sans-serif; line-height: 1.6; color: inherit; background-color: transparent;'> <!-- Secci\u00f3n de videos --> <\/p>\n<div style='display: flex; flex-wrap: wrap; gap: 30px; margin-bottom: 30px;'>\n<div style='flex: 1 1 300px; min-width: 280px;'>\n<div style='position: relative; padding-bottom: 56.25%; height: 0; overflow: hidden; margin-bottom: 30px;'>   <\/div>\n<\/p><\/div>\n<div style='flex: 1 1 300px; min-width: 280px;'>\n<div style='position: relative; padding-bottom: 56.25%; height: 0; overflow: hidden; margin-bottom: 30px;'>   <\/div>\n<\/p><\/div>\n<div style='flex: 1 1 300px; min-width: 280px;'>\n<div style='position: relative; padding-bottom: 56.25%; height: 0; overflow: hidden; margin-bottom: 30px;'>   <\/div>\n<\/p><\/div>\n<\/p><\/div>\n<p> <!-- Descripci\u00f3n principal --> <\/p>\n<div style='margin-bottom: 30px;'>\n<p>El dise\u00f1o del portero <strong>i20S<\/strong> se basa en la experiencia y conocimiento de Fanvil&comma; i20S est\u00e1n utilizando est\u00e1ndares y protocolos IP \/ RTP \/ RTSP para transmisi\u00f3n de voz y disfrute de las ventajas de gama completa de compatibilidad. i20S tiene una variedad de caracter\u00edsticas de nivel empresarial y compatible con muchas plataformas importantes&comma; como 3CX&comma; Asterisk&comma; Broadsoft&comma; Elastix&comma; etc.<\/p>\n<p>El portero IP i20S est\u00e1 dise\u00f1ado para funcionar en condiciones interiores. La robusta construcci\u00f3n mec\u00e1nica ofrece calificaci\u00f3n de protecci\u00f3n de la cobertura contra el polvo y el agua (IP65).<\/p>\n<p>El i20S es un dispositivo econ\u00f3mico con triple funci\u00f3n (Todo en 1) &#8211; <strong>Control de acceso por llamada&comma; c\u00f3digo y tarjeta RFID<\/strong><\/p>\n<\/p><\/div>\n<p> <!-- Imagen --> <\/p>\n<div style='margin-bottom: 30px;'> <img style='width: 100%; height: auto; border: 1px solid rgba(150&comma;150&comma;150&comma;0.3); border-radius: 8px;' src='https:\/\/ftp3.syscom.mx\/usuarios\/esanchez\/FANVIL\/i20s\/i20s.gif' alt=''> <\/div>\n<p> <!-- Caracter\u00edsticas principales --> <\/p>\n<div style='margin-bottom: 30px;'>\n<h3 style='font-size: 22px; border-bottom: 2px solid currentColor; padding-bottom: 5px; margin-top: 0; color: inherit; opacity: 0.8;'>Caracter\u00edsticas principales<\/h3>\n<ul style='padding-left: 20px; font-size: 15px; color: inherit;'>\n<li>2 l\u00edneas SIP<\/li>\n<li>PoE habilitado<\/li>\n<li>Speaker Altavoz d\u00faplex completo (HF)<\/li>\n<li>Teclas inteligentes DSS (Marcaci\u00f3n r\u00e1pida)<\/li>\n<li>Montaje en pared<\/li>\n<li>Lector de tarjeta RFID integrado (EM4100&comma; 125 KHz) y IC(MIFARE ONE&comma; 13.56 MHz).<\/li>\n<li>Relevador integrado<\/li>\n<li>Fuente de alimentaci\u00f3n externa<\/li>\n<li>Todo en uno: control de acceso&comma; intercomunicaci\u00f3n y radiodifusi\u00f3n<\/li>\n<li>Control de acceso por llamada&comma; c\u00f3digo&comma; tarjeta RFID<\/li>\n<\/ul><\/div>\n<p> <!-- Caracter\u00edsticas f\u00edsicas y el\u00e9ctricas --> <\/p>\n<div style='margin-bottom: 30px;'>\n<h3 style='font-size: 22px; border-bottom: 2px solid currentColor; padding-bottom: 5px; margin-top: 0; color: inherit; opacity: 0.8;'>Caracter\u00edsticas f\u00edsicas y el\u00e9ctricas<\/h3>\n<ul style='padding-left: 20px; font-size: 15px; color: inherit;'>\n<li>1 puerto RJ45 WAN 10 \/ 100 Mbps<\/li>\n<li>PoE: 802.3af (Clase 3 &#8211; 6.49 ~ 12.95W)<\/li>\n<li>Interruptor pasivo (salida de cortocircuito): Contactos NC \/ NA&comma; MAX 30V \/ 1A AC\/DC<\/li>\n<li>Alimentacion v\u00eda PoE 802.3af o 12Vcc y 0.7A (fuente no incluida).<\/li>\n<li>Altavoz: 4\u03a9 \/ 3W<\/li>\n<li>Fuente de alimentaci\u00f3n: 12V \/ 1A DC o PoE (no incluye fuente de alimentacion)<\/li>\n<li>Material de la carcasa: panel de metal&comma; sumidero de ABS<\/li>\n<li>Nivel de protecci\u00f3n: IP65<\/li>\n<li>Temperatura de trabajo: -10 ~ 60 \u2103<\/li>\n<li>Temperatura de almacenamiento: -40 ~ 70 \u2103 l Humedad de trabajo: 10 ~ 90%<\/li>\n<li>Peso del dispositivo: 300g<\/li>\n<\/ul><\/div>\n<p> <!-- Compatibilidad --> <\/p>\n<div style='margin-bottom: 30px;'>\n<h3 style='font-size: 22px; border-bottom: 2px solid currentColor; padding-bottom: 5px; margin-top: 0; color: inherit; opacity: 0.8;'>Integraci\u00f3n y funcionalidad<\/h3>\n<p>Integraci\u00f3n y funcionabilidad con tel\u00e9fonos IP Fanvil&comma; X3SP&comma; X3S&comma; X3G&comma; X4&comma; X4G&comma; X5S&comma; X6<\/p>\n<p> <img style='width: 100%; height: auto; border: 1px solid rgba(150&comma;150&comma;150&comma;0.3); border-radius: 8px;' src='https:\/\/ftp3.syscom.mx\/usuarios\/esanchez\/FANVIL\/i20s\/i20sf.gif' alt=''> <\/div>\n<p> <!-- Topolog\u00eda de conexi\u00f3n 1 --> <\/p>\n<div style='margin-bottom: 30px;'>\n<h3 style='font-size: 22px; border-bottom: 2px solid currentColor; padding-bottom: 5px; margin-top: 0; color: inherit; opacity: 0.8;'>Topolog\u00eda de conexi\u00f3n con conmutador IP (IP-PBX)<\/h3>\n<p> <img style='width: 100%; height: auto; border: 1px solid rgba(150&comma;150&comma;150&comma;0.3); border-radius: 8px;' src='https:\/\/ftp3.syscom.mx\/usuarios\/esanchez\/FANVIL\/i20s\/Captura de pantalla 2019-11-01 a la(s) 13.00.21.png' alt=''> <\/div>\n<p> <!-- Topolog\u00eda de conexi\u00f3n 2 --> <\/p>\n<div style='margin-bottom: 30px;'>\n<h3 style='font-size: 22px; border-bottom: 2px solid currentColor; padding-bottom: 5px; margin-top: 0; color: inherit; opacity: 0.8;'>Topolog\u00eda de conexi\u00f3n sin conmutador IP<\/h3>\n<p> <img style='width: 100%; height: auto; border: 1px solid rgba(150&comma;150&comma;150&comma;0.3); border-radius: 8px;' src='https:\/\/ftp3.syscom.mx\/usuarios\/esanchez\/FANVIL\/i20s\/Captura de pantalla 2019-11-01 a la(s) 13.00.35.png' alt=''> <\/div>\n<\/p><\/div>\n","protected":false},"excerpt":{"rendered":"<p>Audio Portero IP con 2 l\u00edneas SIP, relevador integrado, teclado num\u00e9rico y lectora de tarjetas RFID para control de acceso, PoE<\/p>\n","protected":false},"featured_media":30551,"comment_status":"open","ping_status":"closed","template":"","meta":[],"product_brand":[],"product_cat":[907],"product_tag":[859,908,557],"class_list":{"0":"post-30552","1":"product","2":"type-product","3":"status-publish","4":"has-post-thumbnail","6":"product_cat-interfones","7":"product_tag-fanvil","8":"product_tag-interfones","9":"product_tag-videoporteros-e-interfonos","11":"first","12":"outofstock","13":"sale","14":"shipping-taxable","15":"purchasable","16":"product-type-simple"},"_links":{"self":[{"href":"https:\/\/soydeaqui.ddns.net\/pachuca\/index.php\/wp-json\/wp\/v2\/product\/30552","targetHints":{"allow":["GET"]}}],"collection":[{"href":"https:\/\/soydeaqui.ddns.net\/pachuca\/index.php\/wp-json\/wp\/v2\/product"}],"about":[{"href":"https:\/\/soydeaqui.ddns.net\/pachuca\/index.php\/wp-json\/wp\/v2\/types\/product"}],"replies":[{"embeddable":true,"href":"https:\/\/soydeaqui.ddns.net\/pachuca\/index.php\/wp-json\/wp\/v2\/comments?post=30552"}],"wp:featuredmedia":[{"embeddable":true,"href":"https:\/\/soydeaqui.ddns.net\/pachuca\/index.php\/wp-json\/wp\/v2\/media\/30551"}],"wp:attachment":[{"href":"https:\/\/soydeaqui.ddns.net\/pachuca\/index.php\/wp-json\/wp\/v2\/media?parent=30552"}],"wp:term":[{"taxonomy":"product_brand","embeddable":true,"href":"https:\/\/soydeaqui.ddns.net\/pachuca\/index.php\/wp-json\/wp\/v2\/product_brand?post=30552"},{"taxonomy":"product_cat","embeddable":true,"href":"https:\/\/soydeaqui.ddns.net\/pachuca\/index.php\/wp-json\/wp\/v2\/product_cat?post=30552"},{"taxonomy":"product_tag","embeddable":true,"href":"https:\/\/soydeaqui.ddns.net\/pachuca\/index.php\/wp-json\/wp\/v2\/product_tag?post=30552"}],"curies":[{"name":"wp","href":"https:\/\/api.w.org\/{rel}","templated":true}]}}