{"id":30473,"date":"2026-03-18T13:48:12","date_gmt":"2026-03-18T13:48:12","guid":{"rendered":"https:\/\/soydeaqui.ddns.net\/pachuca\/index.php\/producto\/biolite-lector-de-huella-y-teclado-standalone-diseno-compacto-y-elegante-proteccion-ip65\/"},"modified":"2026-03-18T13:48:18","modified_gmt":"2026-03-18T13:48:18","slug":"biolite-lector-de-huella-y-teclado-standalone-diseno-compacto-y-elegante-proteccion-ip65","status":"publish","type":"product","link":"https:\/\/soydeaqui.ddns.net\/pachuca\/index.php\/producto\/biolite-lector-de-huella-y-teclado-standalone-diseno-compacto-y-elegante-proteccion-ip65\/","title":{"rendered":"BioLite Lector de Huella y Teclado \/ Standalone \/ Dise\u00f1o Compacto y Elegante \/ Protecci\u00f3n IP65"},"content":{"rendered":"<div style='width: 100%; max-width: 1200px; margin: 0 auto; font-family: sans-serif; line-height: 1.6; color: inherit; background-color: transparent;'> <!-- Descripci\u00f3n principal --> <\/p>\n<div style='margin-bottom: 30px;'>\n<p style='font-size: 16px; color: inherit; margin-top: 0; margin-bottom: 15px;'> BioLite es una terminal compacta para instalaciones m\u00e1s est\u00e9ticas&comma; en la que el espacio requiere de lectores m\u00e1s delgados y modernos <\/p>\n<\/p><\/div>\n<p> <!-- Secci\u00f3n de caracter\u00edsticas --> <\/p>\n<div style='display: flex; flex-wrap: wrap; gap: 30px; margin-bottom: 30px;'>\n<div style='flex: 1 1 300px; min-width: 280px;'>\n<h3 style='font-size: 22px; border-bottom: 2px solid currentColor; padding-bottom: 5px; margin-top: 0; color: inherit; opacity: 0.8;'>Caracter\u00edsticas<\/h3>\n<ul style='padding-left: 20px; font-size: 15px; color: inherit;'>\n<li style='margin-bottom: 5px;'><strong>Grado de Protecci\u00f3n:<\/strong> IP65<\/li>\n<li style='margin-bottom: 5px;'><strong>Pantalla:<\/strong> LCD 128&#215;64 (Monocrom\u00e1tica)<\/li>\n<li style='margin-bottom: 5px;'><strong>Salida:<\/strong> Relevador<\/li>\n<li style='margin-bottom: 5px;'><strong>Usuarios (1:1):<\/strong> 200<\/li>\n<li style='margin-bottom: 5px;'><strong>Usuarios (1:N):<\/strong> 200<\/li>\n<li style='margin-bottom: 5px;'><strong>Plantillas (huellas) (1:1):<\/strong> 800<\/li>\n<li style='margin-bottom: 5px;'><strong>Plantillas (huellas) (1:N):<\/strong> 800<\/li>\n<li style='margin-bottom: 5px;'><strong>Certificados:<\/strong> CE&comma; FCC&comma; KC&comma; RoHS<\/li>\n<li style='margin-bottom: 5px;'><strong>Alimentaci\u00f3n:<\/strong> 12 Vcc&comma; 1 A (fuente no incluida)<\/li>\n<li style='margin-bottom: 5px;'><strong>Dimensiones:<\/strong> 60 x 185 x 40 mm<\/li>\n<li style='margin-bottom: 5px;'><strong>Garant\u00eda:<\/strong> 1 A\u00f1o<\/li>\n<\/ul><\/div>\n<\/p><\/div>\n<p> <!-- Nota importante --> <\/p>\n<div style='margin-bottom: 30px; padding: 15px; border-left: 4px solid rgba(255&comma; 87&comma; 34&comma; 0.8); background-color: rgba(255&comma; 87&comma; 34&comma; 0.05); color: inherit;'>\n<p style='margin: 0; font-size: 15px;'> <strong>Nota:<\/strong> BLSOC no cuenta con detecci\u00f3n de dedo vivo <\/p>\n<\/p><\/div>\n<\/p><\/div>\n","protected":false},"excerpt":{"rendered":"<p>BioLite Lector de Huella y Teclado \/ Standalone \/ Dise\u00f1o Compacto y Elegante \/ Protecci\u00f3n IP65<\/p>\n","protected":false},"featured_media":30472,"comment_status":"open","ping_status":"closed","template":"","meta":[],"product_brand":[],"product_cat":[743],"product_tag":[744,745,798],"class_list":{"0":"post-30473","1":"product","2":"type-product","3":"status-publish","4":"has-post-thumbnail","6":"product_cat-para-tiempo-y-asistencia-checadores","7":"product_tag-biometricos","8":"product_tag-para-tiempo-y-asistencia-checadores","9":"product_tag-suprema","11":"first","12":"outofstock","13":"sale","14":"shipping-taxable","15":"purchasable","16":"product-type-simple"},"_links":{"self":[{"href":"https:\/\/soydeaqui.ddns.net\/pachuca\/index.php\/wp-json\/wp\/v2\/product\/30473","targetHints":{"allow":["GET"]}}],"collection":[{"href":"https:\/\/soydeaqui.ddns.net\/pachuca\/index.php\/wp-json\/wp\/v2\/product"}],"about":[{"href":"https:\/\/soydeaqui.ddns.net\/pachuca\/index.php\/wp-json\/wp\/v2\/types\/product"}],"replies":[{"embeddable":true,"href":"https:\/\/soydeaqui.ddns.net\/pachuca\/index.php\/wp-json\/wp\/v2\/comments?post=30473"}],"wp:featuredmedia":[{"embeddable":true,"href":"https:\/\/soydeaqui.ddns.net\/pachuca\/index.php\/wp-json\/wp\/v2\/media\/30472"}],"wp:attachment":[{"href":"https:\/\/soydeaqui.ddns.net\/pachuca\/index.php\/wp-json\/wp\/v2\/media?parent=30473"}],"wp:term":[{"taxonomy":"product_brand","embeddable":true,"href":"https:\/\/soydeaqui.ddns.net\/pachuca\/index.php\/wp-json\/wp\/v2\/product_brand?post=30473"},{"taxonomy":"product_cat","embeddable":true,"href":"https:\/\/soydeaqui.ddns.net\/pachuca\/index.php\/wp-json\/wp\/v2\/product_cat?post=30473"},{"taxonomy":"product_tag","embeddable":true,"href":"https:\/\/soydeaqui.ddns.net\/pachuca\/index.php\/wp-json\/wp\/v2\/product_tag?post=30473"}],"curies":[{"name":"wp","href":"https:\/\/api.w.org\/{rel}","templated":true}]}}