{"id":30234,"date":"2026-03-18T13:42:39","date_gmt":"2026-03-18T13:42:39","guid":{"rendered":"https:\/\/soydeaqui.ddns.net\/pachuca\/index.php\/producto\/lector-de-largo-alcance-uhf-hasta-6-m\/"},"modified":"2026-03-18T13:42:44","modified_gmt":"2026-03-18T13:42:44","slug":"lector-de-largo-alcance-uhf-hasta-6-m","status":"publish","type":"product","link":"https:\/\/soydeaqui.ddns.net\/pachuca\/index.php\/producto\/lector-de-largo-alcance-uhf-hasta-6-m\/","title":{"rendered":"Lector de largo alcance, UHF  hasta 6 m"},"content":{"rendered":"<div style='width: 100%; max-width: 1200px; margin: 0 auto; font-family: sans-serif; line-height: 1.6; color: inherit; background-color: transparent;'>\n<div style='display: flex; flex-wrap: wrap; gap: 30px; margin-bottom: 30px;'>\n<div style='flex: 1 1 300px; min-width: 280px;'>\n<h3 style='font-size: 22px; border-bottom: 2px solid currentColor; padding-bottom: 5px; margin-top: 0; color: inherit; opacity: 0.8;'><\/h3>\n<p style='font-size: 15px; color: inherit;'>Nueva version de lectora VERSION2 (compatible solo con protocolo EPCGEN2)<\/p>\n<p style='font-size: 15px; color: inherit;'>Las lectoras RFID de largo alcance AccessPRO pueden ser usadas en un rango amplio de aplicaciones como estacionamientos&comma; conjuntos residenciales&comma; corporativos y cualquier lugar de paso vehicular.<\/p>\n<h3 style='font-size: 18px; color: #005cb9; margin-top: 20px; margin-bottom: 20px;'> <a style='color: #005cb9; text-decoration: none; font-weight: 600;' href='http:\/\/soporte.syscom.mx\/control-de-acceso\/como-configurar-antenas-pro12rf-pro6rf'>Verifique como debe configurar su lectora AQUI<\/a> <\/h3>\n<ul style='padding-left: 20px; font-size: 15px; color: inherit;'>\n<li style='margin-bottom: 5px;'>Hasta 6m de alcance lineal con tags EPCC1GEN2<\/li>\n<li style='margin-bottom: 5px;'>El alcance depende del tipo de tags y lugar de aplicaci\u00f3n<\/li>\n<li style='margin-bottom: 5px;'>Frecuencia 902 a 928 MHz<\/li>\n<li style='margin-bottom: 5px;'>Protocolo: <span style='color: inherit; font-style: italic;'>EPC C1 GEN2 (similar al REPUVE)<\/span><\/li>\n<li style='margin-bottom: 5px;'>Potencia programable: 0 a 30 dBm<\/li>\n<li style='margin-bottom: 5px;'>Salida Wiegand 26 (para tags EPCGEN2)<\/li>\n<li style='margin-bottom: 5px;'>Salida de datos TCP\/IP (opcional)<\/li>\n<li style='margin-bottom: 5px;'>Requiere controlador de acceso<\/li>\n<li style='margin-bottom: 5px;'>Alimentaci\u00f3n: 12 Vcc&comma; 2.5 A (incluida)<\/li>\n<li style='margin-bottom: 5px;'>Tarjetas recomendadas: ACCESSTAGV2&comma; ACCESSMET&comma; ACCESSDUALUP&comma; ACCESSDUALUM<\/li>\n<li style='margin-bottom: 5px;'>Dimensiones: 280 x 280 x 50 mm<\/li>\n<li style='margin-bottom: 5px;'>Peso: 1 kg<\/li>\n<li style='margin-bottom: 5px;'>Debe considerar que otros Tags instalados en el veh\u00edculo pueden interferir en la lectura&comma; es importante calibrar antes de instalar<\/li>\n<li style='margin-bottom: 5px;'>1 A\u00f1o de garant\u00eda<\/li>\n<\/ul>\n<p style='font-weight: bold; font-size: 15px; color: inherit; margin-top: 20px;'>NO COMPATIBLE CON ACCESSTAG<\/p>\n<\/p><\/div>\n<\/p><\/div>\n<div style='display: flex; flex-wrap: wrap; gap: 30px; margin-bottom: 30px;'>\n<div style='flex: 1 1 300px; min-width: 280px;'>\n<h3 style='font-size: 22px; border-bottom: 2px solid currentColor; padding-bottom: 5px; margin-top: 0; color: inherit; opacity: 0.8;'>NOTAS<\/h3>\n<ul style='padding-left: 20px; font-size: 14px; color: inherit; list-style-type: disc;'>\n<li style='margin-bottom: 5px;'>La tecnologia de tags 6B&comma; se descontinua a nivel mundial&comma; favor de ir tomando sus precauciones de disponibilidad y recomendamos que migre a la tecnologia de tags de protocolo EPCGEN2<\/li>\n<li style='margin-bottom: 5px;'>Puede variar la distancia seg\u00fan las condiciones del lugar o sitio y por el tipo de tag<\/li>\n<li style='margin-bottom: 5px;'>Debe considerar que otros Tags instalados en el veh\u00edculo pueden interferir en la lectura&comma; es importante calibrar antes de instalar<\/li>\n<li style='margin-bottom: 5px;'>Debe considerar que en una instalaci\u00f3n t\u00edpica podr\u00eda requerir diferentes tipos de tags de acuerdo al veh\u00edculo<\/li>\n<li style='margin-bottom: 5px;'>Las lectoras y tags de ACCESSPRO&comma; pueden no tener compatibilidad con otros tags o lectores de otras marcas<\/li>\n<li style='margin-bottom: 5px;'>Las lectoras mas recientes son de segunda Generacion y se identifican en la etiqueta con la leyenda de Version2&comma; estas nuevas lectoras solo puede leer EPCGEN2&comma; ya no soporta ISO18000B<\/li>\n<li style='margin-bottom: 5px;'>Se recomienda el uso de caja de conexiones para evitar empates y adhesiones queden expuestas en el exterior&comma; Puede utilizar los montajes RFSOP y RFSOPT que incluyen caja de conexion<\/li>\n<li style='margin-bottom: 5px;'>Solo se da soporte al software suministrado con el equipo o proporcionado por SYSCOM y siempre y cuando se utilice el mismo motor de base de datos que se incluye. Cualquier otra implementaci\u00f3n hacia otro software u otra versi\u00f3n de base de datos&comma; es responsabilidad del integrador o desarrollador a cargo<\/li>\n<li style='margin-bottom: 5px;'>Los precios mostrados en esta tabla pueden cambiar sin previo aviso o ser distintos a los mostrados en el sistema<\/li>\n<\/ul><\/div>\n<\/p><\/div>\n<div style='display: flex; flex-wrap: wrap; gap: 30px; margin-bottom: 30px;'>\n<div style='flex: 1 1 300px; min-width: 280px;'>\n<h3 style='font-size: 22px; border-bottom: 2px solid currentColor; padding-bottom: 5px; margin-top: 0; color: inherit; opacity: 0.8;'>Manuales<\/h3>\n<ul style='padding-left: 20px; font-size: 14px; color: inherit; list-style-type: disc;'>\n<li style='margin-bottom: 5px;'> <a style='color: #005cb9; text-decoration: none;' href='https:\/\/soporte.syscom.mx\/es\/articles\/4757766-control-de-acceso-vehicular-con-tags-uhf-con-barreras-accesspro'>Control de acceso vehicular con tags UHF con barreras AccessPro<\/a> <\/li>\n<li style='margin-bottom: 5px;'> <a style='color: #005cb9; text-decoration: none;' href='https:\/\/soporte.syscom.mx\/es\/?q=Soluci%C3%B3n+para+barreras+y+lector+UHF+cuando+no+hay+caseta.' target='_blank'>Acceso vehicular sin caseta con AccessPRO<\/a> <\/li>\n<\/ul><\/div>\n<\/p><\/div>\n<div style='display: flex; flex-wrap: wrap; margin-bottom: 30px;'>\n<div style='flex: 1 1 100%;'> <img style='width: 100%; height: auto; border: 1px solid rgba(150&comma;150&comma;150&comma;0.3); border-radius: 8px;' src='data:image\/png;base64&comma;iVBORw0KGgoAAAANSUhEUgAAAYcAAADCCAYAAACi\/A4VAAAgAElEQVR4Ae1dS5LjOA71uXyKOoXXc5POg8yiV7mb\/UT0NhcTUdvpC8wFNMEPSBAERMoSZVp+FVEhEQTxeWACIiVLt9vttuA\/MMAcwBzAHMAdEHMgQLLgHxAAAkAACCyL9v8B82B52D3DzMAcAAJAAAgAgY9H4P8B5B71h8Q1W3QAAAAASUVORK5CYII=' alt=''> <\/div>\n<\/p><\/div>\n<hr style='border: 0; border-top: 1px solid rgba(150&comma; 150&comma; 150&comma; 0.3); margin: 30px 0;'> <\/div>\n","protected":false},"excerpt":{"rendered":"<p>Lector de largo alcance, UHF  hasta 6 m<\/p>\n","protected":false},"featured_media":30233,"comment_status":"open","ping_status":"closed","template":"","meta":[],"product_brand":[],"product_cat":[777],"product_tag":[401,93,234],"class_list":{"0":"post-30234","1":"product","2":"type-product","3":"status-publish","4":"has-post-thumbnail","6":"product_cat-accesorios-acceso-vehicular","7":"product_tag-acceso-vehicular","8":"product_tag-accesorios","9":"product_tag-accesspro","11":"first","12":"outofstock","13":"sale","14":"shipping-taxable","15":"purchasable","16":"product-type-simple"},"_links":{"self":[{"href":"https:\/\/soydeaqui.ddns.net\/pachuca\/index.php\/wp-json\/wp\/v2\/product\/30234","targetHints":{"allow":["GET"]}}],"collection":[{"href":"https:\/\/soydeaqui.ddns.net\/pachuca\/index.php\/wp-json\/wp\/v2\/product"}],"about":[{"href":"https:\/\/soydeaqui.ddns.net\/pachuca\/index.php\/wp-json\/wp\/v2\/types\/product"}],"replies":[{"embeddable":true,"href":"https:\/\/soydeaqui.ddns.net\/pachuca\/index.php\/wp-json\/wp\/v2\/comments?post=30234"}],"wp:featuredmedia":[{"embeddable":true,"href":"https:\/\/soydeaqui.ddns.net\/pachuca\/index.php\/wp-json\/wp\/v2\/media\/30233"}],"wp:attachment":[{"href":"https:\/\/soydeaqui.ddns.net\/pachuca\/index.php\/wp-json\/wp\/v2\/media?parent=30234"}],"wp:term":[{"taxonomy":"product_brand","embeddable":true,"href":"https:\/\/soydeaqui.ddns.net\/pachuca\/index.php\/wp-json\/wp\/v2\/product_brand?post=30234"},{"taxonomy":"product_cat","embeddable":true,"href":"https:\/\/soydeaqui.ddns.net\/pachuca\/index.php\/wp-json\/wp\/v2\/product_cat?post=30234"},{"taxonomy":"product_tag","embeddable":true,"href":"https:\/\/soydeaqui.ddns.net\/pachuca\/index.php\/wp-json\/wp\/v2\/product_tag?post=30234"}],"curies":[{"name":"wp","href":"https:\/\/api.w.org\/{rel}","templated":true}]}}