{"id":29759,"date":"2026-03-18T13:32:15","date_gmt":"2026-03-18T13:32:15","guid":{"rendered":"https:\/\/soydeaqui.ddns.net\/pachuca\/index.php\/producto\/sensor-para-control-de-acceso-pir-en-color-blanco-con-solicitud-de-salida\/"},"modified":"2026-03-18T13:32:16","modified_gmt":"2026-03-18T13:32:16","slug":"sensor-para-control-de-acceso-pir-en-color-blanco-con-solicitud-de-salida","status":"publish","type":"product","link":"https:\/\/soydeaqui.ddns.net\/pachuca\/index.php\/producto\/sensor-para-control-de-acceso-pir-en-color-blanco-con-solicitud-de-salida\/","title":{"rendered":"Sensor para Control de Acceso PIR, en Color Blanco, con Solicitud de Salida."},"content":{"rendered":"<div style='width: 100%; max-width: 1200px; margin: 0 auto; font-family: sans-serif; line-height: 1.6; color: inherit; background-color: transparent;'> <!-- Secci\u00f3n de descripci\u00f3n general --> <\/p>\n<div style='margin-bottom: 30px;'>\n<h2 style='font-size: 24px; border-bottom: 2px solid currentColor; padding-bottom: 5px; margin-top: 0; color: inherit; opacity: 0.8;'>Descripci\u00f3n General<\/h2>\n<p style='font-size: 15px; color: inherit; margin-bottom: 15px;'>Los sensores de solicitud de salida RTE de Honeywell ofrecen modelos b\u00e1sicos y completos para satisfacer todas las necesidades de control de acceso. Dise\u00f1ados para instalaci\u00f3n r\u00e1pida y flexible&comma; proporcionan espacio generoso para cableado y cuentan con tapas internas &#8216;a prueba de manipulaciones&#8217; que garantizan una detecci\u00f3n precisa del \u00e1rea objetivo.<\/p>\n<\/p><\/div>\n<p> <!-- Secci\u00f3n de caracter\u00edsticas --> <\/p>\n<div style='display: flex; flex-wrap: wrap; gap: 30px; margin-bottom: 30px;'>\n<div style='flex: 1 1 300px; min-width: 280px;'>\n<h3 style='font-size: 22px; border-bottom: 2px solid currentColor; padding-bottom: 5px; margin-top: 0; color: inherit; opacity: 0.8;'>Caracter\u00edsticas IS320<\/h3>\n<ul style='padding-left: 20px; font-size: 15px; color: inherit;'>\n<li style='margin-bottom: 5px;'>Todas las caracter\u00edsticas del modelo IS310<\/li>\n<li style='margin-bottom: 5px;'>Sirena piezoel\u00e9ctrica con control de volumen<\/li>\n<li style='margin-bottom: 5px;'>Entrada de contacto de puerta<\/li>\n<li style='margin-bottom: 5px;'>Entrada para lector\/teclado\/interruptor<\/li>\n<li style='margin-bottom: 5px;'>Entradas remotas para armado y sirenas<\/li>\n<li style='margin-bottom: 5px;'>Tapa de protecci\u00f3n contra manipulaciones<\/li>\n<\/ul><\/div>\n<div style='flex: 1 1 300px; min-width: 280px;'>\n<h3 style='font-size: 22px; border-bottom: 2px solid currentColor; padding-bottom: 5px; margin-top: 0; color: inherit; opacity: 0.8;'>Caracter\u00edsticas Comunes<\/h3>\n<ul style='padding-left: 20px; font-size: 15px; color: inherit;'>\n<li style='margin-bottom: 5px;'>Tiempo de rel\u00e9 ajustable de 0.5 a 64 segundos<\/li>\n<li style='margin-bottom: 5px;'>Procesamiento de se\u00f1al basado en microprocesador<\/li>\n<li style='margin-bottom: 5px;'>Tapa ajustable &#8216;a prueba de manipulaciones&#8217; para detecci\u00f3n precisa<\/li>\n<li style='margin-bottom: 5px;'>\u00d3ptica giratoria para montaje descentrado<\/li>\n<li style='margin-bottom: 5px;'>Protector contra insectos (&#8216;black bug guard&#8217;) patentado<\/li>\n<li style='margin-bottom: 5px;'>Disponible en color blanco o negro<\/li>\n<\/ul><\/div>\n<\/p><\/div>\n<p> <!-- Secci\u00f3n de especificaciones --> <\/p>\n<div style='display: flex; flex-wrap: wrap; gap: 20px; margin-bottom: 30px;'>\n<div style='flex: 1 1 250px; border: 1px solid rgba(150&comma; 150&comma; 150&comma; 0.4); border-radius: 8px; overflow: hidden; display: flex; flex-direction: column;'>\n<div style='padding: 15px; border-bottom: 1px solid rgba(150&comma; 150&comma; 150&comma; 0.2); font-weight: bold; font-size: 18px; color: inherit;'>Especificaciones T\u00e9cnicas<\/div>\n<div style='padding: 15px; color: inherit;'>\n<ul style='padding-left: 20px; margin: 0; font-size: 14px; list-style-type: disc;'>\n<li style='margin-bottom: 5px;'><strong>Tensi\u00f3n de entrada:<\/strong> 12-24 V AC o DC<\/li>\n<li style='margin-bottom: 5px;'><strong>Corriente en espera:<\/strong> 35mA<\/li>\n<li style='margin-bottom: 5px;'><strong>Indicadores:<\/strong> LED verde (listo)<\/li>\n<li style='margin-bottom: 5px;'><strong>Temperatura de operaci\u00f3n:<\/strong> -10\u00b0C a 50\u00b0C<\/li>\n<li style='margin-bottom: 5px;'><strong>Dimensiones:<\/strong> 17.7cm x 5cm x 5cm<\/li>\n<\/ul><\/div>\n<\/p><\/div>\n<div style='flex: 1 1 250px; border: 1px solid rgba(150&comma; 150&comma; 150&comma; 0.4); border-radius: 8px; overflow: hidden; display: flex; flex-direction: column;'>\n<div style='padding: 15px; border-bottom: 1px solid rgba(150&comma; 150&comma; 150&comma; 0.2); font-weight: bold; font-size: 18px; color: inherit;'>Especificaciones Adicionales<\/div>\n<div style='padding: 15px; color: inherit;'>\n<ul style='padding-left: 20px; margin: 0; font-size: 14px; list-style-type: disc;'>\n<li style='margin-bottom: 5px;'><strong>Rango de detecci\u00f3n:<\/strong> 5.5&#8242; (1.7m) a 15.8&#8242; (4.8m)<\/li>\n<li style='margin-bottom: 5px;'><strong>Velocidad de detecci\u00f3n:<\/strong> 0.5-10 pies\/segundo<\/li>\n<li style='margin-bottom: 5px;'><strong>Salida de rel\u00e9:<\/strong> Dos salidas Form C<\/li>\n<li style='margin-bottom: 5px;'><strong>Modos de seguridad:<\/strong> RTE y Seguridad<\/li>\n<li style='margin-bottom: 5px;'><strong>Interruptor de tapa:<\/strong> 100mA 30VDC<\/li>\n<\/ul><\/div>\n<\/p><\/div>\n<div style='flex: 1 1 250px; border: 1px solid rgba(150&comma; 150&comma; 150&comma; 0.4); border-radius: 8px; overflow: hidden; display: flex; flex-direction: column;'>\n<div style='padding: 15px; border-bottom: 1px solid rgba(150&comma; 150&comma; 150&comma; 0.2); font-weight: bold; font-size: 18px; color: inherit;'>Niveles de Seguridad<\/div>\n<div style='padding: 15px; color: inherit;'>\n<ul style='padding-left: 20px; margin: 0; font-size: 14px; list-style-type: disc;'>\n<li style='margin-bottom: 5px;'>Modo de seguridad a prueba de fallos<\/li>\n<li style='margin-bottom: 5px;'>Monitor de puerta<\/li>\n<li style='margin-bottom: 5px;'>Detecci\u00f3n precisa del \u00e1rea objetivo<\/li>\n<li style='margin-bottom: 5px;'>Dise\u00f1o a prueba de manipulaciones<\/li>\n<\/ul><\/div>\n<\/p><\/div>\n<\/p><\/div>\n<p> <!-- Secci\u00f3n de opciones de montaje --> <\/p>\n<div style='display: flex; flex-wrap: wrap; gap: 30px; margin-bottom: 30px;'>\n<div style='flex: 1 1 300px; min-width: 280px;'>\n<h3 style='font-size: 22px; border-bottom: 2px solid currentColor; padding-bottom: 5px; margin-top: 0; color: inherit; opacity: 0.8;'>Opciones de Montaje<\/h3>\n<ul style='padding-left: 20px; font-size: 15px; color: inherit;'>\n<li style='margin-bottom: 5px;'>\u00d3ptica giratoria para montaje descentrado<\/li>\n<li style='margin-bottom: 5px;'>Tornillos de montaje est\u00e1ndar<\/li>\n<li style='margin-bottom: 5px;'>Dise\u00f1o compacto para f\u00e1cil integraci\u00f3n<\/li>\n<\/ul><\/div>\n<div style='flex: 1 1 300px; min-width: 280px;'>\n<h3 style='font-size: 22px; border-bottom: 2px solid currentColor; padding-bottom: 5px; margin-top: 0; color: inherit; opacity: 0.8;'>Opciones de Color<\/h3>\n<ul style='padding-left: 20px; font-size: 15px; color: inherit;'>\n<li style='margin-bottom: 5px;'>Blanco (IS320WH)<\/li>\n<li style='margin-bottom: 5px;'>Negro (IS320BL)<\/li>\n<\/ul><\/div>\n<\/p><\/div>\n<p> <!-- Separador --> <\/p>\n<hr style='border: 0; border-top: 1px solid rgba(150&comma; 150&comma; 150&comma; 0.3); margin: 30px 0;'> <!-- Secci\u00f3n de garant\u00eda y disponibilidad --> <\/p>\n<div style='margin-bottom: 30px;'>\n<h3 style='font-size: 22px; border-bottom: 2px solid currentColor; padding-bottom: 5px; margin-top: 0; color: inherit; opacity: 0.8;'>Garant\u00eda y Disponibilidad<\/h3>\n<ul style='padding-left: 20px; font-size: 15px; color: inherit;'>\n<li style='margin-bottom: 5px;'><strong>Garant\u00eda:<\/strong> 1 a\u00f1o<\/li>\n<li style='margin-bottom: 5px;'><strong>Disponibilidad:<\/strong> Consultar stock disponible<\/li>\n<\/ul><\/div>\n<\/p><\/div>\n","protected":false},"excerpt":{"rendered":"<p>Sensor para Control de Acceso PIR, en Color Blanco, con Solicitud de Salida.<\/p>\n","protected":false},"featured_media":29758,"comment_status":"open","ping_status":"closed","template":"","meta":[],"product_brand":[],"product_cat":[190],"product_tag":[93,191,45],"class_list":{"0":"post-29759","1":"product","2":"type-product","3":"status-publish","4":"has-post-thumbnail","6":"product_cat-botones-de-salida","7":"product_tag-accesorios","8":"product_tag-botones-de-salida","9":"product_tag-honeywell-home-resideo","11":"first","12":"outofstock","13":"sale","14":"shipping-taxable","15":"purchasable","16":"product-type-simple"},"_links":{"self":[{"href":"https:\/\/soydeaqui.ddns.net\/pachuca\/index.php\/wp-json\/wp\/v2\/product\/29759","targetHints":{"allow":["GET"]}}],"collection":[{"href":"https:\/\/soydeaqui.ddns.net\/pachuca\/index.php\/wp-json\/wp\/v2\/product"}],"about":[{"href":"https:\/\/soydeaqui.ddns.net\/pachuca\/index.php\/wp-json\/wp\/v2\/types\/product"}],"replies":[{"embeddable":true,"href":"https:\/\/soydeaqui.ddns.net\/pachuca\/index.php\/wp-json\/wp\/v2\/comments?post=29759"}],"wp:featuredmedia":[{"embeddable":true,"href":"https:\/\/soydeaqui.ddns.net\/pachuca\/index.php\/wp-json\/wp\/v2\/media\/29758"}],"wp:attachment":[{"href":"https:\/\/soydeaqui.ddns.net\/pachuca\/index.php\/wp-json\/wp\/v2\/media?parent=29759"}],"wp:term":[{"taxonomy":"product_brand","embeddable":true,"href":"https:\/\/soydeaqui.ddns.net\/pachuca\/index.php\/wp-json\/wp\/v2\/product_brand?post=29759"},{"taxonomy":"product_cat","embeddable":true,"href":"https:\/\/soydeaqui.ddns.net\/pachuca\/index.php\/wp-json\/wp\/v2\/product_cat?post=29759"},{"taxonomy":"product_tag","embeddable":true,"href":"https:\/\/soydeaqui.ddns.net\/pachuca\/index.php\/wp-json\/wp\/v2\/product_tag?post=29759"}],"curies":[{"name":"wp","href":"https:\/\/api.w.org\/{rel}","templated":true}]}}