{"id":29576,"date":"2026-03-18T13:28:08","date_gmt":"2026-03-18T13:28:08","guid":{"rendered":"https:\/\/soydeaqui.ddns.net\/pachuca\/index.php\/producto\/c3100-panel-de-control-de-acceso-para-1-puerta-facil-administracion-30000-tarjetas-incluye-gabinete-y-fuente-de-alimentacion-12vcc-3a-software-gratis\/"},"modified":"2026-03-18T13:28:12","modified_gmt":"2026-03-18T13:28:12","slug":"c3100-panel-de-control-de-acceso-para-1-puerta-facil-administracion-30000-tarjetas-incluye-gabinete-y-fuente-de-alimentacion-12vcc-3a-software-gratis","status":"publish","type":"product","link":"https:\/\/soydeaqui.ddns.net\/pachuca\/index.php\/producto\/c3100-panel-de-control-de-acceso-para-1-puerta-facil-administracion-30000-tarjetas-incluye-gabinete-y-fuente-de-alimentacion-12vcc-3a-software-gratis\/","title":{"rendered":"C3100 Panel de Control de Acceso para 1 Puerta \/ F\u00e1cil Administraci\u00f3n \/ 30,000 Tarjetas \/ Incluye Gabinete y Fuente de Alimentaci\u00f3n 12Vcc\/3A \/ Software GRATIS"},"content":{"rendered":"<div style='width: 100%; max-width: 1200px; margin: 0 auto; font-family: sans-serif; line-height: 1.6; color: inherit; background-color: transparent;'> <!-- Secci\u00f3n de caracter\u00edsticas --> <\/p>\n<div style='display: flex; flex-wrap: wrap; gap: 30px; margin-bottom: 30px;'>\n<div style='flex: 1 1 300px; min-width: 280px;'>\n<h3 style='font-size: 22px; border-bottom: 2px solid currentColor; padding-bottom: 5px; margin-top: 0; color: inherit; opacity: 0.8;'>Funciones<\/h3>\n<ul style='padding-left: 20px; font-size: 15px; color: inherit;'>\n<li style='margin-bottom: 5px;'>Control de Acceso<\/li>\n<\/ul><\/div>\n<div style='flex: 1 1 300px; min-width: 280px;'>\n<h3 style='font-size: 22px; border-bottom: 2px solid currentColor; padding-bottom: 5px; margin-top: 0; color: inherit; opacity: 0.8;'>Capacidad<\/h3>\n<ul style='padding-left: 20px; font-size: 15px; color: inherit;'>\n<li style='margin-bottom: 5px;'><strong>Tarjetas:<\/strong> 30&comma;000<\/li>\n<li style='margin-bottom: 5px;'><strong>Contrase\u00f1as:<\/strong> 30&comma;000<\/li>\n<li style='margin-bottom: 5px;'><strong>Eventos:<\/strong> 100&comma;000<\/li>\n<li style='margin-bottom: 5px;'>Memoria de Eventos Expandible con Memoria SD&comma; hasta 32GB<\/li>\n<\/ul><\/div>\n<div style='flex: 1 1 300px; min-width: 280px;'>\n<h3 style='font-size: 22px; border-bottom: 2px solid currentColor; padding-bottom: 5px; margin-top: 0; color: inherit; opacity: 0.8;'>Comunicaci\u00f3n<\/h3>\n<ul style='padding-left: 20px; font-size: 15px; color: inherit;'>\n<li style='margin-bottom: 5px;'><strong>TCP\/IP<\/strong> y <strong>RS485<\/strong><\/li>\n<li style='margin-bottom: 5px;'>Entrada Wiegand Multi-Formato<\/li>\n<\/ul><\/div>\n<div style='flex: 1 1 300px; min-width: 280px;'>\n<h3 style='font-size: 22px; border-bottom: 2px solid currentColor; padding-bottom: 5px; margin-top: 0; color: inherit; opacity: 0.8;'>Hardware<\/h3>\n<ul style='padding-left: 20px; font-size: 15px; color: inherit;'>\n<li style='margin-bottom: 5px;'>Gabinete Met\u00e1lico<\/li>\n<li style='margin-bottom: 5px;'>Incluye Fuente de 12Vcc \/ 3A con Cargador de Bater\u00eda (Bater\u00eda no incluida)<\/li>\n<\/ul><\/div>\n<div style='flex: 1 1 300px; min-width: 280px;'>\n<h3 style='font-size: 22px; border-bottom: 2px solid currentColor; padding-bottom: 5px; margin-top: 0; color: inherit; opacity: 0.8;'>Funciones de Control de Acceso<\/h3>\n<ul style='padding-left: 20px; font-size: 15px; color: inherit;'>\n<li style='margin-bottom: 5px;'>Control de Acceso por Horarios y Puertas<\/li>\n<li style='margin-bottom: 5px;'>M\u00e9todos de Verificaci\u00f3n Combinables:<\/li>\n<li style='margin-bottom: 5px; padding-left: 20px;'>\u2022 Tarjeta + Contrase\u00f1a (Con Lector SYSKR602EKB)<\/li>\n<li style='margin-bottom: 5px;'>Verificaci\u00f3n Multi-Usuario<\/li>\n<li style='margin-bottom: 5px;'>Anti-Passback<\/li>\n<li style='margin-bottom: 5px;'>Funci\u00f3n de Relevadores Energizados<\/li>\n<\/ul><\/div>\n<div style='flex: 1 1 300px; min-width: 280px;'>\n<h3 style='font-size: 22px; border-bottom: 2px solid currentColor; padding-bottom: 5px; margin-top: 0; color: inherit; opacity: 0.8;'>Conexiones<\/h3>\n<ul style='padding-left: 20px; font-size: 15px; color: inherit;'>\n<li style='margin-bottom: 5px;'>1 Salida de Relevador NC\/NO\/COM Para Chapa<\/li>\n<li style='margin-bottom: 5px;'>1 Salida de Relevador Auxiliar NC\/NO\/COM<\/li>\n<li style='margin-bottom: 5px;'>Bot\u00f3n de Salida y Sensor Magn\u00e9tico<\/li>\n<\/ul><\/div>\n<div style='flex: 1 1 300px; min-width: 280px;'>\n<h3 style='font-size: 22px; border-bottom: 2px solid currentColor; padding-bottom: 5px; margin-top: 0; color: inherit; opacity: 0.8;'>Alimentaci\u00f3n<\/h3>\n<ul style='padding-left: 20px; font-size: 15px; color: inherit;'>\n<li style='margin-bottom: 5px;'><strong>12Vcc<\/strong> \/ <strong>100mA<\/strong><\/li>\n<li style='margin-bottom: 5px;'>Incluye Fuente de 12Vcc \/ 3A<\/li>\n<\/ul><\/div>\n<div style='flex: 1 1 300px; min-width: 280px;'>\n<h3 style='font-size: 22px; border-bottom: 2px solid currentColor; padding-bottom: 5px; margin-top: 0; color: inherit; opacity: 0.8;'>Lectores Compatibles<\/h3>\n<ul style='padding-left: 20px; font-size: 15px; color: inherit;'>\n<li style='margin-bottom: 5px;'><strong>Proximidad:<\/strong><\/li>\n<li style='margin-bottom: 5px; padding-left: 20px;'>\u2022 SYSKR600E y SYSKR601E<\/li>\n<li style='margin-bottom: 5px; padding-left: 20px;'>\u2022 Soporta 2 Lectores por Puerta<\/li>\n<li style='margin-bottom: 5px;'><strong>Proximidad con Teclado:<\/strong><\/li>\n<li style='margin-bottom: 5px; padding-left: 20px;'>\u2022 SYSKR602EKB<\/li>\n<li style='margin-bottom: 5px; padding-left: 20px;'>\u2022 Soporta 2 Lectores por Puerta<\/li>\n<li style='margin-bottom: 5px;'><strong>Lectores de Largo Alcance:<\/strong><\/li>\n<li style='margin-bottom: 5px; padding-left: 20px;'>\u2022 PRO6RF y PRO12RF<\/li>\n<li style='margin-bottom: 5px; padding-left: 20px;'>\u2022 Soporta 2 Lectores por Puerta<\/li>\n<\/ul><\/div>\n<div style='flex: 1 1 300px; min-width: 280px;'>\n<h3 style='font-size: 22px; border-bottom: 2px solid currentColor; padding-bottom: 5px; margin-top: 0; color: inherit; opacity: 0.8;'>Compatibilidad<\/h3>\n<ul style='padding-left: 20px; font-size: 15px; color: inherit;'>\n<li style='margin-bottom: 5px;'>Software ZKAccess3.5<\/li>\n<\/ul><\/div>\n<div style='flex: 1 1 300px; min-width: 280px;'>\n<h3 style='font-size: 22px; border-bottom: 2px solid currentColor; padding-bottom: 5px; margin-top: 0; color: inherit; opacity: 0.8;'>Informaci\u00f3n Adicional<\/h3>\n<ul style='padding-left: 20px; font-size: 15px; color: inherit;'>\n<li style='margin-bottom: 5px;'><strong>Temperatura de Operaci\u00f3n:<\/strong> 0 a 55 \u00b0C<\/li>\n<li style='margin-bottom: 5px;'><strong>Dimensiones:<\/strong> 380 x 290 x 80 mm<\/li>\n<li style='margin-bottom: 5px;'>Incluye Software de Administraci\u00f3n en Espa\u00f1ol<\/li>\n<li style='margin-bottom: 5px;'>1 A\u00f1o de Garant\u00eda<\/li>\n<\/ul><\/div>\n<div style='flex: 1 1 300px; min-width: 280px;'>\n<h3 style='font-size: 22px; border-bottom: 2px solid currentColor; padding-bottom: 5px; margin-top: 0; color: inherit; opacity: 0.8;'>Notas<\/h3>\n<ul style='padding-left: 20px; font-size: 15px; color: inherit;'>\n<li style='margin-bottom: 5px;'><strong>Este panel no es compatible con biometr\u00eda<\/strong><\/li>\n<li style='margin-bottom: 5px;'>Solo se da soporte del software suministrado con el equipo o proporcionado por SYSCOM&comma; siempre y cuando se utilice el motor de base de datos que incluye&comma; ya que solo as\u00ed se puede garantizar la operaci\u00f3n correcta del software. Cualquier otra implementaci\u00f3n hacia otro software o con otras versiones de base de datos&comma; es responsabilidad del integrador o desarrollador a cargo.<\/li>\n<\/ul><\/div>\n<\/p><\/div>\n<p> <!-- Separador --> <\/p>\n<hr style='border: 0; border-top: 1px solid rgba(150&comma; 150&comma; 150&comma; 0.3); margin: 30px 0;'> <!-- Secci\u00f3n de configuraciones posibles --> <\/p>\n<div style='display: flex; flex-wrap: wrap; gap: 30px; margin-bottom: 30px;'>\n<div style='flex: 1 1 100%;'>\n<h3 style='font-size: 22px; border-bottom: 2px solid currentColor; padding-bottom: 5px; margin-top: 0; color: inherit; opacity: 0.8;'>Configuraciones Posibles<\/h3>\n<p> <img style='width: 100%; height: auto; border: 1px solid rgba(150&comma;150&comma;150&comma;0.3); border-radius: 8px;' src='http:\/\/148.243.99.22\/CONTROL_DE_ACCESO\/ACCESSPRO\/Configuraciones%20Posibles\/sysca2r1d.jpg' alt='sysca2r1d'> <\/div>\n<\/p><\/div>\n<\/p><\/div>\n","protected":false},"excerpt":{"rendered":"<p>C3100 Panel de Control de Acceso para 1 Puerta \/ F\u00e1cil Administraci\u00f3n \/ 30,000 Tarjetas \/ Incluye Gabinete y Fuente de Alimentaci\u00f3n 12Vcc\/3A \/ Software GRATIS<\/p>\n","protected":false},"featured_media":29575,"comment_status":"open","ping_status":"closed","template":"","meta":[],"product_brand":[],"product_cat":[783],"product_tag":[785,784,952],"class_list":{"0":"post-29576","1":"product","2":"type-product","3":"status-publish","4":"has-post-thumbnail","6":"product_cat-controladores-de-acceso","7":"product_tag-controladores-de-acceso","8":"product_tag-paneles-de-control-de-acceso","9":"product_tag-zkteco-accesspro","11":"first","12":"outofstock","13":"sale","14":"shipping-taxable","15":"purchasable","16":"product-type-simple"},"_links":{"self":[{"href":"https:\/\/soydeaqui.ddns.net\/pachuca\/index.php\/wp-json\/wp\/v2\/product\/29576","targetHints":{"allow":["GET"]}}],"collection":[{"href":"https:\/\/soydeaqui.ddns.net\/pachuca\/index.php\/wp-json\/wp\/v2\/product"}],"about":[{"href":"https:\/\/soydeaqui.ddns.net\/pachuca\/index.php\/wp-json\/wp\/v2\/types\/product"}],"replies":[{"embeddable":true,"href":"https:\/\/soydeaqui.ddns.net\/pachuca\/index.php\/wp-json\/wp\/v2\/comments?post=29576"}],"wp:featuredmedia":[{"embeddable":true,"href":"https:\/\/soydeaqui.ddns.net\/pachuca\/index.php\/wp-json\/wp\/v2\/media\/29575"}],"wp:attachment":[{"href":"https:\/\/soydeaqui.ddns.net\/pachuca\/index.php\/wp-json\/wp\/v2\/media?parent=29576"}],"wp:term":[{"taxonomy":"product_brand","embeddable":true,"href":"https:\/\/soydeaqui.ddns.net\/pachuca\/index.php\/wp-json\/wp\/v2\/product_brand?post=29576"},{"taxonomy":"product_cat","embeddable":true,"href":"https:\/\/soydeaqui.ddns.net\/pachuca\/index.php\/wp-json\/wp\/v2\/product_cat?post=29576"},{"taxonomy":"product_tag","embeddable":true,"href":"https:\/\/soydeaqui.ddns.net\/pachuca\/index.php\/wp-json\/wp\/v2\/product_tag?post=29576"}],"curies":[{"name":"wp","href":"https:\/\/api.w.org\/{rel}","templated":true}]}}