{"id":2956,"date":"2026-03-18T06:02:51","date_gmt":"2026-03-18T06:02:51","guid":{"rendered":"https:\/\/soydeaqui.ddns.net\/pachuca\/index.php\/producto\/placa-6-espacios-pata-dimmer-o-apagadores-lutron-2\/"},"modified":"2026-03-18T06:02:51","modified_gmt":"2026-03-18T06:02:51","slug":"placa-6-espacios-pata-dimmer-o-apagadores-lutron-2","status":"publish","type":"product","link":"https:\/\/soydeaqui.ddns.net\/pachuca\/index.php\/producto\/placa-6-espacios-pata-dimmer-o-apagadores-lutron-2\/","title":{"rendered":"Placa 6 espacios pata dimmer o apagadores Lutron"},"content":{"rendered":"<div style='width: 100%; max-width: 1200px; margin: 0 auto; font-family: sans-serif; line-height: 1.6; color: inherit; background-color: transparent;'>\n<div style='display: flex; flex-wrap: wrap; gap: 30px; margin-bottom: 30px;'>\n<div style='flex: 1 1 300px; min-width: 280px;'>\n<h3 style='font-size: 22px; border-bottom: 2px solid currentColor; padding-bottom: 5px; margin-top: 0; color: inherit; opacity: 0.8;'>Caracter\u00edsticas Principales<\/h3>\n<ul style='padding-left: 20px; font-size: 15px; color: inherit;'>\n<li style='margin-bottom: 5px;'>Placa de pared&comma; color negro&comma; 6 espacios<\/li>\n<li style='margin-bottom: 5px;'>Dise\u00f1ada para atenuadores (dimmer) y switch on\/off LUTRON o JASCO<\/li>\n<li style='margin-bottom: 5px;'>Compatible con control remoto PICO inal\u00e1mbrico<\/li>\n<li style='margin-bottom: 5px;'>Adecuada para uso en m\u00faltiples l\u00edneas: Caseta Wireless&comma; RA2 Select&comma; RadioRa2&comma; RadioRa3 y VIVE<\/li>\n<\/ul><\/div>\n<div style='flex: 1 1 300px; min-width: 280px;'>\n<h3 style='font-size: 22px; border-bottom: 2px solid currentColor; padding-bottom: 5px; margin-top: 0; color: inherit; opacity: 0.8;'>Especificaciones T\u00e9cnicas<\/h3>\n<ul style='padding-left: 20px; font-size: 15px; color: inherit;'>\n<li style='margin-bottom: 5px;'><strong>Dimensiones:<\/strong> 12.00 in (305 mm) de ancho<\/li>\n<li style='margin-bottom: 5px;'><strong>Altura:<\/strong> 4.69 in (119 mm)<\/li>\n<li style='margin-bottom: 5px;'><strong>Profundidad:<\/strong> 0.30 in (7.6 mm)<\/li>\n<li style='margin-bottom: 5px;'><strong>Acabado:<\/strong> Negro (MN) Satin color code<\/li>\n<li style='margin-bottom: 5px;'><strong>Tipo:<\/strong> SC6MN CC4 (Satin color codes)<\/li>\n<\/ul><\/div>\n<\/p><\/div>\n<div style='display: flex; flex-wrap: wrap; gap: 20px; margin-bottom: 30px;'>\n<div style='flex: 1 1 250px; border: 1px solid rgba(150&comma; 150&comma; 150&comma; 0.4); border-radius: 8px; overflow: hidden; display: flex; flex-direction: column;'>\n<div style='padding: 15px; border-bottom: 1px solid rgba(150&comma; 150&comma; 150&comma; 0.2); font-weight: bold; font-size: 18px; color: inherit;'>Compatibilidad<\/div>\n<div style='padding: 15px; color: inherit;'>\n<ul style='padding-left: 20px; margin: 0; font-size: 14px; list-style-type: disc;'>\n<li style='margin-bottom: 5px;'>Maestro dimmers<\/li>\n<li style='margin-bottom: 5px;'>Maestro IR<\/li>\n<li style='margin-bottom: 5px;'>Maestro Wireless<\/li>\n<li style='margin-bottom: 5px;'>Pico wireless control<\/li>\n<li style='margin-bottom: 5px;'>Spacer System<\/li>\n<li style='margin-bottom: 5px;'>Diva<\/li>\n<li style='margin-bottom: 5px;'>Lyneo Lx<\/li>\n<li style='margin-bottom: 5px;'>Skylark<\/li>\n<li style='margin-bottom: 5px;'>Skylark Contour<\/li>\n<\/ul><\/div>\n<\/p><\/div>\n<div style='flex: 1 1 250px; border: 1px solid rgba(150&comma; 150&comma; 150&comma; 0.4); border-radius: 8px; overflow: hidden; display: flex; flex-direction: column;'>\n<div style='padding: 15px; border-bottom: 1px solid rgba(150&comma; 150&comma; 150&comma; 0.2); font-weight: bold; font-size: 18px; color: inherit;'>Caracter\u00edsticas T\u00e9cnicas<\/div>\n<div style='padding: 15px; color: inherit;'>\n<ul style='padding-left: 20px; margin: 0; font-size: 14px; list-style-type: disc;'>\n<li style='margin-bottom: 5px;'>Dise\u00f1o sin tornillos&comma; sin costuras<\/li>\n<li style='margin-bottom: 5px;'>Placa frontal se fija a presi\u00f3n en el adaptador de alineaci\u00f3n<\/li>\n<li style='margin-bottom: 5px;'>Puede requerir derating cuando se usan varios dimmers<\/li>\n<li style='margin-bottom: 5px;'>Puede usarse con el sistema de separadores para un espaciado adecuado<\/li>\n<\/ul><\/div>\n<\/p><\/div>\n<div style='flex: 1 1 250px; border: 1px solid rgba(150&comma; 150&comma; 150&comma; 0.4); border-radius: 8px; overflow: hidden; display: flex; flex-direction: column;'>\n<div style='padding: 15px; border-bottom: 1px solid rgba(150&comma; 150&comma; 150&comma; 0.2); font-weight: bold; font-size: 18px; color: inherit;'>Aplicaciones<\/div>\n<div style='padding: 15px; color: inherit;'>\n<ul style='padding-left: 20px; margin: 0; font-size: 14px; list-style-type: disc;'>\n<li style='margin-bottom: 5px;'>Instalaci\u00f3n m\u00faltiple de dispositivos con voltaje de l\u00ednea y bajo voltaje<\/li>\n<li style='margin-bottom: 5px;'>Uso con barrera de caja est\u00e1ndar<\/li>\n<li style='margin-bottom: 5px;'>Instalaciones comerciales y residenciales<\/li>\n<li style='margin-bottom: 5px;'>Proyectos de renovaci\u00f3n y nuevos<\/li>\n<\/ul><\/div>\n<\/p><\/div>\n<\/p><\/div>\n<div style='display: flex; flex-wrap: wrap; gap: 30px; margin-bottom: 30px;'>\n<div style='flex: 1 1 300px; min-width: 280px;'>\n<h3 style='font-size: 22px; border-bottom: 2px solid currentColor; padding-bottom: 5px; margin-top: 0; color: inherit; opacity: 0.8;'>Requisitos de Instalaci\u00f3n<\/h3>\n<ul style='padding-left: 20px; font-size: 15px; color: inherit;'>\n<li style='margin-bottom: 5px;'>Puede requerir la remoci\u00f3n de aletas en los dimmers para espaciado adecuado<\/li>\n<li style='margin-bottom: 5px;'>Para m\u00faltiples dimmers&comma; puede ser necesario derating (reducci\u00f3n de capacidad)<\/li>\n<li style='margin-bottom: 5px;'>Para circuitos divididos&comma; se requiere desconexi\u00f3n simult\u00e1nea en el panel (NEC 210.7(C))<\/li>\n<\/ul><\/div>\n<div style='flex: 1 1 300px; min-width: 280px;'>\n<h3 style='font-size: 22px; border-bottom: 2px solid currentColor; padding-bottom: 5px; margin-top: 0; color: inherit; opacity: 0.8;'>Opciones de Personalizaci\u00f3n<\/h3>\n<ul style='padding-left: 20px; font-size: 15px; color: inherit;'>\n<li style='margin-bottom: 5px;'>Disponible con insertos en blanco para colores satinados<\/li>\n<li style='margin-bottom: 5px;'>Posibilidad de grabado personalizado (contactar servicio al cliente)<\/li>\n<\/ul><\/div>\n<\/p><\/div>\n<hr style='border: 0; border-top: 1px solid rgba(150&comma; 150&comma; 150&comma; 0.3); margin: 30px 0;'> <\/div>\n","protected":false},"excerpt":{"rendered":"<p>Placa 6 espacios pata dimmer o apagadores Lutron<\/p>\n","protected":false},"featured_media":2955,"comment_status":"open","ping_status":"closed","template":"","meta":[],"product_brand":[],"product_cat":[90],"product_tag":[30,36,91],"class_list":{"0":"post-2956","1":"product","2":"type-product","3":"status-publish","4":"has-post-thumbnail","6":"product_cat-lutron-maestro","7":"product_tag-automatizacion-casa-inteligente","8":"product_tag-lutron-electronics","9":"product_tag-lutron-maestro","11":"first","12":"outofstock","13":"sale","14":"shipping-taxable","15":"purchasable","16":"product-type-simple"},"_links":{"self":[{"href":"https:\/\/soydeaqui.ddns.net\/pachuca\/index.php\/wp-json\/wp\/v2\/product\/2956","targetHints":{"allow":["GET"]}}],"collection":[{"href":"https:\/\/soydeaqui.ddns.net\/pachuca\/index.php\/wp-json\/wp\/v2\/product"}],"about":[{"href":"https:\/\/soydeaqui.ddns.net\/pachuca\/index.php\/wp-json\/wp\/v2\/types\/product"}],"replies":[{"embeddable":true,"href":"https:\/\/soydeaqui.ddns.net\/pachuca\/index.php\/wp-json\/wp\/v2\/comments?post=2956"}],"wp:featuredmedia":[{"embeddable":true,"href":"https:\/\/soydeaqui.ddns.net\/pachuca\/index.php\/wp-json\/wp\/v2\/media\/2955"}],"wp:attachment":[{"href":"https:\/\/soydeaqui.ddns.net\/pachuca\/index.php\/wp-json\/wp\/v2\/media?parent=2956"}],"wp:term":[{"taxonomy":"product_brand","embeddable":true,"href":"https:\/\/soydeaqui.ddns.net\/pachuca\/index.php\/wp-json\/wp\/v2\/product_brand?post=2956"},{"taxonomy":"product_cat","embeddable":true,"href":"https:\/\/soydeaqui.ddns.net\/pachuca\/index.php\/wp-json\/wp\/v2\/product_cat?post=2956"},{"taxonomy":"product_tag","embeddable":true,"href":"https:\/\/soydeaqui.ddns.net\/pachuca\/index.php\/wp-json\/wp\/v2\/product_tag?post=2956"}],"curies":[{"name":"wp","href":"https:\/\/api.w.org\/{rel}","templated":true}]}}