{"id":29511,"date":"2026-03-18T13:26:40","date_gmt":"2026-03-18T13:26:40","guid":{"rendered":"https:\/\/soydeaqui.ddns.net\/pachuca\/index.php\/producto\/fuente-de-respaldo-1a-612-o-24-vcc-acepta-bateria-7ah-4ah-modelo-descontinuado-revisar-sustitutos-en-web\/"},"modified":"2026-03-18T13:26:41","modified_gmt":"2026-03-18T13:26:41","slug":"fuente-de-respaldo-1a-612-o-24-vcc-acepta-bateria-7ah-4ah-modelo-descontinuado-revisar-sustitutos-en-web","status":"publish","type":"product","link":"https:\/\/soydeaqui.ddns.net\/pachuca\/index.php\/producto\/fuente-de-respaldo-1a-612-o-24-vcc-acepta-bateria-7ah-4ah-modelo-descontinuado-revisar-sustitutos-en-web\/","title":{"rendered":"Fuente de Respaldo 1A @ 6,12 o 24 Vcc. Acepta Bater\u00eda 7Ah, 4Ah. (Modelo Descontinuado, Revisar sustitutos en WEB)."},"content":{"rendered":"<div style='width: 100%; max-width: 1200px; margin: 0 auto; font-family: sans-serif; line-height: 1.6; color: inherit; background-color: transparent;'>\n<div style='display: flex; flex-wrap: wrap; gap: 30px; margin-bottom: 30px;'>\n<div style='flex: 1 1 300px; min-width: 280px;'>\n<h3 style='font-size: 22px; border-bottom: 2px solid currentColor; padding-bottom: 5px; margin-top: 0; color: inherit; opacity: 0.8;'>Modelos sustitutos<\/h3>\n<ul style='padding-left: 20px; font-size: 15px; color: inherit;'>\n<li style='margin-bottom: 5px;'><strong>A 6 Vcc:<\/strong> <a style='color: #005cb9; text-decoration: none; font-weight: 600;' href='https:\/\/www.syscom.mx\/principal\/searchcont?route=PRO-6V1A-AccessPRO-69480&#038;autodetect=PRO6V1A'>PRO-6V1A (Consultar disponibilidad)<\/a><\/li>\n<li style='margin-bottom: 5px;'><strong>A 12 Vcc:<\/strong> <a style='color: #005cb9; text-decoration: none; font-weight: 600;' href='https:\/\/www.syscom.mx\/principal\/searchcont?route=PRO-12V-1AK-AccessPRO-71795&#038;autodetect=PRO12V1A'>PRO-12V-1AK (Incluye Bater\u00eda)<\/a><\/li>\n<li style='margin-bottom: 5px;'><strong>A 24 Vcc:<\/strong> Puede suplirse por separado: <a style='color: #005cb9; text-decoration: none; font-weight: 600;' href='https:\/\/www.syscom.mx\/principal\/searchcont?route=ELKP-624U-ELK-PRODUCTS-71793&#038;autodetect=ELKP624U'>ELKP-624U<\/a> + <a style='color: #005cb9; text-decoration: none; font-weight: 600;' href='https:\/\/www.syscom.mx\/principal\/searchcont?route=GOF-01XT-EPCOM-INDUSTRIAL-17434&#038;autodetect=GOF01XT'>GOF-01XT<\/a> + <a style='color: #005cb9; text-decoration: none; font-weight: 600;' href='https:\/\/www.syscom.mx\/principal\/searchcont?route=EL-KP-624KIT-EPCOM-71794&#038;autodetect=ELKP624KIT'>EL-KP-624KIT<\/a> + <a style='color: #005cb9; text-decoration: none; font-weight: 600;' href='https:\/\/www.syscom.mx\/principal\/searchcont?route=RT2440L-SYSCOM-28488&#038;autodetect=RT2440L'>RT2440L<\/a> (no incluye bater\u00eda)<\/li>\n<\/ul><\/div>\n<\/p><\/div>\n<hr style='border: 0; border-top: 1px solid rgba(150&comma; 150&comma; 150&comma; 0.3); margin: 30px 0;'>\n<div style='display: flex; flex-wrap: wrap; gap: 30px; margin-bottom: 30px;'>\n<div style='flex: 1 1 300px; min-width: 280px;'>\n<h3 style='font-size: 22px; border-bottom: 2px solid currentColor; padding-bottom: 5px; margin-top: 0; color: inherit; opacity: 0.8;'>Caracter\u00edsticas destacadas<\/h3>\n<ul style='padding-left: 20px; font-size: 15px; color: inherit;'>\n<li style='margin-bottom: 5px;'>Fuente con cargador de bater\u00edas 1.2 A M\u00e1x&comma; 6&comma; 12 \u00f3 24 Vcc<\/li>\n<li style='margin-bottom: 5px;'>Terminales para una conexi\u00f3n segura<\/li>\n<li style='margin-bottom: 5px;'>Supresi\u00f3n de Flujos de Voltaje<\/li>\n<li style='margin-bottom: 5px;'>Capacidad para bater\u00eda de respaldo de 4 Ah \u00f3 7 Ah (no incluida&comma; seg\u00fan el modelo)<\/li>\n<li style='margin-bottom: 5px;'>El transformador requerido para la fuente depende del voltaje de salida deseado:<\/li>\n<ul style='padding-left: 20px; margin-top: 5px; margin-bottom: 5px;'>\n<li style='margin-bottom: 5px;'>6 Vcc RT1220<\/li>\n<li style='margin-bottom: 5px;'>12 Vcc RT1440\/16<\/li>\n<li style='margin-bottom: 5px;'>24 Vcc RT2440<\/li>\n<\/ul>\n<li style='margin-bottom: 5px;'><strong>No incluye bater\u00eda y transformador<\/strong><\/li>\n<li style='margin-bottom: 5px;'><strong>No deje desprotegido su control de acceso&comma; agregue su respaldo para chapas magn\u00e9ticas<\/strong><\/li>\n<\/ul><\/div>\n<\/p><\/div>\n<hr style='border: 0; border-top: 1px solid rgba(150&comma; 150&comma; 150&comma; 0.3); margin: 30px 0;'>\n<div style='display: flex; flex-wrap: wrap; gap: 30px; margin-bottom: 30px;'>\n<div style='flex: 1 1 300px; min-width: 280px;'>\n<h3 style='font-size: 22px; border-bottom: 2px solid currentColor; padding-bottom: 5px; margin-top: 0; color: inherit; opacity: 0.8;'>Ejemplo de Instalaci\u00f3n<\/h3>\n<p style='font-size: 15px; color: inherit; margin-bottom: 15px;'>EJEMPLO DE INSTALACI\u00d3N CON ROSSLARE ACQ44 Y ACCESORIOS ACCESSPRO<\/p>\n<p> <img style='width: 100%; height: auto; border: 1px solid rgba(150&comma;150&comma;150&comma;0.3); border-radius: 8px;' src='http:\/\/148.223.3.142\/archivos\/jvillela\/DIAGRAMA.png' alt='Diagrama de instalaci\u00f3n'> <\/div>\n<\/p><\/div>\n<\/p><\/div>\n","protected":false},"excerpt":{"rendered":"<p>Fuente de Respaldo 1A @ 6,12 o 24 Vcc. Acepta Bater\u00eda 7Ah, 4Ah. (Modelo Descontinuado, Revisar sustitutos en WEB).<\/p>\n","protected":false},"featured_media":29510,"comment_status":"open","ping_status":"closed","template":"","meta":[],"product_brand":[],"product_cat":[558],"product_tag":[457,559,63],"class_list":{"0":"post-29511","1":"product","2":"type-product","3":"status-publish","4":"has-post-thumbnail","6":"product_cat-fuentes-de-respaldo","7":"product_tag-fuentes-de-alimentacion","8":"product_tag-fuentes-de-respaldo","9":"product_tag-syscom","11":"first","12":"outofstock","13":"sale","14":"shipping-taxable","15":"purchasable","16":"product-type-simple"},"_links":{"self":[{"href":"https:\/\/soydeaqui.ddns.net\/pachuca\/index.php\/wp-json\/wp\/v2\/product\/29511","targetHints":{"allow":["GET"]}}],"collection":[{"href":"https:\/\/soydeaqui.ddns.net\/pachuca\/index.php\/wp-json\/wp\/v2\/product"}],"about":[{"href":"https:\/\/soydeaqui.ddns.net\/pachuca\/index.php\/wp-json\/wp\/v2\/types\/product"}],"replies":[{"embeddable":true,"href":"https:\/\/soydeaqui.ddns.net\/pachuca\/index.php\/wp-json\/wp\/v2\/comments?post=29511"}],"wp:featuredmedia":[{"embeddable":true,"href":"https:\/\/soydeaqui.ddns.net\/pachuca\/index.php\/wp-json\/wp\/v2\/media\/29510"}],"wp:attachment":[{"href":"https:\/\/soydeaqui.ddns.net\/pachuca\/index.php\/wp-json\/wp\/v2\/media?parent=29511"}],"wp:term":[{"taxonomy":"product_brand","embeddable":true,"href":"https:\/\/soydeaqui.ddns.net\/pachuca\/index.php\/wp-json\/wp\/v2\/product_brand?post=29511"},{"taxonomy":"product_cat","embeddable":true,"href":"https:\/\/soydeaqui.ddns.net\/pachuca\/index.php\/wp-json\/wp\/v2\/product_cat?post=29511"},{"taxonomy":"product_tag","embeddable":true,"href":"https:\/\/soydeaqui.ddns.net\/pachuca\/index.php\/wp-json\/wp\/v2\/product_tag?post=29511"}],"curies":[{"name":"wp","href":"https:\/\/api.w.org\/{rel}","templated":true}]}}