{"id":29291,"date":"2026-03-18T13:21:59","date_gmt":"2026-03-18T13:21:59","guid":{"rendered":"https:\/\/soydeaqui.ddns.net\/pachuca\/index.php\/producto\/hoja-de-cristal-para-torniquete-sbt1000s\/"},"modified":"2026-03-18T13:22:00","modified_gmt":"2026-03-18T13:22:00","slug":"hoja-de-cristal-para-torniquete-sbt1000s","status":"publish","type":"product","link":"https:\/\/soydeaqui.ddns.net\/pachuca\/index.php\/producto\/hoja-de-cristal-para-torniquete-sbt1000s\/","title":{"rendered":"HOJA DE CRISTAL PARA TORNIQUETE SBT1000S"},"content":{"rendered":"<div style='width: 100%; max-width: 1200px; margin: 0 auto; font-family: sans-serif; line-height: 1.6; color: inherit; background-color: transparent;'> <!-- Secci\u00f3n de caracter\u00edsticas principales --> <\/p>\n<div style='display: flex; flex-wrap: wrap; gap: 30px; margin-bottom: 30px;'>\n<div style='flex: 1 1 300px; min-width: 280px;'>\n<h3 style='font-size: 22px; border-bottom: 2px solid currentColor; padding-bottom: 5px; margin-top: 0; color: inherit; opacity: 0.8;'>Caracter\u00edsticas Principales<\/h3>\n<ul style='padding-left: 20px; font-size: 15px; color: inherit;'>\n<li style='margin-bottom: 5px;'>Hoja de cristal templado para torniquete SBT1000S<\/li>\n<li style='margin-bottom: 5px;'>Dise\u00f1o elegante y compacto con alta durabilidad<\/li>\n<li style='margin-bottom: 5px;'>Operaci\u00f3n silenciosa y sin tornillos expuestos<\/li>\n<li style='margin-bottom: 5px;'>Funcionamiento autom\u00e1tico en situaciones de emergencia<\/li>\n<li style='margin-bottom: 5px;'>Integraci\u00f3n de lectores de acceso (RFID y\/o huella)<\/li>\n<li style='margin-bottom: 5px;'>Prueba de f\u00e1brica previa al env\u00edo<\/li>\n<li style='margin-bottom: 5px;'>Dise\u00f1o ergon\u00f3mico para autenticaci\u00f3n r\u00e1pida<\/li>\n<\/ul><\/div>\n<\/p><\/div>\n<p> <!-- Secci\u00f3n de especificaciones t\u00e9cnicas --> <\/p>\n<div style='display: flex; flex-wrap: wrap; gap: 20px; margin-bottom: 30px;'>\n<div style='flex: 1 1 250px; border: 1px solid rgba(150&comma; 150&comma; 150&comma; 0.4); border-radius: 8px; overflow: hidden; display: flex; flex-direction: column;'>\n<div style='padding: 15px; border-bottom: 1px solid rgba(150&comma; 150&comma; 150&comma; 0.2); font-weight: bold; font-size: 18px; color: inherit;'>Especificaciones T\u00e9cnicas<\/div>\n<div style='padding: 15px; color: inherit;'>\n<ul style='padding-left: 20px; margin: 0; font-size: 14px; list-style-type: disc;'>\n<li style='margin-bottom: 5px;'><strong>Material del cuerpo:<\/strong> Acero inoxidable SUS304<\/li>\n<li style='margin-bottom: 5px;'><strong>Material de la cubierta:<\/strong> Acero inoxidable SUS304<\/li>\n<li style='margin-bottom: 5px;'><strong>Material de la barrera:<\/strong> Cristal templado (opcional barra de acero inoxidable)<\/li>\n<li style='margin-bottom: 5px;'><strong>Tipo de movimiento:<\/strong> De vaiv\u00e9n<\/li>\n<li style='margin-bottom: 5px;'><strong>Modo de emergencia:<\/strong> S\u00ed<\/li>\n<li style='margin-bottom: 5px;'><strong>Nivel de seguridad:<\/strong> Medio<\/li>\n<li style='margin-bottom: 5px;'><strong>MCBF:<\/strong> 2 millones<\/li>\n<\/ul><\/div>\n<\/p><\/div>\n<p> <!-- Secci\u00f3n de dimensiones --> <\/p>\n<div style='flex: 1 1 250px; border: 1px solid rgba(150&comma; 150&comma; 150&comma; 0.4); border-radius: 8px; overflow: hidden; display: flex; flex-direction: column;'>\n<div style='padding: 15px; border-bottom: 1px solid rgba(150&comma; 150&comma; 150&comma; 0.2); font-weight: bold; font-size: 18px; color: inherit;'>Dimensiones<\/div>\n<div style='padding: 15px; color: inherit;'>\n<ul style='padding-left: 20px; margin: 0; font-size: 14px; list-style-type: disc;'>\n<li style='margin-bottom: 5px;'><strong>Ancho de carril (mm):<\/strong> 900<\/li>\n<li style='margin-bottom: 5px;'><strong>Huella (mm*mm):<\/strong> 1030*210<\/li>\n<li style='margin-bottom: 5px;'><strong>Dimensiones (mm):<\/strong> L=1030&comma; W=210&comma; H=1100<\/li>\n<li style='margin-bottom: 5px;'><strong>Dimensiones con empaque (mm):<\/strong> L=280&comma; W=280&comma; H=1160<\/li>\n<li style='margin-bottom: 5px;'><strong>Peso neto (kg):<\/strong> 31<\/li>\n<li style='margin-bottom: 5px;'><strong>Peso con empaque (kg):<\/strong> 38<\/li>\n<\/ul><\/div>\n<\/p><\/div>\n<p> <!-- Secci\u00f3n de alimentaci\u00f3n --> <\/p>\n<div style='flex: 1 1 250px; border: 1px solid rgba(150&comma; 150&comma; 150&comma; 0.4); border-radius: 8px; overflow: hidden; display: flex; flex-direction: column;'>\n<div style='padding: 15px; border-bottom: 1px solid rgba(150&comma; 150&comma; 150&comma; 0.2); font-weight: bold; font-size: 18px; color: inherit;'>Alimentaci\u00f3n<\/div>\n<div style='padding: 15px; color: inherit;'>\n<ul style='padding-left: 20px; margin: 0; font-size: 14px; list-style-type: disc;'>\n<li style='margin-bottom: 5px;'><strong>Requisitos:<\/strong> AC110V\/220V&comma; 50\/60HZ<\/li>\n<li style='margin-bottom: 5px;'><strong>Consumo (Iniciar):<\/strong> 82W<\/li>\n<li style='margin-bottom: 5px;'><strong>Consumo (Espera):<\/strong> 29W<\/li>\n<li style='margin-bottom: 5px;'><strong>Consumo (Desbloqueo):<\/strong> 76W<\/li>\n<\/ul><\/div>\n<\/p><\/div>\n<p> <!-- Secci\u00f3n de entorno operativo --> <\/p>\n<div style='flex: 1 1 250px; border: 1px solid rgba(150&comma; 150&comma; 150&comma; 0.4); border-radius: 8px; overflow: hidden; display: flex; flex-direction: column;'>\n<div style='padding: 15px; border-bottom: 1px solid rgba(150&comma; 150&comma; 150&comma; 0.2); font-weight: bold; font-size: 18px; color: inherit;'>Entorno Operativo<\/div>\n<div style='padding: 15px; color: inherit;'>\n<ul style='padding-left: 20px; margin: 0; font-size: 14px; list-style-type: disc;'>\n<li style='margin-bottom: 5px;'><strong>Temperatura:<\/strong> -28\u00b0C ~ 60\u00b0C<\/li>\n<li style='margin-bottom: 5px;'><strong>Humedad:<\/strong> 5% ~ 80%<\/li>\n<li style='margin-bottom: 5px;'><strong>Ubicaci\u00f3n:<\/strong> Interior\/Exterior (bajo techo)<\/li>\n<\/ul><\/div>\n<\/p><\/div>\n<p> <!-- Secci\u00f3n de rendimiento --> <\/p>\n<div style='flex: 1 1 250px; border: 1px solid rgba(150&comma; 150&comma; 150&comma; 0.4); border-radius: 8px; overflow: hidden; display: flex; flex-direction: column;'>\n<div style='padding: 15px; border-bottom: 1px solid rgba(150&comma; 150&comma; 150&comma; 0.2); font-weight: bold; font-size: 18px; color: inherit;'>Rendimiento<\/div>\n<div style='padding: 15px; color: inherit;'>\n<ul style='padding-left: 20px; margin: 0; font-size: 14px; list-style-type: disc;'>\n<li style='margin-bottom: 5px;'><strong>RFID:<\/strong> M\u00e1ximo 6 por minuto<\/li>\n<li style='margin-bottom: 5px;'><strong>Huella:<\/strong> M\u00e1ximo 6 por minuto<\/li>\n<li style='margin-bottom: 5px;'><strong>Cara:<\/strong> M\u00e1ximo 6 por minuto<\/li>\n<li style='margin-bottom: 5px;'><strong>Vena:<\/strong> M\u00e1ximo 6 por minuto<\/li>\n<\/ul><\/div>\n<\/p><\/div>\n<\/p><\/div>\n<p> <!-- Separador --> <\/p>\n<hr style='border: 0; border-top: 1px solid rgba(150&comma; 150&comma; 150&comma; 0.3); margin: 30px 0;'> <\/div>\n","protected":false},"excerpt":{"rendered":"<p>HOJA DE CRISTAL PARA TORNIQUETE SBT1000S<\/p>\n","protected":false},"featured_media":32,"comment_status":"open","ping_status":"closed","template":"","meta":[],"product_brand":[],"product_cat":[755],"product_tag":[756,751,844],"class_list":{"0":"post-29291","1":"product","2":"type-product","3":"status-publish","4":"has-post-thumbnail","6":"product_cat-general","7":"product_tag-general","8":"product_tag-refacciones","9":"product_tag-zkteco","11":"first","12":"outofstock","13":"sale","14":"shipping-taxable","15":"purchasable","16":"product-type-simple"},"_links":{"self":[{"href":"https:\/\/soydeaqui.ddns.net\/pachuca\/index.php\/wp-json\/wp\/v2\/product\/29291","targetHints":{"allow":["GET"]}}],"collection":[{"href":"https:\/\/soydeaqui.ddns.net\/pachuca\/index.php\/wp-json\/wp\/v2\/product"}],"about":[{"href":"https:\/\/soydeaqui.ddns.net\/pachuca\/index.php\/wp-json\/wp\/v2\/types\/product"}],"replies":[{"embeddable":true,"href":"https:\/\/soydeaqui.ddns.net\/pachuca\/index.php\/wp-json\/wp\/v2\/comments?post=29291"}],"wp:featuredmedia":[{"embeddable":true,"href":"https:\/\/soydeaqui.ddns.net\/pachuca\/index.php\/wp-json\/wp\/v2\/media\/32"}],"wp:attachment":[{"href":"https:\/\/soydeaqui.ddns.net\/pachuca\/index.php\/wp-json\/wp\/v2\/media?parent=29291"}],"wp:term":[{"taxonomy":"product_brand","embeddable":true,"href":"https:\/\/soydeaqui.ddns.net\/pachuca\/index.php\/wp-json\/wp\/v2\/product_brand?post=29291"},{"taxonomy":"product_cat","embeddable":true,"href":"https:\/\/soydeaqui.ddns.net\/pachuca\/index.php\/wp-json\/wp\/v2\/product_cat?post=29291"},{"taxonomy":"product_tag","embeddable":true,"href":"https:\/\/soydeaqui.ddns.net\/pachuca\/index.php\/wp-json\/wp\/v2\/product_tag?post=29291"}],"curies":[{"name":"wp","href":"https:\/\/api.w.org\/{rel}","templated":true}]}}